{"id":1702,"date":"2017-11-18T20:18:18","date_gmt":"2017-11-18T20:18:18","guid":{"rendered":"http:\/\/biblian.is\/1981\/fyrri-kronikubok-18-kafli\/"},"modified":"2021-06-06T10:57:07","modified_gmt":"2021-06-06T10:57:07","slug":"fyrri-kronikubok-18-kafli","status":"publish","type":"page","link":"https:\/\/biblian.is\/1981\/fyrri-kronikubok-18-kafli\/","title":{"rendered":"Fyrri kron\u00edkub\u00f3k 18. kafli"},"content":{"rendered":"<p><a name=\"1\"><span class=\"versanumer\">1<\/span><\/a>Eftir \u00feetta vann Dav\u00ed\u00f0 sigur \u00e1 Filistum og braut \u00fe\u00e1 undir sig, og n\u00e1\u00f0i Gat og borgunum umhverfis hana \u00far h\u00f6ndum Filista.<a name=\"2\"><span class=\"versanumer\">2<\/span><\/a>Hann vann og sigur \u00e1 M\u00f3ab\u00edtum, og \u00feannig ur\u00f0u M\u00f3ab\u00edtar skattskyldir \u00feegnar Dav\u00ed\u00f0s.<a name=\"3\"><span class=\"versanumer\">3<\/span><\/a>Dav\u00ed\u00f0 vann og sigur \u00e1 Hadareser, konungi \u00ed S\u00f3ba, er liggur \u00e1 lei\u00f0 til Hamat, \u00fe\u00e1 er hann f\u00f3r lei\u00f0angur til a\u00f0 festa r\u00edki sitt vi\u00f0 Efratflj\u00f3t.<a name=\"4\"><span class=\"versanumer\">4<\/span><\/a>Vann Dav\u00ed\u00f0 af honum \u00fe\u00fasund vagna, sj\u00f6 \u00fe\u00fasund riddara og tuttugu \u00fe\u00fasundir f\u00f3tg\u00f6nguli\u00f0s. L\u00e9t Dav\u00ed\u00f0 skera sundur h\u00e1sinarnar \u00e1 \u00f6llum str\u00ed\u00f0shestunum og h\u00e9lt a\u00f0eins einu hundra\u00f0i eftir.<a name=\"5\"><span class=\"versanumer\">5<\/span><\/a>\u00deegar S\u00fdrlendingar fr\u00e1 Damaskus komu til li\u00f0s vi\u00f0 Hadareser, konung \u00ed S\u00f3ba, \u00fe\u00e1 felldi Dav\u00ed\u00f0 tuttugu og tv\u00f6 \u00fe\u00fasund manns af S\u00fdrlendingum.<a name=\"6\"><span class=\"versanumer\">6<\/span><\/a>Og Dav\u00ed\u00f0 setti landstj\u00f3ra \u00e1 S\u00fdrlandi, \u00fev\u00ed er kennt er vi\u00f0 Damaskus, og ur\u00f0u S\u00fdrlendingar skattskyldir \u00feegnar Dav\u00ed\u00f0s. \u00deannig veitti Drottinn Dav\u00ed\u00f0 sigur, hvert sem hann f\u00f3r.<a name=\"7\"><span class=\"versanumer\">7<\/span><\/a>Dav\u00ed\u00f0 t\u00f3k og hina gullnu skj\u00f6ldu, er \u00fej\u00f3nar Hadaresers h\u00f6f\u00f0u bori\u00f0, og flutti til Jer\u00fasalem.<a name=\"8\"><span class=\"versanumer\">8<\/span><\/a>Auk \u00feess t\u00f3k Dav\u00ed\u00f0 afar miki\u00f0 af eiri \u00ed Teba og K\u00fan, borgum Hadaresers. Af \u00fev\u00ed gj\u00f6r\u00f0i Sal\u00f3mon eirhafi\u00f0, s\u00falurnar og eir\u00e1h\u00f6ldin.<a name=\"9\"><span class=\"versanumer\">9<\/span><\/a>\u00deegar T\u00f3\u00fa, konungur \u00ed Hamat, fr\u00e9tti a\u00f0 Dav\u00ed\u00f0 hef\u00f0i lagt a\u00f0 velli allan her Hadaresers, konungs \u00ed S\u00f3ba,<a name=\"10\"><span class=\"versanumer\">10<\/span><\/a>\u00fe\u00e1 sendi T\u00f3\u00fa Had\u00f3ram son sinn \u00e1 fund Dav\u00ed\u00f0s konungs til \u00feess a\u00f0 heilsa \u00e1 hann og \u00e1rna honum heilla, er hann haf\u00f0i barist vi\u00f0 Hadareser og unni\u00f0 sigur \u00e1 honum, \u00fev\u00ed a\u00f0 T\u00f3\u00fa \u00e1tti \u00ed \u00f3fri\u00f0i vi\u00f0 Hadareser. Og me\u00f0 honum sendi hann alls konar gripi af gulli, silfri og eiri.<a name=\"11\"><span class=\"versanumer\">11<\/span><\/a>Gripina helga\u00f0i Dav\u00ed\u00f0 konungur einnig Drottni, \u00e1samt silfri \u00fev\u00ed og gulli, er hann haf\u00f0i haft \u00e1 burt fr\u00e1 \u00f6llum \u00fej\u00f3\u00f0um: fr\u00e1 Ed\u00f3m, M\u00f3ab, Amm\u00f3n\u00edtum, Filistum og Amalek.<a name=\"12\"><span class=\"versanumer\">12<\/span><\/a>Og Ab\u00edsa\u00ed Ser\u00fajuson vann sigur \u00e1 Ed\u00f3m\u00edtum \u00ed Saltdalnum, \u00e1tj\u00e1n \u00fe\u00fasundum manns.<a name=\"13\"><span class=\"versanumer\">13<\/span><\/a>Og hann setti landstj\u00f3ra \u00ed Ed\u00f3m, og allir Ed\u00f3m\u00edtar ur\u00f0u \u00feegnar Dav\u00ed\u00f0s. En Drottinn veitti Dav\u00ed\u00f0 sigur, hvert sem hann f\u00f3r.<a name=\"14\"><span class=\"versanumer\">14<\/span><\/a>Og Dav\u00ed\u00f0 r\u00edkti yfir \u00f6llum \u00cdsrael og l\u00e9t alla \u00fej\u00f3\u00f0 s\u00edna nj\u00f3ta laga og r\u00e9ttar.<a name=\"15\"><span class=\"versanumer\">15<\/span><\/a>J\u00f3ab Ser\u00fajuson var fyrir hernum og J\u00f3safat Ah\u00edl\u00fa\u00f0sson var r\u00edkisritari,<a name=\"16\"><span class=\"versanumer\">16<\/span><\/a>Sad\u00f3k Ah\u00edt\u00fabsson og Ab\u00edmelek Abjatarsson voru prestar og Savsa kanslari.<a name=\"17\"><span class=\"versanumer\">17<\/span><\/a>Benaja J\u00f3jadason var fyrir Kretum og Pletum, og synir Dav\u00ed\u00f0s voru hinir fyrstu vi\u00f0 h\u00f6nd konungi.<\/p>\n<div class=\"footnote1981\"><b>18.1-13<\/b> sbr 2Sam 8.1-14<br \/>\n<b>18.14-17<\/b> sbr 2Sam 8.15-18<\/div>\n","protected":false},"excerpt":{"rendered":"<p>1Eftir \u00feetta vann Dav\u00ed\u00f0 sigur \u00e1 Filistum og braut \u00fe\u00e1 undir sig, og n\u00e1\u00f0i Gat og borgunum umhverfis hana \u00far h\u00f6ndum Filista.2Hann vann og sigur \u00e1 M\u00f3ab\u00edtum, og \u00feannig ur\u00f0u M\u00f3ab\u00edtar skattskyldir \u00feegnar Dav\u00ed\u00f0s.3Dav\u00ed\u00f0 vann og sigur \u00e1 Hadareser, konungi \u00ed S\u00f3ba, er liggur \u00e1 lei\u00f0 til Hamat, \u00fe\u00e1 er hann f\u00f3r lei\u00f0angur til a\u00f0 festa r\u00edki sitt vi\u00f0 Efratflj\u00f3t.4Vann Dav\u00ed\u00f0 af honum \u00fe\u00fasund vagna, sj\u00f6 \u00fe\u00fasund riddara og tuttugu \u00fe\u00fasundir f\u00f3tg\u00f6nguli\u00f0s. L\u00e9t Dav\u00ed\u00f0 skera sundur h\u00e1sinarnar \u00e1 \u00f6llum str\u00ed\u00f0shestunum og h\u00e9lt a\u00f0eins einu hundra\u00f0i eftir.5\u00deegar S\u00fdrlendingar fr\u00e1 Damaskus komu til li\u00f0s vi\u00f0 Hadareser, konung \u00ed S\u00f3ba, \u00fe\u00e1 felldi Dav\u00ed\u00f0 <a href=\"https:\/\/biblian.is\/1981\/fyrri-kronikubok-18-kafli\/\"> [&#8230;]<\/a><\/p>\n","protected":false},"author":1,"featured_media":0,"parent":0,"menu_order":0,"comment_status":"open","ping_status":"open","template":"bibliukaflar.php","meta":{"footnotes":""},"class_list":["post-1702","page","type-page","status-publish","hentry"],"_links":{"self":[{"href":"https:\/\/biblian.is\/1981\/wp-json\/wp\/v2\/pages\/1702","targetHints":{"allow":["GET"]}}],"collection":[{"href":"https:\/\/biblian.is\/1981\/wp-json\/wp\/v2\/pages"}],"about":[{"href":"https:\/\/biblian.is\/1981\/wp-json\/wp\/v2\/types\/page"}],"author":[{"embeddable":true,"href":"https:\/\/biblian.is\/1981\/wp-json\/wp\/v2\/users\/1"}],"replies":[{"embeddable":true,"href":"https:\/\/biblian.is\/1981\/wp-json\/wp\/v2\/comments?post=1702"}],"version-history":[{"count":0,"href":"https:\/\/biblian.is\/1981\/wp-json\/wp\/v2\/pages\/1702\/revisions"}],"wp:attachment":[{"href":"https:\/\/biblian.is\/1981\/wp-json\/wp\/v2\/media?parent=1702"}],"curies":[{"name":"wp","href":"https:\/\/api.w.org\/{rel}","templated":true}]}}