{"id":1698,"date":"2017-11-18T20:18:18","date_gmt":"2017-11-18T20:18:18","guid":{"rendered":"http:\/\/biblian.is\/1981\/fyrri-kronikubok-14-kafli\/"},"modified":"2021-06-06T10:57:05","modified_gmt":"2021-06-06T10:57:05","slug":"fyrri-kronikubok-14-kafli","status":"publish","type":"page","link":"https:\/\/biblian.is\/1981\/fyrri-kronikubok-14-kafli\/","title":{"rendered":"Fyrri kron\u00edkub\u00f3k 14. kafli"},"content":{"rendered":"<p><a name=\"1\"><span class=\"versanumer\">1<\/span><\/a>H\u00edram, konungur \u00ed T\u00fdrus, gj\u00f6r\u00f0i menn \u00e1 fund Dav\u00ed\u00f0s og sendi honum sedrustr\u00e9, steinh\u00f6ggvara og tr\u00e9smi\u00f0i til \u00feess a\u00f0 reisa h\u00f6ll handa honum.<a name=\"2\"><span class=\"versanumer\">2<\/span><\/a>Dav\u00ed\u00f0 kanna\u00f0ist \u00fe\u00e1 vi\u00f0, a\u00f0 Drottinn hef\u00f0i sta\u00f0fest konungd\u00f3m hans yfir \u00cdsrael, a\u00f0 konungd\u00f3mur sinn v\u00e6ri h\u00e1tt upp hafinn fyrir sakir \u00fej\u00f3\u00f0ar hans, \u00cdsraels.<a name=\"3\"><span class=\"versanumer\">3<\/span><\/a>Dav\u00ed\u00f0 t\u00f3k s\u00e9r enn konur \u00ed Jer\u00fasalem, og Dav\u00ed\u00f0 gat enn sonu og d\u00e6tur.<a name=\"4\"><span class=\"versanumer\">4<\/span><\/a>\u00deetta eru n\u00f6fn \u00feeirra sona, sem hann eigna\u00f0ist \u00ed Jer\u00fasalem: Samm\u00faa, S\u00f3bab, Natan, Sal\u00f3mon,<a name=\"5\"><span class=\"versanumer\">5<\/span><\/a>J\u00edbhar, El\u00eds\u00faa, Elpelet,<a name=\"6\"><span class=\"versanumer\">6<\/span><\/a>N\u00f3ga, Nefeg, Jaf\u00eda,<a name=\"7\"><span class=\"versanumer\">7<\/span><\/a>El\u00edsama, Beeljada og El\u00edfelet.<a name=\"8\"><span class=\"versanumer\">8<\/span><\/a>\u00deegar Filistar heyr\u00f0u, a\u00f0 Dav\u00ed\u00f0 v\u00e6ri smur\u00f0ur til konungs yfir allan \u00cdsrael, l\u00f6g\u00f0u allir Filistar af sta\u00f0 a\u00f0 leita Dav\u00ed\u00f0s. Og er Dav\u00ed\u00f0 fr\u00e9tti \u00fea\u00f0, f\u00f3r hann \u00ed m\u00f3ti \u00feeim.<a name=\"9\"><span class=\"versanumer\">9<\/span><\/a>Og Filistar komu og dreif\u00f0u s\u00e9r um Refa\u00edmdal.<a name=\"10\"><span class=\"versanumer\">10<\/span><\/a>\u00de\u00e1 gekk Dav\u00ed\u00f0 til fr\u00e9tta vi\u00f0 Gu\u00f0 og sag\u00f0i: \u00c1 \u00e9g a\u00f0 fara m\u00f3ti Filistum? Munt \u00fe\u00fa gefa \u00fe\u00e1 \u00ed hendur m\u00e9r? Drottinn svara\u00f0i honum: Far \u00fe\u00fa, \u00e9g mun gefa \u00fe\u00e1 \u00ed hendur \u00fe\u00e9r.<a name=\"11\"><span class=\"versanumer\">11<\/span><\/a>H\u00e9ldu \u00feeir \u00fe\u00e1 til Baal Peras\u00edm. Og Dav\u00ed\u00f0 vann \u00fear sigur \u00e1 \u00feeim, og Dav\u00ed\u00f0 sag\u00f0i: Gu\u00f0 hefir l\u00e1ti\u00f0 mig skola burt \u00f3vinum m\u00ednum, eins og \u00feegar vatn ry\u00f0ur s\u00e9r r\u00e1s. Fyrir \u00fev\u00ed var s\u00e1 sta\u00f0ur nefndur Baal Peras\u00edm.<a name=\"12\"><span class=\"versanumer\">12<\/span><\/a>En \u00feeir l\u00e9tu \u00fear eftir gu\u00f0i s\u00edna, og voru \u00feeir brenndir \u00e1 b\u00e1li a\u00f0 bo\u00f0i Dav\u00ed\u00f0s.<a name=\"13\"><span class=\"versanumer\">13<\/span><\/a>Filistar komu aftur og dreif\u00f0u s\u00e9r um dalinn.<a name=\"14\"><span class=\"versanumer\">14<\/span><\/a>\u00de\u00e1 gekk Dav\u00ed\u00f0 enn til fr\u00e9tta vi\u00f0 Gu\u00f0, og Gu\u00f0 svara\u00f0i honum: Far \u00fe\u00fa eigi \u00ed m\u00f3ti \u00feeim. Far \u00fe\u00fa \u00ed bug og kom a\u00f0 baki \u00feeim og r\u00e1\u00f0 \u00e1 \u00fe\u00e1 fram undan bakatrj\u00e1num.<a name=\"15\"><span class=\"versanumer\">15<\/span><\/a>Og \u00feegar \u00fe\u00fa heyrir \u00feyt af fer\u00f0 \u00ed kr\u00f3num bakatrj\u00e1nna, \u00fe\u00e1 skalt \u00fe\u00fa leggja til orustu, \u00fev\u00ed a\u00f0 \u00fe\u00e1 fer Gu\u00f0 fyrir \u00fe\u00e9r til \u00feess a\u00f0 lj\u00f3sta her Filista.<a name=\"16\"><span class=\"versanumer\">16<\/span><\/a>Og Dav\u00ed\u00f0 gj\u00f6r\u00f0i eins og Gu\u00f0 bau\u00f0 honum og vann sigur \u00e1 her Filista fr\u00e1 G\u00edbeon til Geser.<a name=\"17\"><span class=\"versanumer\">17<\/span><\/a>Og fr\u00e6g\u00f0 Dav\u00ed\u00f0s barst um \u00f6ll l\u00f6nd, og Drottinn l\u00e9t \u00f3tta vi\u00f0 hann koma yfir allar \u00fej\u00f3\u00f0ir.<\/p>\n<div class=\"footnote1981\"><b>14.1-7<\/b> 1Kro 3.5-9; 2Sam 5.11-16<br \/>\n<b>14.8-17<\/b> sbr 2Sam 5.17-25<\/div>\n","protected":false},"excerpt":{"rendered":"<p>1H\u00edram, konungur \u00ed T\u00fdrus, gj\u00f6r\u00f0i menn \u00e1 fund Dav\u00ed\u00f0s og sendi honum sedrustr\u00e9, steinh\u00f6ggvara og tr\u00e9smi\u00f0i til \u00feess a\u00f0 reisa h\u00f6ll handa honum.2Dav\u00ed\u00f0 kanna\u00f0ist \u00fe\u00e1 vi\u00f0, a\u00f0 Drottinn hef\u00f0i sta\u00f0fest konungd\u00f3m hans yfir \u00cdsrael, a\u00f0 konungd\u00f3mur sinn v\u00e6ri h\u00e1tt upp hafinn fyrir sakir \u00fej\u00f3\u00f0ar hans, \u00cdsraels.3Dav\u00ed\u00f0 t\u00f3k s\u00e9r enn konur \u00ed Jer\u00fasalem, og Dav\u00ed\u00f0 gat enn sonu og d\u00e6tur.4\u00deetta eru n\u00f6fn \u00feeirra sona, sem hann eigna\u00f0ist \u00ed Jer\u00fasalem: Samm\u00faa, S\u00f3bab, Natan, Sal\u00f3mon,5J\u00edbhar, El\u00eds\u00faa, Elpelet,6N\u00f3ga, Nefeg, Jaf\u00eda,7El\u00edsama, Beeljada og El\u00edfelet.8\u00deegar Filistar heyr\u00f0u, a\u00f0 Dav\u00ed\u00f0 v\u00e6ri smur\u00f0ur til konungs yfir allan \u00cdsrael, l\u00f6g\u00f0u allir Filistar af sta\u00f0 a\u00f0 leita Dav\u00ed\u00f0s. Og er <a href=\"https:\/\/biblian.is\/1981\/fyrri-kronikubok-14-kafli\/\"> [&#8230;]<\/a><\/p>\n","protected":false},"author":1,"featured_media":0,"parent":0,"menu_order":0,"comment_status":"open","ping_status":"open","template":"bibliukaflar.php","meta":{"footnotes":""},"class_list":["post-1698","page","type-page","status-publish","hentry"],"_links":{"self":[{"href":"https:\/\/biblian.is\/1981\/wp-json\/wp\/v2\/pages\/1698","targetHints":{"allow":["GET"]}}],"collection":[{"href":"https:\/\/biblian.is\/1981\/wp-json\/wp\/v2\/pages"}],"about":[{"href":"https:\/\/biblian.is\/1981\/wp-json\/wp\/v2\/types\/page"}],"author":[{"embeddable":true,"href":"https:\/\/biblian.is\/1981\/wp-json\/wp\/v2\/users\/1"}],"replies":[{"embeddable":true,"href":"https:\/\/biblian.is\/1981\/wp-json\/wp\/v2\/comments?post=1698"}],"version-history":[{"count":0,"href":"https:\/\/biblian.is\/1981\/wp-json\/wp\/v2\/pages\/1698\/revisions"}],"wp:attachment":[{"href":"https:\/\/biblian.is\/1981\/wp-json\/wp\/v2\/media?parent=1698"}],"curies":[{"name":"wp","href":"https:\/\/api.w.org\/{rel}","templated":true}]}}