{"id":1690,"date":"2017-11-18T20:18:18","date_gmt":"2017-11-18T20:18:18","guid":{"rendered":"http:\/\/biblian.is\/1981\/fyrri-kronikubok-6-kafli\/"},"modified":"2021-06-06T10:57:12","modified_gmt":"2021-06-06T10:57:12","slug":"fyrri-kronikubok-6-kafli","status":"publish","type":"page","link":"https:\/\/biblian.is\/1981\/fyrri-kronikubok-6-kafli\/","title":{"rendered":"Fyrri kron\u00edkub\u00f3k 6. kafli"},"content":{"rendered":"<p><a name=\"1\"><span class=\"versanumer\">1<\/span><\/a>Synir Lev\u00ed: Gersom, Kahat og Merar\u00ed.<a name=\"2\"><span class=\"versanumer\">2<\/span><\/a>Og synir Kahats: Amram, J\u00edsehar, Hebron og \u00dass\u00edel.<a name=\"3\"><span class=\"versanumer\">3<\/span><\/a>Og synir Amrams: Aron, M\u00f3se og Mirjam. Og synir Arons: Nadab, Ab\u00edh\u00fa, Eleasar og \u00cdtamar.<a name=\"4\"><span class=\"versanumer\">4<\/span><\/a>Eleasar gat P\u00ednehas, P\u00ednehas gat Ab\u00eds\u00faa,<a name=\"5\"><span class=\"versanumer\">5<\/span><\/a>Ab\u00eds\u00faa gat B\u00fakk\u00ed, B\u00fakk\u00ed gat \u00dass\u00ed,<a name=\"6\"><span class=\"versanumer\">6<\/span><\/a>\u00dass\u00ed gat Serahja, Serahja gat Meraj\u00f3t,<a name=\"7\"><span class=\"versanumer\">7<\/span><\/a>Meraj\u00f3t gat Amarja, Amarja gat Ah\u00edt\u00fab,<a name=\"8\"><span class=\"versanumer\">8<\/span><\/a>Ah\u00edt\u00fab gat Sad\u00f3k, Sad\u00f3k gat Ak\u00edmaas,<a name=\"9\"><span class=\"versanumer\">9<\/span><\/a>Ak\u00edmaas gat Asarja, Asarja gat J\u00f3hanan,<a name=\"10\"><span class=\"versanumer\">10<\/span><\/a>J\u00f3hanan gat Asarja, hann sem var prestur \u00ed musterinu, er Sal\u00f3mon bygg\u00f0i \u00ed Jer\u00fasalem.<a name=\"11\"><span class=\"versanumer\">11<\/span><\/a>En Asarja gat Amarja, Amarja gat Ah\u00edt\u00fab,<a name=\"12\"><span class=\"versanumer\">12<\/span><\/a>Ah\u00edt\u00fab gat Sad\u00f3k, Sad\u00f3k gat Sall\u00fam,<a name=\"13\"><span class=\"versanumer\">13<\/span><\/a>Sall\u00fam gat Hilk\u00eda, Hilk\u00eda gat Asarja,<a name=\"14\"><span class=\"versanumer\">14<\/span><\/a>Asarja gat Seraja, Seraja gat J\u00f3sadak.<a name=\"15\"><span class=\"versanumer\">15<\/span><\/a>En J\u00f3sadak f\u00f3r burt, \u00feegar Drottinn l\u00e9t Neb\u00fakadnesar herlei\u00f0a J\u00fadamenn og Jer\u00fasalemb\u00faa.<a name=\"16\"><span class=\"versanumer\">16<\/span><\/a>Synir Lev\u00ed: Gersom, Kahat og Merar\u00ed.<a name=\"17\"><span class=\"versanumer\">17<\/span><\/a>Og \u00feessi eru n\u00f6fn \u00e1 sonum Gersoms: Libn\u00ed og S\u00edme\u00ed.<a name=\"18\"><span class=\"versanumer\">18<\/span><\/a>Og synir Kahats voru: Amram, J\u00edsehar, Hebron og \u00dass\u00edel.<a name=\"19\"><span class=\"versanumer\">19<\/span><\/a>Synir Merar\u00ed: Mahel\u00ed og M\u00fas\u00ed. Og \u00feessar eru \u00e6ttir Lev\u00edta eftir \u00e6ttfe\u00f0rum \u00feeirra.<a name=\"20\"><span class=\"versanumer\">20<\/span><\/a>Fr\u00e1 Gersom eru komnir: Libn\u00ed, sonur hans, hans son Jahat, hans son Simma,<a name=\"21\"><span class=\"versanumer\">21<\/span><\/a>hans son J\u00f3a, hans son \u00cddd\u00f3, hans son Sera, hans son Jeatra\u00ed.<a name=\"22\"><span class=\"versanumer\">22<\/span><\/a>Synir Kahats: Amm\u00ednadab, sonur hans, hans son K\u00f3ra, hans son Ass\u00edr,<a name=\"23\"><span class=\"versanumer\">23<\/span><\/a>hans son Elkana, hans son Ebjasaf, hans son Ass\u00edr,<a name=\"24\"><span class=\"versanumer\">24<\/span><\/a>hans son Tahat, hans son \u00dar\u00edel, hans son \u00dass\u00eda, hans son S\u00e1l.<a name=\"25\"><span class=\"versanumer\">25<\/span><\/a>Og synir Elkana: Amasa\u00ed og Ah\u00edm\u00f3t,<a name=\"26\"><span class=\"versanumer\">26<\/span><\/a>hans sonur Elkana, hans son Sofa\u00ed, hans son Nahat,<a name=\"27\"><span class=\"versanumer\">27<\/span><\/a>hans son El\u00edab, hans son Jer\u00f3ham, hans son Elkana.<a name=\"28\"><span class=\"versanumer\">28<\/span><\/a>Og synir Sam\u00faels voru: J\u00f3el, frumgetningurinn, og hinn annar Ab\u00eda.<a name=\"29\"><span class=\"versanumer\">29<\/span><\/a>Synir Merar\u00ed: Mahel\u00ed, hans son var Libn\u00ed, hans son S\u00edme\u00ed, hans son \u00dassa,<a name=\"30\"><span class=\"versanumer\">30<\/span><\/a>hans son S\u00edmea, hans son Hagg\u00eda, hans son Asaja.<a name=\"31\"><span class=\"versanumer\">31<\/span><\/a>\u00deessir eru \u00feeir, er Dav\u00ed\u00f0 skipa\u00f0i til s\u00f6ngs \u00ed h\u00fasi Drottins, er \u00f6rkin haf\u00f0i fundi\u00f0 h\u00e6li.<a name=\"32\"><span class=\"versanumer\">32<\/span><\/a>\u00dej\u00f3nu\u00f0u \u00feeir vi\u00f0 s\u00f6nginn fyrir dyrum samfundatjalds-b\u00fa\u00f0arinnar, uns Sal\u00f3mon reisti musteri Drottins \u00ed Jer\u00fasalem, og gegndu \u00feeir \u00fej\u00f3nustu sinni eftir reglum \u00feeim, er fyrir \u00fe\u00e1 voru lag\u00f0ar.<a name=\"33\"><span class=\"versanumer\">33<\/span><\/a>\u00deessir eru \u00feeir, er \u00fej\u00f3nustu \u00feessari gegndu og synir \u00feeirra: Af sonum Kahat\u00edta: Heman, s\u00f6ngvarinn, J\u00f3elsson, Sam\u00faelssonar,<a name=\"34\"><span class=\"versanumer\">34<\/span><\/a>Elkanasonar, Jer\u00f3hamssonar, El\u00edelssonar, T\u00f3asonar,<a name=\"35\"><span class=\"versanumer\">35<\/span><\/a>S\u00fafssonar, Elkanasonar, Mahatssonar, Amasa\u00edsonar,<a name=\"36\"><span class=\"versanumer\">36<\/span><\/a>Elkanasonar, J\u00f3elssonar, Asar\u00edasonar, Sefan\u00edasonar,<a name=\"37\"><span class=\"versanumer\">37<\/span><\/a>Tahatssonar, Ass\u00edrssonar, Ebjasafssonar, K\u00f3rasonar,<a name=\"38\"><span class=\"versanumer\">38<\/span><\/a>J\u00edseharssonar, Kahatssonar, Lev\u00edsonar, \u00cdsraelssonar.<a name=\"39\"><span class=\"versanumer\">39<\/span><\/a>Br\u00f3\u00f0ir hans var Asaf, er st\u00f3\u00f0 honum til h\u00e6gri handar, Asaf Berek\u00edason, S\u00edmeasonar,<a name=\"40\"><span class=\"versanumer\">40<\/span><\/a>M\u00edkaelssonar, Baasejasonar, Malk\u00edasonar,<a name=\"41\"><span class=\"versanumer\">41<\/span><\/a>Etn\u00edsonar, Serasonar, Adajasonar,<a name=\"42\"><span class=\"versanumer\">42<\/span><\/a>Etanssonar, Simmasonar, Simme\u00edsonar,<a name=\"43\"><span class=\"versanumer\">43<\/span><\/a>Jahatssonar, Gersomssonar, Lev\u00edsonar.<a name=\"44\"><span class=\"versanumer\">44<\/span><\/a>Og br\u00e6\u00f0ur \u00feeirra, synir Merar\u00ed, st\u00f3\u00f0u til vinstri handar: Etan K\u00eds\u00edson, Abd\u00edsonar, Mall\u00fakssonar,<a name=\"45\"><span class=\"versanumer\">45<\/span><\/a>Hasabjasonar, Amasjasonar, Hilk\u00edasonar,<a name=\"46\"><span class=\"versanumer\">46<\/span><\/a>Ams\u00edsonar, Ban\u00edsonar, Semerssonar,<a name=\"47\"><span class=\"versanumer\">47<\/span><\/a>Mahel\u00edsonar, M\u00fas\u00edsonar, Merar\u00edsonar, Lev\u00edsonar.<a name=\"48\"><span class=\"versanumer\">48<\/span><\/a>Og br\u00e6\u00f0ur \u00feeirra, lev\u00edtarnir, voru settir yfir alla \u00fej\u00f3nustuna vi\u00f0 musterisb\u00fasta\u00f0 Gu\u00f0s.<a name=\"49\"><span class=\"versanumer\">49<\/span><\/a>En Aron og synir hans f\u00f3rnu\u00f0u \u00e1 brennif\u00f3rnaraltarinu og reykelsisaltarinu og \u00f6nnu\u00f0ust \u00f6ll st\u00f6rf \u00ed Hinu allrahelgasta og a\u00f0 fri\u00f0\u00fe\u00e6gja fyrir \u00cdsrael a\u00f0 \u00f6llu leyti eins og M\u00f3se, \u00fej\u00f3nn Gu\u00f0s, haf\u00f0i fyrirskipa\u00f0.<a name=\"50\"><span class=\"versanumer\">50<\/span><\/a>Og \u00feessir eru synir Arons: Eleasar, sonur hans, hans son P\u00ednehas, hans son Ab\u00eds\u00faa,<a name=\"51\"><span class=\"versanumer\">51<\/span><\/a>hans son B\u00fakk\u00ed, hans son \u00dass\u00ed, hans son Serahja,<a name=\"52\"><span class=\"versanumer\">52<\/span><\/a>hans son Meraj\u00f3t, hans son Amar\u00eda, hans son Ah\u00edt\u00fab,<a name=\"53\"><span class=\"versanumer\">53<\/span><\/a>hans son Sad\u00f3k, hans son Ak\u00edmaas.<a name=\"54\"><span class=\"versanumer\">54<\/span><\/a>\u00deetta eru b\u00fasta\u00f0ir \u00feeirra, taldir eftir tjaldb\u00fa\u00f0um \u00ed h\u00e9ra\u00f0i \u00feeirra: Ni\u00f0jum Arons, \u00e6tt Kahat\u00edta \u00fev\u00ed a\u00f0 fyrsti hluturinn hlotna\u00f0ist \u00feeim<a name=\"55\"><span class=\"versanumer\">55<\/span><\/a>g\u00e1fu \u00feeir Hebron \u00ed J\u00fadalandi og beitilandi\u00f0 umhverfis hana.<a name=\"56\"><span class=\"versanumer\">56<\/span><\/a>En akurland borgarinnar og \u00feorpin, er a\u00f0 henni l\u00e1gu, g\u00e1fu \u00feeir Kaleb Jef\u00fannesyni.<a name=\"57\"><span class=\"versanumer\">57<\/span><\/a>En sonum Arons g\u00e1fu \u00feeir gri\u00f0asta\u00f0inn Hebron, enn fremur L\u00edbna og beitilandi\u00f0, er a\u00f0 henni l\u00e1, Jatt\u00edr og Estam\u00f3a og beitilandi\u00f0, er a\u00f0 henni l\u00e1,<a name=\"58\"><span class=\"versanumer\">58<\/span><\/a>H\u00f3lon og beitilandi\u00f0, er a\u00f0 henni l\u00e1, Deb\u00edr og beitilandi\u00f0, er a\u00f0 henni l\u00e1,<a name=\"59\"><span class=\"versanumer\">59<\/span><\/a>Asan og beitilandi\u00f0, er a\u00f0 henni l\u00e1, og Bet Semes og beitilandi\u00f0, er a\u00f0 henni l\u00e1.<a name=\"60\"><span class=\"versanumer\">60<\/span><\/a>Og fr\u00e1 Benjam\u00edns\u00e6ttkv\u00edsl: Geba og beitilandi\u00f0, er a\u00f0 henni l\u00e1, Allemet og beitilandi\u00f0, er a\u00f0 henni l\u00e1, og Anat\u00f3t og beitilandi\u00f0, er a\u00f0 henni l\u00e1. Alls voru borgir \u00feeirra \u00ferett\u00e1n, og beitil\u00f6ndin, er a\u00f0 \u00feeim l\u00e1gu.<a name=\"61\"><span class=\"versanumer\">61<\/span><\/a>A\u00f0rir synir Kahats fengu t\u00edu borgir eftir hlutkesti fr\u00e1 \u00e6ttum Efra\u00edmskynkv\u00edslar og Danskynkv\u00edslar og fr\u00e1 h\u00e1lfri Manassekynkv\u00edsl.<a name=\"62\"><span class=\"versanumer\">62<\/span><\/a>En synir Gersoms fengu \u00ferett\u00e1n borgir eftir \u00e6ttum \u00feeirra fr\u00e1 \u00cdssakarskynkv\u00edsl, Asserskynkv\u00edsl, Naftal\u00edkynkv\u00edsl og fr\u00e1 Manassekynkv\u00edsl \u00ed Basan.<a name=\"63\"><span class=\"versanumer\">63<\/span><\/a>Synir Merar\u00ed fengu eftir hlutkesti t\u00f3lf borgir eftir \u00e6ttum \u00feeirra, fr\u00e1 R\u00fabenskynkv\u00edsl, Ga\u00f0skynkv\u00edsl og fr\u00e1 Seb\u00falonskynkv\u00edsl.<a name=\"64\"><span class=\"versanumer\">64<\/span><\/a>\u00deannig g\u00e1fu \u00cdsraelsmenn lev\u00edtum borgirnar og beitil\u00f6ndin, er a\u00f0 \u00feeim l\u00e1gu,<a name=\"65\"><span class=\"versanumer\">65<\/span><\/a>og \u00feeir g\u00e1fu eftir hlutkesti fr\u00e1 kynkv\u00edsl J\u00fadasona, fr\u00e1 kynkv\u00edsl S\u00edmeonssona og fr\u00e1 kynkv\u00edsl Benjam\u00ednssona \u00feessar borgir, sem \u00feeir nafngreindu.<a name=\"66\"><span class=\"versanumer\">66<\/span><\/a>Og a\u00f0 \u00fev\u00ed er snertir \u00e6ttir \u00feeirra Kahatssona, \u00fe\u00e1 fengu \u00feeir borgir \u00fe\u00e6r, er \u00feeim hlotnu\u00f0ust, fr\u00e1 Efra\u00edmskynkv\u00edsl.<a name=\"67\"><span class=\"versanumer\">67<\/span><\/a>Og \u00feeir g\u00e1fu \u00feeim gri\u00f0asta\u00f0inn S\u00edkem og beitilandi\u00f0, er a\u00f0 henni l\u00e1, \u00e1 Efra\u00edmfj\u00f6llum, enn fremur Geser og beitilandi\u00f0, er a\u00f0 henni l\u00e1,<a name=\"68\"><span class=\"versanumer\">68<\/span><\/a>Jokmeam og beitilandi\u00f0, er a\u00f0 henni l\u00e1, Bet H\u00f3ron og beitilandi\u00f0, er a\u00f0 henni l\u00e1,<a name=\"69\"><span class=\"versanumer\">69<\/span><\/a>Ajalon og beitilandi\u00f0, er a\u00f0 henni l\u00e1, og Gat Rimmon og beitilandi\u00f0, er a\u00f0 henni l\u00e1.<a name=\"70\"><span class=\"versanumer\">70<\/span><\/a>Og fr\u00e1 h\u00e1lfri Manassekynkv\u00edsl: Aner og beitilandi\u00f0, er a\u00f0 henni l\u00e1, og J\u00edbleam og beitilandi\u00f0, er a\u00f0 henni l\u00e1 fyrir \u00e6ttir hinna Kahatssona.<a name=\"71\"><span class=\"versanumer\">71<\/span><\/a>Synir Gersoms fengu fr\u00e1 \u00e6tt h\u00e1lfrar Manassekynkv\u00edslar: G\u00f3lan \u00ed Basan og beitilandi\u00f0, er a\u00f0 henni l\u00e1, og Astar\u00f3t og beitilandi\u00f0, er a\u00f0 henni l\u00e1.<a name=\"72\"><span class=\"versanumer\">72<\/span><\/a>Og fr\u00e1 \u00cdssakarskynkv\u00edsl: Kedes og beitilandi\u00f0, er a\u00f0 henni l\u00e1, Dabrat og beitilandi\u00f0, er a\u00f0 henni l\u00e1,<a name=\"73\"><span class=\"versanumer\">73<\/span><\/a>Ram\u00f3t og beitilandi\u00f0, er a\u00f0 henni l\u00e1, og Anem og beitilandi\u00f0, er a\u00f0 henni l\u00e1.<a name=\"74\"><span class=\"versanumer\">74<\/span><\/a>Og fr\u00e1 Asserskynkv\u00edsl: Masal og beitilandi\u00f0, er a\u00f0 henni l\u00e1, Abd\u00f3n og beitilandi\u00f0, er a\u00f0 henni l\u00e1,<a name=\"75\"><span class=\"versanumer\">75<\/span><\/a>H\u00fakok og beitilandi\u00f0, er a\u00f0 henni l\u00e1, og Reh\u00f3b og beitilandi\u00f0, er a\u00f0 henni l\u00e1.<a name=\"76\"><span class=\"versanumer\">76<\/span><\/a>Og fr\u00e1 Naftal\u00edkynkv\u00edsl: Kedes \u00ed Gal\u00edl og beitilandi\u00f0, er a\u00f0 henni l\u00e1, Hamm\u00f3t og beitilandi\u00f0, er a\u00f0 henni l\u00e1, og Kirjata\u00edm og beitilandi\u00f0, er a\u00f0 henni l\u00e1.<a name=\"77\"><span class=\"versanumer\">77<\/span><\/a>\u00deeir synir Merar\u00ed, er enn voru eftir, fengu fr\u00e1 Seb\u00falonskynkv\u00edsl: Rimm\u00f3n\u00f3 og beitilandi\u00f0, er a\u00f0 henni l\u00e1, og Tab\u00f3r og beitilandi\u00f0, er a\u00f0 henni l\u00e1.<a name=\"78\"><span class=\"versanumer\">78<\/span><\/a>Og hinumegin J\u00f3rdanar, gegnt Jer\u00edk\u00f3, fyrir austan J\u00f3rdan, fengu \u00feeir fr\u00e1 R\u00fabenskynkv\u00edsl: Beser \u00ed ey\u00f0im\u00f6rkinni og beitilandi\u00f0, er a\u00f0 henni l\u00e1, Jahsa og beitilandi\u00f0, er a\u00f0 henni l\u00e1,<a name=\"79\"><span class=\"versanumer\">79<\/span><\/a>Kedem\u00f3t og beitilandi\u00f0, er a\u00f0 henni l\u00e1, og Mefaat og beitilandi\u00f0, er a\u00f0 henni l\u00e1.<a name=\"80\"><span class=\"versanumer\">80<\/span><\/a>Og fr\u00e1 Ga\u00f0skynkv\u00edsl: Ram\u00f3t \u00ed G\u00edlea\u00f0 og beitilandi\u00f0, er a\u00f0 henni l\u00e1, Mahana\u00edm og beitilandi\u00f0, er a\u00f0 henni l\u00e1,<a name=\"81\"><span class=\"versanumer\">81<\/span><\/a>Hesbon og beitilandi\u00f0, er a\u00f0 henni l\u00e1, og Jaser og beitilandi\u00f0, er a\u00f0 henni l\u00e1.<\/p>\n<div class=\"footnote1981\"><b>6.1-4<\/b> 4M\u00f3s 3.17-20<br \/>\n<b>6.35-38<\/b> 1Kro 5.30-34<br \/>\n<b>6.39-45<\/b> J\u00f3s 21.10-19<br \/>\n<b>6.46-48<\/b> J\u00f3s 21.5-8<br \/>\n<b>6.51-66<\/b> J\u00f3s 21.20-39<\/div>\n","protected":false},"excerpt":{"rendered":"<p>1Synir Lev\u00ed: Gersom, Kahat og Merar\u00ed.2Og synir Kahats: Amram, J\u00edsehar, Hebron og \u00dass\u00edel.3Og synir Amrams: Aron, M\u00f3se og Mirjam. Og synir Arons: Nadab, Ab\u00edh\u00fa, Eleasar og \u00cdtamar.4Eleasar gat P\u00ednehas, P\u00ednehas gat Ab\u00eds\u00faa,5Ab\u00eds\u00faa gat B\u00fakk\u00ed, B\u00fakk\u00ed gat \u00dass\u00ed,6\u00dass\u00ed gat Serahja, Serahja gat Meraj\u00f3t,7Meraj\u00f3t gat Amarja, Amarja gat Ah\u00edt\u00fab,8Ah\u00edt\u00fab gat Sad\u00f3k, Sad\u00f3k gat Ak\u00edmaas,9Ak\u00edmaas gat Asarja, Asarja gat J\u00f3hanan,10J\u00f3hanan gat Asarja, hann sem var prestur \u00ed musterinu, er Sal\u00f3mon bygg\u00f0i \u00ed Jer\u00fasalem.11En Asarja gat Amarja, Amarja gat Ah\u00edt\u00fab,12Ah\u00edt\u00fab gat Sad\u00f3k, Sad\u00f3k gat Sall\u00fam,13Sall\u00fam gat Hilk\u00eda, Hilk\u00eda gat Asarja,14Asarja gat Seraja, Seraja gat J\u00f3sadak.15En J\u00f3sadak f\u00f3r burt, \u00feegar Drottinn l\u00e9t Neb\u00fakadnesar herlei\u00f0a J\u00fadamenn <a href=\"https:\/\/biblian.is\/1981\/fyrri-kronikubok-6-kafli\/\"> [&#8230;]<\/a><\/p>\n","protected":false},"author":1,"featured_media":0,"parent":0,"menu_order":0,"comment_status":"open","ping_status":"open","template":"bibliukaflar.php","meta":{"footnotes":""},"class_list":["post-1690","page","type-page","status-publish","hentry"],"_links":{"self":[{"href":"https:\/\/biblian.is\/1981\/wp-json\/wp\/v2\/pages\/1690","targetHints":{"allow":["GET"]}}],"collection":[{"href":"https:\/\/biblian.is\/1981\/wp-json\/wp\/v2\/pages"}],"about":[{"href":"https:\/\/biblian.is\/1981\/wp-json\/wp\/v2\/types\/page"}],"author":[{"embeddable":true,"href":"https:\/\/biblian.is\/1981\/wp-json\/wp\/v2\/users\/1"}],"replies":[{"embeddable":true,"href":"https:\/\/biblian.is\/1981\/wp-json\/wp\/v2\/comments?post=1690"}],"version-history":[{"count":0,"href":"https:\/\/biblian.is\/1981\/wp-json\/wp\/v2\/pages\/1690\/revisions"}],"wp:attachment":[{"href":"https:\/\/biblian.is\/1981\/wp-json\/wp\/v2\/media?parent=1690"}],"curies":[{"name":"wp","href":"https:\/\/api.w.org\/{rel}","templated":true}]}}