{"id":1679,"date":"2017-11-18T20:18:13","date_gmt":"2017-11-18T20:18:13","guid":{"rendered":"http:\/\/biblian.is\/1981\/sidari-konungabok-20-kafli\/"},"modified":"2021-06-06T11:10:22","modified_gmt":"2021-06-06T11:10:22","slug":"sidari-konungabok-20-kafli","status":"publish","type":"page","link":"https:\/\/biblian.is\/1981\/sidari-konungabok-20-kafli\/","title":{"rendered":"S\u00ed\u00f0ari konungab\u00f3k 20. kafli"},"content":{"rendered":"<p><a name=\"1\"><span class=\"versanumer\">1<\/span><\/a>Um \u00fe\u00e6r mundir t\u00f3k Hisk\u00eda s\u00f3tt og var a\u00f0 dau\u00f0a kominn. \u00de\u00e1 kom Jesaja Amozson sp\u00e1ma\u00f0ur til hans og sag\u00f0i vi\u00f0 hann: Svo segir Drottinn: R\u00e1\u00f0stafa h\u00fasi \u00fe\u00ednu, \u00fev\u00ed a\u00f0 \u00fe\u00fa munt deyja og eigi lifa.<a name=\"2\"><span class=\"versanumer\">2<\/span><\/a>\u00de\u00e1 sneri Hisk\u00eda andliti s\u00ednu til veggjar, ba\u00f0 til Drottins og m\u00e6lti:<a name=\"3\"><span class=\"versanumer\">3<\/span><\/a>\u00c6, Drottinn, minnstu \u00feess, a\u00f0 \u00e9g hefi gengi\u00f0 fyrir augliti \u00fe\u00ednu me\u00f0 tr\u00famennsku og einl\u00e6gu hjarta og gj\u00f6rt \u00fea\u00f0, sem \u00fe\u00e9r er \u00fe\u00f3knanlegt. Og hann gr\u00e9t s\u00e1ran.<a name=\"4\"><span class=\"versanumer\">4<\/span><\/a>En \u00e1\u00f0ur en Jesaja var kominn \u00fat \u00far mi\u00f0forgar\u00f0i hallarinnar, kom or\u00f0 Drottins til hans, svol\u00e1tandi:<a name=\"5\"><span class=\"versanumer\">5<\/span><\/a>Sn\u00fa aftur og seg Hisk\u00eda, h\u00f6f\u00f0ingja l\u00fd\u00f0s m\u00edns: Svo segir Drottinn, Gu\u00f0 Dav\u00ed\u00f0s forf\u00f6\u00f0ur \u00fe\u00edns: \u00c9g hefi heyrt b\u00e6n \u00fe\u00edna og s\u00e9\u00f0 t\u00e1r \u00fe\u00edn. Sj\u00e1, \u00e9g mun l\u00e6kna \u00feig. \u00c1 \u00feri\u00f0ja degi munt \u00fe\u00fa ganga upp \u00ed h\u00fas Drottins.<a name=\"6\"><span class=\"versanumer\">6<\/span><\/a>Og \u00e9g mun enn leggja fimmt\u00e1n \u00e1r vi\u00f0 aldur \u00feinn, og \u00e9g mun frelsa \u00feig og \u00feessa borg af hendi Ass\u00fdr\u00edukonungs, og \u00e9g mun vernda \u00feessa borg, m\u00edn vegna og vegna Dav\u00ed\u00f0s \u00fej\u00f3ns m\u00edns.<a name=\"7\"><span class=\"versanumer\">7<\/span><\/a>\u00de\u00e1 bau\u00f0 Jesaja: Komi\u00f0 me\u00f0 f\u00edkjudeig. S\u00f3ttu \u00feeir \u00fea\u00f0 og l\u00f6g\u00f0u \u00e1 k\u00fdli\u00f0. \u00de\u00e1 batna\u00f0i honum.<a name=\"8\"><span class=\"versanumer\">8<\/span><\/a>En Hisk\u00eda sag\u00f0i vi\u00f0 Jesaja: Hva\u00f0 skal \u00e9g hafa til marks um, a\u00f0 Drottinn muni l\u00e6kna mig og a\u00f0 \u00e9g megi aftur ganga upp \u00ed h\u00fas Drottins \u00e1 \u00feri\u00f0ja degi?<a name=\"9\"><span class=\"versanumer\">9<\/span><\/a>\u00de\u00e1 svara\u00f0i Jesaja: \u00deetta skalt \u00fe\u00fa til marks hafa af Drottni, a\u00f0 hann muni efna \u00fea\u00f0, sem hann hefir heiti\u00f0: \u00c1 skugginn a\u00f0 f\u00e6rast t\u00edu stig fram, e\u00f0a \u00e1 hann a\u00f0 f\u00e6rast aftur um t\u00edu stig?<a name=\"10\"><span class=\"versanumer\">10<\/span><\/a>Hisk\u00eda svara\u00f0i: \u00dea\u00f0 er h\u00e6g\u00f0arleikur fyrir skuggann a\u00f0 f\u00e6rast ni\u00f0ur um t\u00edu stig nei, skugginn skal f\u00e6rast aftur um t\u00edu stig.<a name=\"11\"><span class=\"versanumer\">11<\/span><\/a>\u00de\u00e1 hr\u00f3pa\u00f0i Jesaja sp\u00e1ma\u00f0ur til Drottins, og hann l\u00e9t skuggann \u00e1 stigunum, sem f\u00e6rst haf\u00f0i ni\u00f0ur \u00e1 s\u00f3lsk\u00edfu Akasar, f\u00e6rast aftur um t\u00edu stig.<a name=\"12\"><span class=\"versanumer\">12<\/span><\/a>Um \u00fe\u00e6r mundir sendi Mer\u00f3dak Baladan Baladansson, konungur \u00ed Bab\u00fdlon, br\u00e9f og gjafir til Hisk\u00eda, \u00fev\u00ed a\u00f0 hann haf\u00f0i fr\u00e9tt, a\u00f0 hann hef\u00f0i veri\u00f0 sj\u00fakur, en v\u00e6ri n\u00fa aftur heill or\u00f0inn.<a name=\"13\"><span class=\"versanumer\">13<\/span><\/a>Og Hisk\u00eda fagna\u00f0i komu \u00feeirra og s\u00fdndi \u00feeim alla f\u00e9hirslu s\u00edna, silfri\u00f0 og gulli\u00f0, ilmjurtirnar og hina d\u00fdru ol\u00edu og vopnab\u00far sitt og allt sem til var \u00ed fj\u00e1rsj\u00f3\u00f0um hans. Var enginn s\u00e1 hlutur \u00ed h\u00f6ll Hisk\u00eda e\u00f0a nokkurs sta\u00f0ar \u00ed r\u00edki hans, a\u00f0 eigi s\u00fdndi hann \u00feeim.<a name=\"14\"><span class=\"versanumer\">14<\/span><\/a>\u00de\u00e1 kom Jesaja sp\u00e1ma\u00f0ur til Hisk\u00eda konungs og sag\u00f0i vi\u00f0 hann: Hvert var erindi \u00feessara manna og hva\u00f0an eru \u00feeir til \u00fe\u00edn komnir? Hisk\u00eda svara\u00f0i: Af fjarl\u00e6gu landi eru \u00feeir komnir, fr\u00e1 Bab\u00fdlon.<a name=\"15\"><span class=\"versanumer\">15<\/span><\/a>\u00de\u00e1 sag\u00f0i hann: Hva\u00f0 s\u00e1u \u00feeir \u00ed h\u00f6ll \u00feinni? Hisk\u00eda svara\u00f0i: Allt, sem \u00ed h\u00f6ll minni er, hafa \u00feeir s\u00e9\u00f0. Enginn er s\u00e1 hlutur \u00ed fj\u00e1rsj\u00f3\u00f0um m\u00ednum, a\u00f0 eigi hafi \u00e9g s\u00fdnt \u00feeim.<a name=\"16\"><span class=\"versanumer\">16<\/span><\/a>\u00de\u00e1 sag\u00f0i Jesaja vi\u00f0 Hisk\u00eda: Heyr \u00fe\u00fa or\u00f0 Drottins:<a name=\"17\"><span class=\"versanumer\">17<\/span><\/a>Sj\u00e1, \u00feeir dagar munu koma, a\u00f0 allt, sem er \u00ed h\u00f6ll \u00feinni, og \u00fea\u00f0 sem fe\u00f0ur \u00fe\u00ednir hafa saman dregi\u00f0 allt til \u00feessa dags, mun flutt ver\u00f0a til Bab\u00fdlon. Ekkert skal eftir ver\u00f0a segir Drottinn.<a name=\"18\"><span class=\"versanumer\">18<\/span><\/a>Og nokkrir af sonum \u00fe\u00ednum, sem af \u00fe\u00e9r munu koma og \u00fe\u00fa munt geta, munu teknir ver\u00f0a og gj\u00f6r\u00f0ir a\u00f0 hir\u00f0sveinum \u00ed h\u00f6ll konungsins \u00ed Bab\u00fdlon.<a name=\"19\"><span class=\"versanumer\">19<\/span><\/a>En Hisk\u00eda sag\u00f0i vi\u00f0 Jesaja: Gott er \u00fea\u00f0 or\u00f0 Drottins, er \u00fe\u00fa hefir tala\u00f0. \u00dev\u00ed a\u00f0 hann hugsa\u00f0i: Fars\u00e6ld og fri\u00f0ur helst \u00fe\u00f3 me\u00f0an \u00e9g lifi.<a name=\"20\"><span class=\"versanumer\">20<\/span><\/a>\u00dea\u00f0 sem meira er a\u00f0 segja um Hisk\u00eda og \u00f6ll hreystiverk hans, hversu hann bj\u00f3 til tj\u00f6rnina og vatnsstokkinn og leiddi vatni\u00f0 inn \u00ed borgina, \u00fea\u00f0 er rita\u00f0 \u00ed \u00c1rb\u00f3kum J\u00fadakonunga.<a name=\"21\"><span class=\"versanumer\">21<\/span><\/a>Og Hisk\u00eda lag\u00f0ist til hv\u00edldar hj\u00e1 fe\u00f0rum s\u00ednum. Og Manasse sonur hans t\u00f3k r\u00edki eftir hann.<\/p>\n<div class=\"footnote1981\"><b>20.1<\/b> \u00de\u00fa munt deyja 2Kon 1.4+<br \/>\n<b>20.3<\/b> Einl\u00e6gni 1Kon 8.61+<br \/>\n<b>20.5<\/b> T\u00e1r \u00fe\u00edn Jes 25.8; Slm 116.8<br \/>\n<b>20.6<\/b> \u00c9g bjarga \u00fe\u00e9r 2Kon 18.32+<br \/>\n<b>20.8<\/b> Til marks 1M\u00f3s 24.12-14; D\u00f3m 6.17-40; 1Sam 14.10; Jes 7.10-14<br \/>\n<b>20.13<\/b> Allt sko\u00f0a\u00f0 1Kon 10.4-5<br \/>\n<b>20.17<\/b> Allt flutt til Bab\u00fdlon 2Kon 24.13 og hlst.<br \/>\n<b>20.18<\/b> Synirnir herleiddir 2Kon 24.15; sbr 2Kon 15.29+ &#8211; hir\u00f0sveinar Dan 1.1-7<\/div>\n","protected":false},"excerpt":{"rendered":"<p>1Um \u00fe\u00e6r mundir t\u00f3k Hisk\u00eda s\u00f3tt og var a\u00f0 dau\u00f0a kominn. \u00de\u00e1 kom Jesaja Amozson sp\u00e1ma\u00f0ur til hans og sag\u00f0i vi\u00f0 hann: Svo segir Drottinn: R\u00e1\u00f0stafa h\u00fasi \u00fe\u00ednu, \u00fev\u00ed a\u00f0 \u00fe\u00fa munt deyja og eigi lifa.2\u00de\u00e1 sneri Hisk\u00eda andliti s\u00ednu til veggjar, ba\u00f0 til Drottins og m\u00e6lti:3\u00c6, Drottinn, minnstu \u00feess, a\u00f0 \u00e9g hefi gengi\u00f0 fyrir augliti \u00fe\u00ednu me\u00f0 tr\u00famennsku og einl\u00e6gu hjarta og gj\u00f6rt \u00fea\u00f0, sem \u00fe\u00e9r er \u00fe\u00f3knanlegt. Og hann gr\u00e9t s\u00e1ran.4En \u00e1\u00f0ur en Jesaja var kominn \u00fat \u00far mi\u00f0forgar\u00f0i hallarinnar, kom or\u00f0 Drottins til hans, svol\u00e1tandi:5Sn\u00fa aftur og seg Hisk\u00eda, h\u00f6f\u00f0ingja l\u00fd\u00f0s m\u00edns: Svo segir Drottinn, Gu\u00f0 Dav\u00ed\u00f0s <a href=\"https:\/\/biblian.is\/1981\/sidari-konungabok-20-kafli\/\"> [&#8230;]<\/a><\/p>\n","protected":false},"author":1,"featured_media":0,"parent":0,"menu_order":0,"comment_status":"open","ping_status":"open","template":"bibliukaflar.php","meta":{"footnotes":""},"class_list":["post-1679","page","type-page","status-publish","hentry"],"_links":{"self":[{"href":"https:\/\/biblian.is\/1981\/wp-json\/wp\/v2\/pages\/1679","targetHints":{"allow":["GET"]}}],"collection":[{"href":"https:\/\/biblian.is\/1981\/wp-json\/wp\/v2\/pages"}],"about":[{"href":"https:\/\/biblian.is\/1981\/wp-json\/wp\/v2\/types\/page"}],"author":[{"embeddable":true,"href":"https:\/\/biblian.is\/1981\/wp-json\/wp\/v2\/users\/1"}],"replies":[{"embeddable":true,"href":"https:\/\/biblian.is\/1981\/wp-json\/wp\/v2\/comments?post=1679"}],"version-history":[{"count":0,"href":"https:\/\/biblian.is\/1981\/wp-json\/wp\/v2\/pages\/1679\/revisions"}],"wp:attachment":[{"href":"https:\/\/biblian.is\/1981\/wp-json\/wp\/v2\/media?parent=1679"}],"curies":[{"name":"wp","href":"https:\/\/api.w.org\/{rel}","templated":true}]}}