{"id":1665,"date":"2017-11-18T20:18:09","date_gmt":"2017-11-18T20:18:09","guid":{"rendered":"http:\/\/biblian.is\/1981\/sidari-konungabok-6-kafli\/"},"modified":"2021-06-06T11:10:26","modified_gmt":"2021-06-06T11:10:26","slug":"sidari-konungabok-6-kafli","status":"publish","type":"page","link":"https:\/\/biblian.is\/1981\/sidari-konungabok-6-kafli\/","title":{"rendered":"S\u00ed\u00f0ari konungab\u00f3k 6. kafli"},"content":{"rendered":"<p><a name=\"1\"><span class=\"versanumer\">1<\/span><\/a>Sp\u00e1mannasveinarnir s\u00f6g\u00f0u vi\u00f0 El\u00edsa: H\u00fasr\u00fdmi\u00f0, \u00fear sem v\u00e9r b\u00faum hj\u00e1 \u00fe\u00e9r, er of l\u00edti\u00f0 fyrir oss.<a name=\"2\"><span class=\"versanumer\">2<\/span><\/a>Leyf oss a\u00f0 fara ofan a\u00f0 J\u00f3rdan og taka \u00fear sinn bj\u00e1lkann hver, til \u00feess a\u00f0 v\u00e9r getum gj\u00f6rt oss b\u00fasta\u00f0. Hann m\u00e6lti: Fari\u00f0 \u00fe\u00e9r!<a name=\"3\"><span class=\"versanumer\">3<\/span><\/a>En einn af \u00feeim m\u00e6lti: Gj\u00f6r oss \u00feann grei\u00f0a a\u00f0 fara me\u00f0 \u00fej\u00f3num \u00fe\u00ednum. Hann m\u00e6lti: \u00c9g skal fara.<a name=\"4\"><span class=\"versanumer\">4<\/span><\/a>S\u00ed\u00f0an f\u00f3r hann me\u00f0 \u00feeim. \u00deegar \u00feeir komu a\u00f0 J\u00f3rdan, t\u00f3ku \u00feeir a\u00f0 h\u00f6ggva tr\u00e9.<a name=\"5\"><span class=\"versanumer\">5<\/span><\/a>En er einn \u00feeirra var a\u00f0 fella bj\u00e1lka, hraut \u00f6xin af skafti \u00fat \u00e1 \u00e1na. Hlj\u00f3\u00f0a\u00f0i hann \u00fe\u00e1 upp yfir sig og m\u00e6lti: \u00c6, herra minn og \u00fea\u00f0 var l\u00e1ns\u00f6xi!<a name=\"6\"><span class=\"versanumer\">6<\/span><\/a>\u00de\u00e1 sag\u00f0i gu\u00f0sma\u00f0urinn: Hvar datt h\u00fan? Og er hann s\u00fdndi honum sta\u00f0inn, snei\u00f0 hann af vi\u00f0argrein, skaut henni \u00fear ofan \u00ed \u00e1na og l\u00e9t j\u00e1rni\u00f0 flj\u00f3ta.<a name=\"7\"><span class=\"versanumer\">7<\/span><\/a>S\u00ed\u00f0an sag\u00f0i hann: N\u00e1\u00f0u henni n\u00fa upp! \u00de\u00e1 r\u00e9tti hann \u00fat h\u00f6ndina og n\u00e1\u00f0i henni.<a name=\"8\"><span class=\"versanumer\">8<\/span><\/a>\u00deegar S\u00fdrlandskonungur \u00e1tti \u00ed \u00f3fri\u00f0i vi\u00f0 \u00cdsrael, r\u00e1\u00f0ga\u00f0ist hann um vi\u00f0 menn s\u00edna og m\u00e6lti: \u00c1 \u00feeim og \u00feeim sta\u00f0 skulu\u00f0 \u00fe\u00e9r leggjast \u00ed launs\u00e1tur.<a name=\"9\"><span class=\"versanumer\">9<\/span><\/a>En gu\u00f0sma\u00f0urinn sendi til \u00cdsraelskonungs og l\u00e9t segja honum: Varast \u00fe\u00fa a\u00f0 fara fram hj\u00e1 \u00feessum sta\u00f0, \u00fev\u00ed a\u00f0 S\u00fdrlendingar liggja \u00fear \u00ed launs\u00e1tri.<a name=\"10\"><span class=\"versanumer\">10<\/span><\/a>\u00de\u00e1 sendi \u00cdsraelskonungur \u00e1 \u00feann sta\u00f0, sem gu\u00f0sma\u00f0urinn haf\u00f0i nefnt vi\u00f0 hann. Vara\u00f0i hann konung \u00feannig vi\u00f0 \u00ed hvert sinn, og g\u00e6tti hann s\u00edn \u00fear, og \u00fea\u00f0 oftar en einu sinni e\u00f0a tvisvar.<a name=\"11\"><span class=\"versanumer\">11<\/span><\/a>\u00dat af \u00feessu var\u00f0 S\u00fdrlandskonungur \u00f3r\u00f3r \u00ed skapi, kalla\u00f0i \u00e1 menn s\u00edna og sag\u00f0i vi\u00f0 \u00fe\u00e1: Geti\u00f0 \u00fe\u00e9r ekki sagt m\u00e9r, hver af vorum m\u00f6nnum lj\u00f3strar upp fyrir\u00e6tlunum vorum vi\u00f0 \u00cdsraelskonung?<a name=\"12\"><span class=\"versanumer\">12<\/span><\/a>\u00de\u00e1 sag\u00f0i einn af \u00fej\u00f3num hans: \u00dev\u00ed er eigi svo fari\u00f0, minn herra konungur, heldur flytur El\u00edsa sp\u00e1ma\u00f0ur, sem er \u00ed \u00cdsrael, \u00cdsraelskonungi \u00feau or\u00f0, sem \u00fe\u00fa talar \u00ed svefnherbergi \u00fe\u00ednu.<a name=\"13\"><span class=\"versanumer\">13<\/span><\/a>\u00de\u00e1 sag\u00f0i hann: Fari\u00f0 og viti\u00f0, hvar hann er, svo a\u00f0 \u00e9g geti sent menn og l\u00e1ti\u00f0 s\u00e6kja hann. Var honum \u00fe\u00e1 sagt, a\u00f0 hann v\u00e6ri \u00ed D\u00f3tan.<a name=\"14\"><span class=\"versanumer\">14<\/span><\/a>\u00de\u00e1 sendi hann \u00feanga\u00f0 hesta og vagna og mikinn her. Komu \u00feeir \u00feanga\u00f0 um n\u00f3tt og sl\u00f3gu hring um borgina.<a name=\"15\"><span class=\"versanumer\">15<\/span><\/a>\u00deegar El\u00edsa kom \u00fat \u00e1rla n\u00e6sta morgun, umkringdi her me\u00f0 hestum og v\u00f6gnum borgina. \u00de\u00e1 sag\u00f0i sveinn hans vi\u00f0 hann: \u00c6, herra minn, hva\u00f0 eigum vi\u00f0 n\u00fa til brag\u00f0s a\u00f0 taka?<a name=\"16\"><span class=\"versanumer\">16<\/span><\/a>Hann svara\u00f0i: \u00d3ttast ekki, \u00fev\u00ed a\u00f0 fleiri eru \u00feeir, sem me\u00f0 okkur eru, en \u00feeir, sem me\u00f0 \u00feeim eru.<a name=\"17\"><span class=\"versanumer\">17<\/span><\/a>Og El\u00edsa gj\u00f6r\u00f0i b\u00e6n s\u00edna og m\u00e6lti: Drottinn, opna \u00fe\u00fa augu hans, svo a\u00f0 hann sj\u00e1i. \u00de\u00e1 opna\u00f0i Drottinn augu sveinsins, og s\u00e1 hann \u00fe\u00e1, a\u00f0 fjalli\u00f0 var al\u00feaki\u00f0 hestum og eldlegum v\u00f6gnum hringinn \u00ed kring um El\u00edsa.<a name=\"18\"><span class=\"versanumer\">18<\/span><\/a>F\u00f3ru S\u00fdrlendingar n\u00fa ni\u00f0ur \u00ed m\u00f3ti honum, en El\u00edsa gj\u00f6r\u00f0i b\u00e6n s\u00edna til Drottins og m\u00e6lti: Sl\u00e1 f\u00f3lk \u00feetta me\u00f0 blindu. \u00de\u00e1 sl\u00f3 hann \u00fea\u00f0 me\u00f0 blindu eftir bei\u00f0ni El\u00edsa.<a name=\"19\"><span class=\"versanumer\">19<\/span><\/a>S\u00ed\u00f0an sag\u00f0i El\u00edsa vi\u00f0 \u00fe\u00e1: \u00deetta er ekki vegurinn og \u00feetta er ekki borgin. Komi\u00f0 me\u00f0 m\u00e9r, \u00e9g skal fylgja y\u00f0ur til mannsins, sem \u00fe\u00e9r leiti\u00f0 a\u00f0. Og hann f\u00f3r me\u00f0 \u00fe\u00e1 til Samar\u00edu.<a name=\"20\"><span class=\"versanumer\">20<\/span><\/a>En er \u00feeir komu til Samar\u00edu, m\u00e6lti El\u00edsa: Drottinn, opna \u00fe\u00fa n\u00fa augu \u00feeirra, svo a\u00f0 \u00feeir sj\u00e1i. \u00de\u00e1 opna\u00f0i Drottinn augu \u00feeirra, og \u00feeir s\u00e1u, a\u00f0 \u00feeir voru komnir inn \u00ed mi\u00f0ja Samar\u00edu.<a name=\"21\"><span class=\"versanumer\">21<\/span><\/a>En er \u00cdsraelskonungur s\u00e1 \u00fe\u00e1, sag\u00f0i hann vi\u00f0 El\u00edsa: Fa\u00f0ir minn, \u00e1 \u00e9g a\u00f0 h\u00f6ggva \u00fe\u00e1 ni\u00f0ur?<a name=\"22\"><span class=\"versanumer\">22<\/span><\/a>En hann svara\u00f0i: Eigi skalt \u00fe\u00fa h\u00f6ggva \u00fe\u00e1 ni\u00f0ur. Ert \u00fe\u00fa vanur a\u00f0 h\u00f6ggva \u00fe\u00e1 ni\u00f0ur, er \u00fe\u00fa hertekur me\u00f0 sver\u00f0i \u00fe\u00ednu og boga? Set fyrir \u00fe\u00e1 brau\u00f0 og vatn, svo a\u00f0 \u00feeir megi eta og drekka. S\u00ed\u00f0an geta \u00feeir fari\u00f0 heim til herra s\u00edns.<a name=\"23\"><span class=\"versanumer\">23<\/span><\/a>\u00de\u00e1 bj\u00f3 hann \u00feeim mikla m\u00e1lt\u00ed\u00f0, og \u00feeir \u00e1tu og drukku. S\u00ed\u00f0an l\u00e9t hann \u00fe\u00e1 \u00ed burt fara, og f\u00f3ru \u00feeir heim til herra s\u00edns. Upp fr\u00e1 \u00feessu komu r\u00e1nsflokkar S\u00fdrlendinga eigi framar inn \u00ed land \u00cdsraels.<a name=\"24\"><span class=\"versanumer\">24<\/span><\/a>Eftir \u00feetta bar svo til, a\u00f0 Benhadad S\u00fdrlandskonungur dr\u00f3 saman allan her sinn og f\u00f3r og settist um Samar\u00edu.<a name=\"25\"><span class=\"versanumer\">25<\/span><\/a>\u00de\u00e1 var\u00f0 hungur svo miki\u00f0 \u00ed Samar\u00edu, er \u00feeir s\u00e1tu um hana, a\u00f0 asnah\u00f6fu\u00f0 kosta\u00f0i \u00e1ttat\u00edu sikla silfurs og fj\u00f3r\u00f0ungur \u00far kab af d\u00fafnadrit fimm sikla silfurs.<a name=\"26\"><span class=\"versanumer\">26<\/span><\/a>\u00deegar \u00cdsraelskonungur var \u00e1 gangi uppi \u00e1 borgarveggnum, kalla\u00f0i kona nokkur til hans og m\u00e6lti: Hj\u00e1lpa \u00fe\u00fa, herra konungur!<a name=\"27\"><span class=\"versanumer\">27<\/span><\/a>Hann m\u00e6lti: Ef Drottinn hj\u00e1lpar \u00fe\u00e9r ekki, hva\u00f0an \u00e1 \u00e9g \u00fe\u00e1 a\u00f0 taka hj\u00e1lp handa \u00fe\u00e9r? \u00dar l\u00e1fanum e\u00f0a \u00far v\u00edn\u00fer\u00f6nginni?<a name=\"28\"><span class=\"versanumer\">28<\/span><\/a>Og konungur sag\u00f0i vi\u00f0 hana: Hva\u00f0 viltu \u00fe\u00e1? H\u00fan svara\u00f0i: Konan \u00fearna sag\u00f0i vi\u00f0 mig: Sel fram son \u00feinn og skulum vi\u00f0 eta hann \u00ed dag, en \u00e1 morgun skulum vi\u00f0 eta minn son.<a name=\"29\"><span class=\"versanumer\">29<\/span><\/a>Su\u00f0um vi\u00f0 s\u00ed\u00f0an minn son og \u00e1tum hann. En er \u00e9g sag\u00f0i vi\u00f0 hana daginn eftir: Sel \u00fe\u00fa fram son \u00feinn og skulum vi\u00f0 eta hann, \u00fe\u00e1 fal h\u00fan son sinn.<a name=\"30\"><span class=\"versanumer\">30<\/span><\/a>Er konungur heyr\u00f0i \u00feessi umm\u00e6li konunnar, reif hann kl\u00e6\u00f0i s\u00edn \u00fear sem hann st\u00f3\u00f0 \u00e1 m\u00farnum. S\u00e1 \u00fe\u00e1 l\u00fd\u00f0urinn, a\u00f0 hann haf\u00f0i h\u00e6rusekk \u00e1 l\u00edkama s\u00ednum innstan kl\u00e6\u00f0a.<a name=\"31\"><span class=\"versanumer\">31<\/span><\/a>\u00de\u00e1 sag\u00f0i hann: Gu\u00f0 gj\u00f6ri m\u00e9r hva\u00f0 sem hann vill n\u00fa og s\u00ed\u00f0ar, ef h\u00f6fu\u00f0i\u00f0 situr \u00e1 El\u00edsa Safatssyni til kv\u00f6lds.<a name=\"32\"><span class=\"versanumer\">32<\/span><\/a>En El\u00edsa sat \u00ed h\u00fasi s\u00ednu, og \u00f6ldungarnir s\u00e1tu hj\u00e1 honum. Sendi \u00fe\u00e1 konungur mann \u00e1 undan s\u00e9r, en \u00e1\u00f0ur en sendima\u00f0urinn kom til hans, sag\u00f0i El\u00edsa vi\u00f0 \u00f6ldungana: Viti\u00f0 \u00fe\u00e9r, a\u00f0 \u00feessi mor\u00f0hundur hefir sent hinga\u00f0 til \u00feess a\u00f0 h\u00f6ggva af m\u00e9r h\u00f6fu\u00f0i\u00f0? G\u00e6ti\u00f0 \u00feess a\u00f0 loka dyrunum, \u00feegar sendima\u00f0urinn kemur, og standi\u00f0 fyrir hur\u00f0inni, svo a\u00f0 hann komist ekki inn. Heyrist ekki \u00feegar f\u00f3tatak h\u00fasb\u00f3nda hans \u00e1 eftir honum?<a name=\"33\"><span class=\"versanumer\">33<\/span><\/a>Me\u00f0an hann var a\u00f0 segja \u00feetta vi\u00f0 \u00fe\u00e1, kom konungur \u00feegar ofan til hans og m\u00e6lti: Sj\u00e1, hv\u00edl\u00edka \u00f3g\u00e6fu Drottinn l\u00e6tur yfir dynja. Hv\u00ed skyldi \u00e9g lengur vona \u00e1 Drottin?<\/p>\n<div class=\"footnote1981\"><b>6.2<\/b> J\u00f3rdan 2Kon 2.6+<br \/>\n<b>6.5<\/b> \u00d6xin af skafti 5M\u00f3s 19.5<br \/>\n<b>6.17<\/b> Opna\u00f0i augun 2Kon 6.18; 4M\u00f3s 22.31+ &#8211; hestar og vagnar 2Kon 2.11+; sbr Matt 26.53<br \/>\n<b>6.18<\/b> Blinda sbr 4M\u00f3s22.31+<br \/>\n<b>6.23<\/b> R\u00e1nsflokkar 2Kon 13.20; 24.2; 1Kon 11.24<br \/>\n<b>6.24<\/b> Seti\u00f0 um Samar\u00edu 2Kon 17.5; 1Kon 20.1<br \/>\n<b>6.25<\/b> Ums\u00e1tur og hungur 2Kon 18.27; 25.3<br \/>\n<b>6.26<\/b> Kona hr\u00f3pa\u00f0i sbr 2Kon 8.3; 2Sam 14.4-11; 1Kon 3.16-28<br \/>\n<b>6.29<\/b> Eta b\u00f6rn 3M\u00f3s 26.29+<br \/>\n<b>6.32<\/b> El\u00edsa vara\u00f0ur vi\u00f0 sbr 2Kon 4.27+<br \/>\n<b>6.33<\/b> Vona \u00e1 Drottinn Job 13.15+; 35.14; sbr M\u00edk 7.7; Slm 38.16; 42.6; 43.5; 130.5<\/div>\n","protected":false},"excerpt":{"rendered":"<p>1Sp\u00e1mannasveinarnir s\u00f6g\u00f0u vi\u00f0 El\u00edsa: H\u00fasr\u00fdmi\u00f0, \u00fear sem v\u00e9r b\u00faum hj\u00e1 \u00fe\u00e9r, er of l\u00edti\u00f0 fyrir oss.2Leyf oss a\u00f0 fara ofan a\u00f0 J\u00f3rdan og taka \u00fear sinn bj\u00e1lkann hver, til \u00feess a\u00f0 v\u00e9r getum gj\u00f6rt oss b\u00fasta\u00f0. Hann m\u00e6lti: Fari\u00f0 \u00fe\u00e9r!3En einn af \u00feeim m\u00e6lti: Gj\u00f6r oss \u00feann grei\u00f0a a\u00f0 fara me\u00f0 \u00fej\u00f3num \u00fe\u00ednum. Hann m\u00e6lti: \u00c9g skal fara.4S\u00ed\u00f0an f\u00f3r hann me\u00f0 \u00feeim. \u00deegar \u00feeir komu a\u00f0 J\u00f3rdan, t\u00f3ku \u00feeir a\u00f0 h\u00f6ggva tr\u00e9.5En er einn \u00feeirra var a\u00f0 fella bj\u00e1lka, hraut \u00f6xin af skafti \u00fat \u00e1 \u00e1na. Hlj\u00f3\u00f0a\u00f0i hann \u00fe\u00e1 upp yfir sig og m\u00e6lti: \u00c6, herra minn og \u00fea\u00f0 var <a href=\"https:\/\/biblian.is\/1981\/sidari-konungabok-6-kafli\/\"> [&#8230;]<\/a><\/p>\n","protected":false},"author":1,"featured_media":0,"parent":0,"menu_order":0,"comment_status":"open","ping_status":"open","template":"bibliukaflar.php","meta":{"footnotes":""},"class_list":["post-1665","page","type-page","status-publish","hentry"],"_links":{"self":[{"href":"https:\/\/biblian.is\/1981\/wp-json\/wp\/v2\/pages\/1665","targetHints":{"allow":["GET"]}}],"collection":[{"href":"https:\/\/biblian.is\/1981\/wp-json\/wp\/v2\/pages"}],"about":[{"href":"https:\/\/biblian.is\/1981\/wp-json\/wp\/v2\/types\/page"}],"author":[{"embeddable":true,"href":"https:\/\/biblian.is\/1981\/wp-json\/wp\/v2\/users\/1"}],"replies":[{"embeddable":true,"href":"https:\/\/biblian.is\/1981\/wp-json\/wp\/v2\/comments?post=1665"}],"version-history":[{"count":0,"href":"https:\/\/biblian.is\/1981\/wp-json\/wp\/v2\/pages\/1665\/revisions"}],"wp:attachment":[{"href":"https:\/\/biblian.is\/1981\/wp-json\/wp\/v2\/media?parent=1665"}],"curies":[{"name":"wp","href":"https:\/\/api.w.org\/{rel}","templated":true}]}}