{"id":1654,"date":"2017-11-18T20:18:09","date_gmt":"2017-11-18T20:18:09","guid":{"rendered":"http:\/\/biblian.is\/1981\/fyrri-konungabok-17-kafli\/"},"modified":"2021-06-06T10:56:57","modified_gmt":"2021-06-06T10:56:57","slug":"fyrri-konungabok-17-kafli","status":"publish","type":"page","link":"https:\/\/biblian.is\/1981\/fyrri-konungabok-17-kafli\/","title":{"rendered":"Fyrri konungab\u00f3k 17. kafli"},"content":{"rendered":"<p><a name=\"1\"><span class=\"versanumer\">1<\/span><\/a>El\u00eda Tisb\u00edti, fr\u00e1 Tisbe \u00ed G\u00edlea\u00f0, sag\u00f0i vi\u00f0 Akab: Svo sannarlega sem Drottinn, Gu\u00f0 \u00cdsraels, lifir, s\u00e1 er \u00e9g \u00fej\u00f3na, skal \u00feessi \u00e1rin hvorki drj\u00fapa d\u00f6gg n\u00e9 regn, nema \u00e9g segi.<a name=\"2\"><span class=\"versanumer\">2<\/span><\/a>Og or\u00f0 Drottins kom til hans, svol\u00e1tandi:<a name=\"3\"><span class=\"versanumer\">3<\/span><\/a>Far \u00fe\u00fa h\u00e9\u00f0an og hald austur \u00e1 b\u00f3ginn, og fel \u00feig vi\u00f0 l\u00e6kinn Kr\u00edt, sem er fyrir austan J\u00f3rdan.<a name=\"4\"><span class=\"versanumer\">4<\/span><\/a>Og \u00fe\u00fa skalt drekka \u00far l\u00e6knum, og hr\u00f6fnunum hefi \u00e9g bo\u00f0i\u00f0 a\u00f0 f\u00e6\u00f0a \u00feig \u00fear.<a name=\"5\"><span class=\"versanumer\">5<\/span><\/a>Hann gj\u00f6r\u00f0i sem Drottinn bau\u00f0 honum, f\u00f3r og settist a\u00f0 vi\u00f0 l\u00e6kinn Kr\u00edt, sem er fyrir austan J\u00f3rdan.<a name=\"6\"><span class=\"versanumer\">6<\/span><\/a>Og hrafnarnir f\u00e6r\u00f0u honum brau\u00f0 og kj\u00f6t \u00e1 morgnana og brau\u00f0 og kj\u00f6t \u00e1 kveldin, og \u00far l\u00e6knum drakk hann.<a name=\"7\"><span class=\"versanumer\">7<\/span><\/a>En eftir nokkurn t\u00edma \u00feorna\u00f0i l\u00e6kurinn upp, \u00fev\u00ed a\u00f0 eigi haf\u00f0i komi\u00f0 sk\u00far \u00e1 j\u00f6r\u00f0.<a name=\"8\"><span class=\"versanumer\">8<\/span><\/a>\u00de\u00e1 kom or\u00f0 Drottins til hans, svol\u00e1tandi:<a name=\"9\"><span class=\"versanumer\">9<\/span><\/a>Tak \u00feig upp og far til Sarefta, sem tilheyrir S\u00eddon, og sest \u00fear a\u00f0. Sj\u00e1, \u00e9g hefi bo\u00f0i\u00f0 ekkju nokkurri \u00fear a\u00f0 f\u00e6\u00f0a \u00feig.<a name=\"10\"><span class=\"versanumer\">10<\/span><\/a>\u00de\u00e1 t\u00f3k hann sig upp og f\u00f3r til Sarefta. Og er hann kom a\u00f0 borgarhli\u00f0inu, var ekkja \u00fear a\u00f0 t\u00edna saman vi\u00f0arkvisti. Hann kalla\u00f0i til hennar og m\u00e6lti: S\u00e6k \u00fe\u00fa m\u00e9r d\u00e1l\u00edti\u00f0 af vatni \u00ed \u00edl\u00e1tinu, a\u00f0 \u00e9g megi drekka.<a name=\"11\"><span class=\"versanumer\">11<\/span><\/a>Og h\u00fan f\u00f3r a\u00f0 s\u00e6kja \u00fea\u00f0, en hann kalla\u00f0i \u00e1 eftir henni og m\u00e6lti: F\u00e6r\u00f0u m\u00e9r l\u00edka brau\u00f0bita.<a name=\"12\"><span class=\"versanumer\">12<\/span><\/a>H\u00fan svara\u00f0i: Svo sannarlega sem Drottinn, Gu\u00f0 \u00feinn, lifir, \u00e1 \u00e9g enga k\u00f6ku til, heldur a\u00f0eins hnefa mj\u00f6ls \u00ed skj\u00f3lu og l\u00edti\u00f0 eitt af vi\u00f0smj\u00f6ri \u00ed kr\u00fas. Og sj\u00e1, \u00e9g er a\u00f0 t\u00edna saman f\u00e1eina vi\u00f0arkvisti. S\u00ed\u00f0an \u00e6tla \u00e9g heim og matb\u00faa \u00feetta handa m\u00e9r og syni m\u00ednum, a\u00f0 vi\u00f0 megum eta \u00fea\u00f0 og deyja s\u00ed\u00f0an.<a name=\"13\"><span class=\"versanumer\">13<\/span><\/a>En El\u00eda sag\u00f0i vi\u00f0 hana: \u00d3ttast ekki! Far \u00fe\u00fa heim og gj\u00f6r sem \u00fe\u00fa sag\u00f0ir. Gj\u00f6r \u00fe\u00fa m\u00e9r samt fyrst litla k\u00f6ku af \u00fev\u00ed og f\u00e6r m\u00e9r \u00fat hinga\u00f0, en matrei\u00f0 s\u00ed\u00f0an handa \u00fe\u00e9r og syni \u00fe\u00ednum.<a name=\"14\"><span class=\"versanumer\">14<\/span><\/a>\u00dev\u00ed a\u00f0 svo segir Drottinn, Gu\u00f0 \u00cdsraels: Mj\u00f6lskj\u00f3lan skal eigi t\u00f3m ver\u00f0a og vi\u00f0smj\u00f6ri\u00f0 \u00ed kr\u00fasinni ekki \u00ferj\u00f3ta, allt til \u00feess dags, er Drottinn gefur regn \u00e1 j\u00f6r\u00f0.<a name=\"15\"><span class=\"versanumer\">15<\/span><\/a>\u00de\u00e1 f\u00f3r h\u00fan og gj\u00f6r\u00f0i eins og El\u00eda haf\u00f0i sagt, og h\u00fan haf\u00f0i n\u00f3g a\u00f0 eta, b\u00e6\u00f0i h\u00fan og hann og sonur hennar, um langa hr\u00ed\u00f0.<a name=\"16\"><span class=\"versanumer\">16<\/span><\/a>Mj\u00f6lskj\u00f3lan var\u00f0 ekki t\u00f3m og vi\u00f0smj\u00f6ri\u00f0 \u00ed kr\u00fasinni \u00feraut ekki, samkv\u00e6mt or\u00f0i Drottins, \u00fev\u00ed er hann haf\u00f0i tala\u00f0 fyrir munn El\u00eda.<a name=\"17\"><span class=\"versanumer\">17<\/span><\/a>Eftir \u00feetta bar svo vi\u00f0, a\u00f0 sonur h\u00fasfreyju s\u00fdktist, og elna\u00f0i honum svo mj\u00f6g s\u00f3ttin, a\u00f0 hann dr\u00f3 eigi lengur andann.<a name=\"18\"><span class=\"versanumer\">18<\/span><\/a>\u00de\u00e1 m\u00e6lti h\u00fan vi\u00f0 El\u00eda: Hva\u00f0 \u00e1 \u00e9g saman vi\u00f0 \u00feig a\u00f0 s\u00e6lda, gu\u00f0sma\u00f0ur? \u00de\u00fa ert til m\u00edn kominn til a\u00f0 minna \u00e1 misgj\u00f6r\u00f0 m\u00edna og til a\u00f0 l\u00e1ta son minn deyja.<a name=\"19\"><span class=\"versanumer\">19<\/span><\/a>En El\u00eda sag\u00f0i vi\u00f0 hana: F\u00e1 \u00fe\u00fa m\u00e9r son \u00feinn. Og hann t\u00f3k hann \u00far kj\u00f6ltu hennar og bar hann upp \u00e1 loft, \u00fear sem hann haf\u00f0ist vi\u00f0, og lag\u00f0i hann \u00ed rekkju s\u00edna.<a name=\"20\"><span class=\"versanumer\">20<\/span><\/a>Og hann kalla\u00f0i til Drottins og m\u00e6lti: Drottinn, Gu\u00f0 minn, \u00e6tlar \u00fe\u00fa l\u00edka a\u00f0 fara svo illa me\u00f0 ekkjuna, sem \u00e9g gisti hj\u00e1, a\u00f0 l\u00e1ta son hennar deyja?<a name=\"21\"><span class=\"versanumer\">21<\/span><\/a>Og hann teyg\u00f0i sig \u00ferisvar yfir sveininn og kalla\u00f0i til Drottins og m\u00e6lti: Drottinn, Gu\u00f0 minn, l\u00e1t s\u00e1l \u00feessa sveins aftur til hans hverfa!<a name=\"22\"><span class=\"versanumer\">22<\/span><\/a>Og Drottinn heyr\u00f0i b\u00e6n El\u00eda, og s\u00e1l sveinsins kom aftur \u00ed hann, svo a\u00f0 hann lifna\u00f0i vi\u00f0.<a name=\"23\"><span class=\"versanumer\">23<\/span><\/a>En El\u00eda t\u00f3k sveininn og bar hann ofan af loftinu ni\u00f0ur \u00ed h\u00fasi\u00f0 og f\u00e9kk hann m\u00f3\u00f0ur hans. Og El\u00eda m\u00e6lti: Sj\u00e1 \u00fe\u00fa, sonur \u00feinn er lifandi.<a name=\"24\"><span class=\"versanumer\">24<\/span><\/a>\u00de\u00e1 sag\u00f0i konan vi\u00f0 El\u00eda: N\u00fa veit \u00e9g, a\u00f0 \u00fe\u00fa ert gu\u00f0sma\u00f0ur og a\u00f0 or\u00f0 Drottins \u00ed munni \u00fe\u00ednum er sannleikur.<\/p>\n<div class=\"footnote1981\"><b>17.1<\/b> El\u00eda Mal 3.23; S\u00edr 48.1-11; Matt 11.14+; Jak 5.17 \u2013 hvorki d\u00f6gg n\u00e9 regn 1 Kon 8.35<br \/>\n<b>17.6<\/b> Brau\u00f0 og kj\u00f6t sbr 2M\u00f3s 16.8,12<br \/>\n<b>17.9<\/b> Ekkja L\u00fak 4.25-26<\/div>\n","protected":false},"excerpt":{"rendered":"<p>1El\u00eda Tisb\u00edti, fr\u00e1 Tisbe \u00ed G\u00edlea\u00f0, sag\u00f0i vi\u00f0 Akab: Svo sannarlega sem Drottinn, Gu\u00f0 \u00cdsraels, lifir, s\u00e1 er \u00e9g \u00fej\u00f3na, skal \u00feessi \u00e1rin hvorki drj\u00fapa d\u00f6gg n\u00e9 regn, nema \u00e9g segi.2Og or\u00f0 Drottins kom til hans, svol\u00e1tandi:3Far \u00fe\u00fa h\u00e9\u00f0an og hald austur \u00e1 b\u00f3ginn, og fel \u00feig vi\u00f0 l\u00e6kinn Kr\u00edt, sem er fyrir austan J\u00f3rdan.4Og \u00fe\u00fa skalt drekka \u00far l\u00e6knum, og hr\u00f6fnunum hefi \u00e9g bo\u00f0i\u00f0 a\u00f0 f\u00e6\u00f0a \u00feig \u00fear.5Hann gj\u00f6r\u00f0i sem Drottinn bau\u00f0 honum, f\u00f3r og settist a\u00f0 vi\u00f0 l\u00e6kinn Kr\u00edt, sem er fyrir austan J\u00f3rdan.6Og hrafnarnir f\u00e6r\u00f0u honum brau\u00f0 og kj\u00f6t \u00e1 morgnana og brau\u00f0 og kj\u00f6t \u00e1 kveldin, <a href=\"https:\/\/biblian.is\/1981\/fyrri-konungabok-17-kafli\/\"> [&#8230;]<\/a><\/p>\n","protected":false},"author":1,"featured_media":0,"parent":0,"menu_order":0,"comment_status":"open","ping_status":"open","template":"bibliukaflar.php","meta":{"footnotes":""},"class_list":["post-1654","page","type-page","status-publish","hentry"],"_links":{"self":[{"href":"https:\/\/biblian.is\/1981\/wp-json\/wp\/v2\/pages\/1654","targetHints":{"allow":["GET"]}}],"collection":[{"href":"https:\/\/biblian.is\/1981\/wp-json\/wp\/v2\/pages"}],"about":[{"href":"https:\/\/biblian.is\/1981\/wp-json\/wp\/v2\/types\/page"}],"author":[{"embeddable":true,"href":"https:\/\/biblian.is\/1981\/wp-json\/wp\/v2\/users\/1"}],"replies":[{"embeddable":true,"href":"https:\/\/biblian.is\/1981\/wp-json\/wp\/v2\/comments?post=1654"}],"version-history":[{"count":0,"href":"https:\/\/biblian.is\/1981\/wp-json\/wp\/v2\/pages\/1654\/revisions"}],"wp:attachment":[{"href":"https:\/\/biblian.is\/1981\/wp-json\/wp\/v2\/media?parent=1654"}],"curies":[{"name":"wp","href":"https:\/\/api.w.org\/{rel}","templated":true}]}}