{"id":1622,"date":"2017-11-18T20:17:59","date_gmt":"2017-11-18T20:17:59","guid":{"rendered":"http:\/\/biblian.is\/1981\/sidari-samuelsbok-9-kafli\/"},"modified":"2021-06-06T11:10:58","modified_gmt":"2021-06-06T11:10:58","slug":"sidari-samuelsbok-9-kafli","status":"publish","type":"page","link":"https:\/\/biblian.is\/1981\/sidari-samuelsbok-9-kafli\/","title":{"rendered":"S\u00ed\u00f0ari Sam\u00faelsb\u00f3k 9. kafli"},"content":{"rendered":"<p><a name=\"1\"><span class=\"versanumer\">1<\/span><\/a>Dav\u00ed\u00f0 sag\u00f0i: Er n\u00fa nokkur ma\u00f0ur eftir or\u00f0inn af h\u00fasi S\u00e1ls? Honum vil \u00e9g miskunn au\u00f0s\u00fdna fyrir sakir J\u00f3natans.<a name=\"2\"><span class=\"versanumer\">2<\/span><\/a>Af h\u00fasi S\u00e1ls var til ma\u00f0ur, er S\u00edba h\u00e9t. Hann var kalla\u00f0ur \u00e1 fund Dav\u00ed\u00f0s. Og konungur sag\u00f0i vi\u00f0 hann: Ert \u00fe\u00fa S\u00edba? Hann svara\u00f0i: \u00deinn \u00fej\u00f3nn!<a name=\"3\"><span class=\"versanumer\">3<\/span><\/a>\u00de\u00e1 m\u00e6lti konungur: Er nokkur eftir af h\u00fasi S\u00e1ls, a\u00f0 \u00e9g megi au\u00f0s\u00fdna honum miskunn Gu\u00f0s? S\u00edba sag\u00f0i vi\u00f0 konung: Enn er \u00e1 l\u00edfi sonur J\u00f3natans og er lami \u00e1 b\u00e1\u00f0um f\u00f3tum.<a name=\"4\"><span class=\"versanumer\">4<\/span><\/a>\u00de\u00e1 sag\u00f0i konungur vi\u00f0 hann: Hvar er hann? S\u00edba sag\u00f0i vi\u00f0 konung: Hann er \u00ed h\u00fasi Mak\u00edrs Amm\u00edelssonar \u00ed L\u00f3debar.<a name=\"5\"><span class=\"versanumer\">5<\/span><\/a>\u00de\u00e1 sendi Dav\u00ed\u00f0 konungur og l\u00e9t s\u00e6kja hann \u00ed h\u00fas Mak\u00edrs Amm\u00edelssonar \u00ed L\u00f3debar.<a name=\"6\"><span class=\"versanumer\">6<\/span><\/a>Og Mef\u00edb\u00f3set J\u00f3natansson, S\u00e1lssonar, gekk fyrir Dav\u00ed\u00f0, f\u00e9ll fram \u00e1 \u00e1sj\u00f3nu s\u00edna og laut honum. Og Dav\u00ed\u00f0 sag\u00f0i: Mef\u00edb\u00f3set! Hann svara\u00f0i: H\u00e9r er \u00fej\u00f3nn \u00feinn.<a name=\"7\"><span class=\"versanumer\">7<\/span><\/a>\u00de\u00e1 m\u00e6lti Dav\u00ed\u00f0 til hans: Ver \u00fe\u00fa \u00f3hr\u00e6ddur, \u00fev\u00ed a\u00f0 \u00e9g vil au\u00f0s\u00fdna \u00fe\u00e9r miskunn fyrir sakir J\u00f3natans, f\u00f6\u00f0ur \u00fe\u00edns, og f\u00e1 \u00fe\u00e9r aftur allar jar\u00f0eignir S\u00e1ls forf\u00f6\u00f0ur \u00fe\u00edns, og \u00fe\u00fa skalt jafnan eta vi\u00f0 mitt bor\u00f0.<a name=\"8\"><span class=\"versanumer\">8<\/span><\/a>\u00de\u00e1 laut hann og m\u00e6lti: Hva\u00f0 er \u00fej\u00f3nn \u00feinn \u00feess, a\u00f0 \u00fe\u00fa skiptir \u00fe\u00e9r af dau\u00f0um hundi, eins og m\u00e9r?<a name=\"9\"><span class=\"versanumer\">9<\/span><\/a>S\u00ed\u00f0an kalla\u00f0i konungur \u00e1 S\u00edba, \u00fej\u00f3n S\u00e1ls, og m\u00e6lti til hans: Allt sem S\u00e1l \u00e1tti, og allt sem h\u00fas hans \u00e1tti gef \u00e9g syni herra \u00fe\u00edns.<a name=\"10\"><span class=\"versanumer\">10<\/span><\/a>Skalt \u00fe\u00fa n\u00fa yrkja landi\u00f0 fyrir hann \u00e1samt sonum \u00fe\u00ednum og \u00fer\u00e6lum og hir\u00f0a af \u00fev\u00ed, svo a\u00f0 sonur herra \u00fe\u00edns hafi f\u00e6\u00f0u og megi eta. En Mef\u00edb\u00f3set, sonur herra \u00fe\u00edns, skal jafnan eta vi\u00f0 mitt bor\u00f0. Og S\u00edba \u00e1tti fimmt\u00e1n sonu og tuttugu \u00fer\u00e6la.<a name=\"11\"><span class=\"versanumer\">11<\/span><\/a>S\u00edba sag\u00f0i vi\u00f0 konung: \u00dej\u00f3nn \u00feinn mun gj\u00f6ra a\u00f0 \u00f6llu svo sem minn herra konungurinn hefir bo\u00f0i\u00f0 \u00fej\u00f3ni s\u00ednum. Og Mef\u00edb\u00f3set \u00e1t vi\u00f0 bor\u00f0 Dav\u00ed\u00f0s, svo sem v\u00e6ri hann einn konungssona.<a name=\"12\"><span class=\"versanumer\">12<\/span><\/a>Mef\u00edb\u00f3set \u00e1tti ungan son, sem M\u00edka h\u00e9t. Allir sem bjuggu \u00ed h\u00fasi S\u00edba, voru \u00fej\u00f3nar Mef\u00edb\u00f3sets.<a name=\"13\"><span class=\"versanumer\">13<\/span><\/a>En Mef\u00edb\u00f3set bj\u00f3 \u00ed Jer\u00fasalem, \u00fev\u00ed a\u00f0 hann \u00e1t jafnan vi\u00f0 bor\u00f0 konungs. Hann var haltur \u00e1 b\u00e1\u00f0um f\u00f3tum.<\/p>\n<div class=\"footnote1981\"><b>9.1<\/b> Nokkur eftir? 1Sam 20.15-16,42, sbr 2Sam 21.1-14<br \/>\n<b>9.2<\/b> S\u00edba 2Sam 16.1-4; 19.25-31<br \/>\n<b>9.3<\/b> Sonur J\u00f3natans 2Sam 4.4<\/div>\n","protected":false},"excerpt":{"rendered":"<p>1Dav\u00ed\u00f0 sag\u00f0i: Er n\u00fa nokkur ma\u00f0ur eftir or\u00f0inn af h\u00fasi S\u00e1ls? Honum vil \u00e9g miskunn au\u00f0s\u00fdna fyrir sakir J\u00f3natans.2Af h\u00fasi S\u00e1ls var til ma\u00f0ur, er S\u00edba h\u00e9t. Hann var kalla\u00f0ur \u00e1 fund Dav\u00ed\u00f0s. Og konungur sag\u00f0i vi\u00f0 hann: Ert \u00fe\u00fa S\u00edba? Hann svara\u00f0i: \u00deinn \u00fej\u00f3nn!3\u00de\u00e1 m\u00e6lti konungur: Er nokkur eftir af h\u00fasi S\u00e1ls, a\u00f0 \u00e9g megi au\u00f0s\u00fdna honum miskunn Gu\u00f0s? S\u00edba sag\u00f0i vi\u00f0 konung: Enn er \u00e1 l\u00edfi sonur J\u00f3natans og er lami \u00e1 b\u00e1\u00f0um f\u00f3tum.4\u00de\u00e1 sag\u00f0i konungur vi\u00f0 hann: Hvar er hann? S\u00edba sag\u00f0i vi\u00f0 konung: Hann er \u00ed h\u00fasi Mak\u00edrs Amm\u00edelssonar \u00ed L\u00f3debar.5\u00de\u00e1 sendi Dav\u00ed\u00f0 konungur og l\u00e9t <a href=\"https:\/\/biblian.is\/1981\/sidari-samuelsbok-9-kafli\/\"> [&#8230;]<\/a><\/p>\n","protected":false},"author":1,"featured_media":0,"parent":0,"menu_order":0,"comment_status":"open","ping_status":"open","template":"bibliukaflar.php","meta":{"footnotes":""},"class_list":["post-1622","page","type-page","status-publish","hentry"],"_links":{"self":[{"href":"https:\/\/biblian.is\/1981\/wp-json\/wp\/v2\/pages\/1622","targetHints":{"allow":["GET"]}}],"collection":[{"href":"https:\/\/biblian.is\/1981\/wp-json\/wp\/v2\/pages"}],"about":[{"href":"https:\/\/biblian.is\/1981\/wp-json\/wp\/v2\/types\/page"}],"author":[{"embeddable":true,"href":"https:\/\/biblian.is\/1981\/wp-json\/wp\/v2\/users\/1"}],"replies":[{"embeddable":true,"href":"https:\/\/biblian.is\/1981\/wp-json\/wp\/v2\/comments?post=1622"}],"version-history":[{"count":0,"href":"https:\/\/biblian.is\/1981\/wp-json\/wp\/v2\/pages\/1622\/revisions"}],"wp:attachment":[{"href":"https:\/\/biblian.is\/1981\/wp-json\/wp\/v2\/media?parent=1622"}],"curies":[{"name":"wp","href":"https:\/\/api.w.org\/{rel}","templated":true}]}}