{"id":1619,"date":"2017-11-18T20:17:59","date_gmt":"2017-11-18T20:17:59","guid":{"rendered":"http:\/\/biblian.is\/1981\/sidari-samuelsbok-6-kafli\/"},"modified":"2021-06-06T11:10:56","modified_gmt":"2021-06-06T11:10:56","slug":"sidari-samuelsbok-6-kafli","status":"publish","type":"page","link":"https:\/\/biblian.is\/1981\/sidari-samuelsbok-6-kafli\/","title":{"rendered":"S\u00ed\u00f0ari Sam\u00faelsb\u00f3k 6. kafli"},"content":{"rendered":"<p><a name=\"1\"><span class=\"versanumer\">1<\/span><\/a>Dav\u00ed\u00f0 safna\u00f0i enn saman \u00f6llu einvalali\u00f0i \u00ed \u00cdsrael, \u00ferj\u00e1t\u00edu \u00fe\u00fasund manns.<a name=\"2\"><span class=\"versanumer\">2<\/span><\/a>S\u00ed\u00f0an t\u00f3k Dav\u00ed\u00f0 sig upp og lag\u00f0i af sta\u00f0 me\u00f0 allt \u00fea\u00f0 li\u00f0, sem hj\u00e1 honum var, til Baala \u00ed J\u00fada til \u00feess a\u00f0 flytja \u00fea\u00f0an \u00f6rk Gu\u00f0s, sem kennd er vi\u00f0 nafn Drottins allsherjar, hans sem situr uppi yfir ker\u00fabunum.<a name=\"3\"><span class=\"versanumer\">3<\/span><\/a>Og \u00feeir \u00f3ku \u00f6rk Gu\u00f0s \u00e1 n\u00fdjum vagni og t\u00f3ku hana \u00far h\u00fasi Ab\u00ednadabs, \u00fev\u00ed er st\u00f3\u00f0 \u00e1 h\u00e6\u00f0inni, og st\u00fdr\u00f0u \u00feeir \u00dassa og Ahj\u00f3, synir Ab\u00ednadabs, vagninum.<a name=\"4\"><span class=\"versanumer\">4<\/span><\/a>\u00dassa gekk me\u00f0 \u00f6rk Gu\u00f0s, en Ahj\u00f3 gekk fyrir \u00f6rkinni.<a name=\"5\"><span class=\"versanumer\">5<\/span><\/a>Og Dav\u00ed\u00f0 og allt \u00cdsraels h\u00fas dansa\u00f0i fyrir Drottni af \u00f6llum m\u00e6tti, me\u00f0 s\u00f6ng, g\u00edgjum, h\u00f6rpum, bumbum, bj\u00f6llum og sk\u00e1labumbum.<a name=\"6\"><span class=\"versanumer\">6<\/span><\/a>En er \u00feeir komu a\u00f0 \u00fereskivelli Nak\u00f3ns, greip \u00dassa hendinni \u00ed \u00f6rk Gu\u00f0s og h\u00e9lt fast \u00ed hana, \u00fev\u00ed a\u00f0 slaka\u00f0 haf\u00f0i veri\u00f0 \u00e1 taumhaldinu vi\u00f0 akneytin.<a name=\"7\"><span class=\"versanumer\">7<\/span><\/a>\u00de\u00e1 upptendra\u00f0ist rei\u00f0i Drottins gegn \u00dassa, og Gu\u00f0 laust hann \u00fear, af \u00fev\u00ed a\u00f0 hann haf\u00f0i gripi\u00f0 hendi sinni \u00ed \u00f6rkina, og d\u00f3 hann \u00fear hj\u00e1 \u00f6rk Gu\u00f0s.<a name=\"8\"><span class=\"versanumer\">8<\/span><\/a>En Dav\u00ed\u00f0 f\u00e9ll \u00fea\u00f0 \u00feungt, a\u00f0 Drottinn haf\u00f0i losti\u00f0 \u00dassa svo hart, og hefir \u00feessi sta\u00f0ur veri\u00f0 nefndur Peres \u00dassa allt fram \u00e1 \u00feennan dag.<a name=\"9\"><span class=\"versanumer\">9<\/span><\/a>Dav\u00ed\u00f0 var\u00f0 hr\u00e6ddur vi\u00f0 Drottin \u00e1 \u00feeim degi og sag\u00f0i: Hvernig m\u00e1 \u00fe\u00e1 \u00f6rk Drottins komast til m\u00edn?<a name=\"10\"><span class=\"versanumer\">10<\/span><\/a>Og Dav\u00ed\u00f0 vildi ekki flytja \u00f6rk Drottins til s\u00edn \u00ed Dav\u00ed\u00f0sborg, heldur sneri hann me\u00f0 hana til h\u00fass \u00d3be\u00f0 Ed\u00f3ms \u00ed Gat.<a name=\"11\"><span class=\"versanumer\">11<\/span><\/a>Og \u00f6rk Drottins var s\u00ed\u00f0an \u00ed h\u00fasi \u00d3be\u00f0 Ed\u00f3ms \u00ed Gat \u00ferj\u00e1 m\u00e1nu\u00f0i, og Drottinn blessa\u00f0i \u00d3be\u00f0 Ed\u00f3m og allt hans h\u00fas.<a name=\"12\"><span class=\"versanumer\">12<\/span><\/a>En er Dav\u00ed\u00f0 konungi komu \u00feau t\u00ed\u00f0indi: Drottinn hefir blessa\u00f0 h\u00fas \u00d3be\u00f0 Ed\u00f3ms og allt, sem hann \u00e1, sakir Gu\u00f0s arkar, \u00fe\u00e1 lag\u00f0i Dav\u00ed\u00f0 af sta\u00f0 og s\u00f3tti \u00f6rk Gu\u00f0s \u00ed h\u00fas \u00d3be\u00f0 Ed\u00f3ms og flutti hana til Dav\u00ed\u00f0sborgar me\u00f0 f\u00f6gnu\u00f0i.<a name=\"13\"><span class=\"versanumer\">13<\/span><\/a>Og er \u00feeir, sem b\u00e1ru \u00f6rk Drottins, h\u00f6f\u00f0u gengi\u00f0 sex skref, f\u00f3rna\u00f0i hann nauti og alik\u00e1lfi.<a name=\"14\"><span class=\"versanumer\">14<\/span><\/a>Og Dav\u00ed\u00f0 dansa\u00f0i af \u00f6llum m\u00e6tti fyrir Drottni, og var Dav\u00ed\u00f0 \u00fe\u00e1 gyrtur l\u00ednh\u00f6kli.<a name=\"15\"><span class=\"versanumer\">15<\/span><\/a>Og Dav\u00ed\u00f0 og allt \u00cdsraels h\u00fas flutti \u00f6rk Drottins upp me\u00f0 fagna\u00f0ar\u00f3pi og l\u00fa\u00f0urhlj\u00f3mi.<a name=\"16\"><span class=\"versanumer\">16<\/span><\/a>En er \u00f6rk Drottins kom \u00ed Dav\u00ed\u00f0sborg, leit M\u00edkal, d\u00f3ttir S\u00e1ls, \u00fat um gluggann, og er h\u00fan s\u00e1 Dav\u00ed\u00f0 konung vera a\u00f0 hoppa og dansa fyrir Drottni, fyrirleit h\u00fan hann \u00ed hjarta s\u00ednu.<a name=\"17\"><span class=\"versanumer\">17<\/span><\/a>\u00deeir fluttu \u00f6rk Drottins inn og settu hana \u00e1 sinn sta\u00f0 \u00ed tjaldi \u00fev\u00ed, sem Dav\u00ed\u00f0 haf\u00f0i reisa l\u00e1ti\u00f0 yfir hana, og Dav\u00ed\u00f0 f\u00e6r\u00f0i brennif\u00f3rnir frammi fyrir Drottni og heillaf\u00f3rnir.<a name=\"18\"><span class=\"versanumer\">18<\/span><\/a>Og er Dav\u00ed\u00f0 haf\u00f0i f\u00e6rt brennif\u00f3rnina og heillaf\u00f3rnirnar, blessa\u00f0i hann l\u00fd\u00f0inn \u00ed nafni Drottins allsherjar.<a name=\"19\"><span class=\"versanumer\">19<\/span><\/a>Hann \u00fathluta\u00f0i og \u00f6llu f\u00f3lkinu, \u00f6llum m\u00fag \u00cdsraels, b\u00e6\u00f0i k\u00f6rlum og konum, hverjum fyrir sig einni brau\u00f0k\u00f6ku, einu kj\u00f6tstykki og einni r\u00fas\u00ednuk\u00f6ku. S\u00ed\u00f0an f\u00f3r allur l\u00fd\u00f0urinn burt, hver heim til s\u00edn.<a name=\"20\"><span class=\"versanumer\">20<\/span><\/a>En er Dav\u00ed\u00f0 kom heim til \u00feess a\u00f0 heilsa f\u00f3lki s\u00ednu, gekk M\u00edkal, d\u00f3ttir S\u00e1ls, \u00e1 m\u00f3ti honum og m\u00e6lti: T\u00edgulegur var \u00cdsraelskonungurinn \u00ed dag, \u00fear sem hann bera\u00f0i sig \u00ed dag \u00ed augs\u00fdn amb\u00e1tta \u00fej\u00f3na sinna, eins og \u00feegar einhver af argasta skr\u00edlnum berar sig!<a name=\"21\"><span class=\"versanumer\">21<\/span><\/a>\u00de\u00e1 sag\u00f0i Dav\u00ed\u00f0 vi\u00f0 M\u00edkal: Fyrir Drottni vil \u00e9g dansa. Hann hefir teki\u00f0 mig fram yfir f\u00f6\u00f0ur \u00feinn og fram yfir allt hans h\u00fas og skipa\u00f0 mig h\u00f6f\u00f0ingja yfir l\u00fd\u00f0 Drottins, yfir \u00cdsrael, og fyrir Drottni vil \u00e9g leika<a name=\"22\"><span class=\"versanumer\">22<\/span><\/a>og l\u00edtill\u00e6kka mig enn meir en \u00feetta og l\u00edta sm\u00e1um augum \u00e1 sj\u00e1lfan mig. En me\u00f0 amb\u00e1ttunum, sem \u00fe\u00fa tala\u00f0ir um, hj\u00e1 \u00feeim mun \u00e9g ver\u00f0a vegsamlegur.<a name=\"23\"><span class=\"versanumer\">23<\/span><\/a>M\u00edkal, d\u00f3ttir S\u00e1ls, var barnlaus til dau\u00f0adags.<\/p>\n<div class=\"footnote1981\"><b>6.1<\/b> \u00d6llum vopnf\u00e6rum m\u00f6nnum 2Sam 10.9; 1Sam 24.3; 26.2<br \/>\n<b>6.2<\/b> Flytja \u00f6rkina 1Sam 7.1+ &#8211; situr yfir ker\u00fabunum 2M\u00f3s 25.22+<br \/>\n<b>6.3<\/b> N\u00fdr vagn 1Sam 6.7+<br \/>\n<b>6.5<\/b> Hlj\u00f3\u00f0f\u00e6ri Slm 150<br \/>\n<b>6.7<\/b> Rei\u00f0i Drotins 1Sam 5.6,9; 6.16; sbr 3M\u00f3s 10.1-6<br \/>\n<b>6.8<\/b> Nefndur 2Sam 2.16+<br \/>\n<b>6.9<\/b> Dav\u00ed\u00f0 var\u00f0 hr\u00e6ddur 1M\u00f3s 28.17; 2M\u00f3s 14.31; 1Sam 4.7; 12.18; &#8211; \u00f6rk Drottins 1Sam 5.7-11; 6.20<br \/>\n<b>6.10<\/b> Sneri me\u00f0 hana 1Sam 7.1<br \/>\n<b>6.11<\/b> Drottinn blessa\u00f0i 1Kro 26.4-5; sbr 1M\u00f3s 30.30; 39.5<br \/>\n<b>6.14<\/b> Dav\u00ed\u00f0 dansa\u00f0i sbr 1Kon 18.26<br \/>\n<b>6.16<\/b> \u00dat um glugga D\u00f3m 5.28; 2Kon 9.30<br \/>\n<b>6.17<\/b> \u00c1 sinn sta\u00f0 1Kon 8.6 \u2013 Dav\u00ed\u00f0 f\u00e6r\u00f0i f\u00f3rnir 1Kon 3.4; 8.63-64; 9.25; 2Kon 16.12-13; sbr 1Sam 13.7-15; 2Kro 26.16-20<br \/>\n<b>6.18<\/b> Blessa\u00f0i f\u00f3lki\u00f0 1Kon 8.14,55<br \/>\n<b>6.19-20<\/b> F\u00f3lki\u00f0 f\u00f3r burt 1Kro 16.43<br \/>\n<b>6.21<\/b> Sem hefur vali\u00f0 mig 1Sam 13.14; 16; 1Kon 8.16; Slm 78.70; 1Kro 28.4; 2Kro 6.6<\/div>\n","protected":false},"excerpt":{"rendered":"<p>1Dav\u00ed\u00f0 safna\u00f0i enn saman \u00f6llu einvalali\u00f0i \u00ed \u00cdsrael, \u00ferj\u00e1t\u00edu \u00fe\u00fasund manns.2S\u00ed\u00f0an t\u00f3k Dav\u00ed\u00f0 sig upp og lag\u00f0i af sta\u00f0 me\u00f0 allt \u00fea\u00f0 li\u00f0, sem hj\u00e1 honum var, til Baala \u00ed J\u00fada til \u00feess a\u00f0 flytja \u00fea\u00f0an \u00f6rk Gu\u00f0s, sem kennd er vi\u00f0 nafn Drottins allsherjar, hans sem situr uppi yfir ker\u00fabunum.3Og \u00feeir \u00f3ku \u00f6rk Gu\u00f0s \u00e1 n\u00fdjum vagni og t\u00f3ku hana \u00far h\u00fasi Ab\u00ednadabs, \u00fev\u00ed er st\u00f3\u00f0 \u00e1 h\u00e6\u00f0inni, og st\u00fdr\u00f0u \u00feeir \u00dassa og Ahj\u00f3, synir Ab\u00ednadabs, vagninum.4\u00dassa gekk me\u00f0 \u00f6rk Gu\u00f0s, en Ahj\u00f3 gekk fyrir \u00f6rkinni.5Og Dav\u00ed\u00f0 og allt \u00cdsraels h\u00fas dansa\u00f0i fyrir Drottni af \u00f6llum m\u00e6tti, me\u00f0 s\u00f6ng, <a href=\"https:\/\/biblian.is\/1981\/sidari-samuelsbok-6-kafli\/\"> [&#8230;]<\/a><\/p>\n","protected":false},"author":1,"featured_media":0,"parent":0,"menu_order":0,"comment_status":"open","ping_status":"open","template":"bibliukaflar.php","meta":{"footnotes":""},"class_list":["post-1619","page","type-page","status-publish","hentry"],"_links":{"self":[{"href":"https:\/\/biblian.is\/1981\/wp-json\/wp\/v2\/pages\/1619","targetHints":{"allow":["GET"]}}],"collection":[{"href":"https:\/\/biblian.is\/1981\/wp-json\/wp\/v2\/pages"}],"about":[{"href":"https:\/\/biblian.is\/1981\/wp-json\/wp\/v2\/types\/page"}],"author":[{"embeddable":true,"href":"https:\/\/biblian.is\/1981\/wp-json\/wp\/v2\/users\/1"}],"replies":[{"embeddable":true,"href":"https:\/\/biblian.is\/1981\/wp-json\/wp\/v2\/comments?post=1619"}],"version-history":[{"count":0,"href":"https:\/\/biblian.is\/1981\/wp-json\/wp\/v2\/pages\/1619\/revisions"}],"wp:attachment":[{"href":"https:\/\/biblian.is\/1981\/wp-json\/wp\/v2\/media?parent=1619"}],"curies":[{"name":"wp","href":"https:\/\/api.w.org\/{rel}","templated":true}]}}