{"id":1604,"date":"2017-11-18T20:17:55","date_gmt":"2017-11-18T20:17:55","guid":{"rendered":"http:\/\/biblian.is\/1981\/fyrri-samuelsbok-22-kafli\/"},"modified":"2021-06-06T10:57:19","modified_gmt":"2021-06-06T10:57:19","slug":"fyrri-samuelsbok-22-kafli","status":"publish","type":"page","link":"https:\/\/biblian.is\/1981\/fyrri-samuelsbok-22-kafli\/","title":{"rendered":"Fyrri Sam\u00faelsb\u00f3k 22. kafli"},"content":{"rendered":"<p><a name=\"1\"><span class=\"versanumer\">1<\/span><\/a>Dav\u00ed\u00f0 f\u00f3r \u00fea\u00f0an og komst undan \u00ed Ad\u00fallamhelli. Og er br\u00e6\u00f0ur hans og allt h\u00fas f\u00f6\u00f0ur hans fr\u00e9ttu \u00fea\u00f0, komu \u00feeir \u00feanga\u00f0 til hans.<a name=\"2\"><span class=\"versanumer\">2<\/span><\/a>Og allir nau\u00f0staddir menn s\u00f6fnu\u00f0ust til hans og allir \u00feeir, sem komnir voru \u00ed skuldir, svo og allir \u00feeir, er \u00f3\u00e1n\u00e6g\u00f0ir voru, og gj\u00f6r\u00f0ist hann h\u00f6f\u00f0ingi \u00feeirra. Voru n\u00fa me\u00f0 honum um fj\u00f6gur hundru\u00f0 manns.<a name=\"3\"><span class=\"versanumer\">3<\/span><\/a>Dav\u00ed\u00f0 f\u00f3r \u00fea\u00f0an til Mispe \u00ed M\u00f3ab og sag\u00f0i vi\u00f0 M\u00f3abskonung: Leyf f\u00f6\u00f0ur m\u00ednum og m\u00f3\u00f0ur minni a\u00f0 vera h\u00e9r hj\u00e1 y\u00f0ur, uns \u00e9g f\u00e6 a\u00f0 vita, hva\u00f0 Gu\u00f0 gj\u00f6rir vi\u00f0 mig.<a name=\"4\"><span class=\"versanumer\">4<\/span><\/a>S\u00ed\u00f0an skildi hann \u00feau eftir hj\u00e1 M\u00f3abskonungi, og \u00feau voru hj\u00e1 honum me\u00f0an Dav\u00ed\u00f0 var \u00ed virkinu.<a name=\"5\"><span class=\"versanumer\">5<\/span><\/a>Og Ga\u00f0 sp\u00e1ma\u00f0ur sag\u00f0i vi\u00f0 Dav\u00ed\u00f0: \u00de\u00fa skalt ekki vera kyrr \u00ed virkinu. Haf \u00feig \u00e1 braut og far til J\u00fada. \u00de\u00e1 f\u00f3r Dav\u00ed\u00f0 af sta\u00f0 og kom \u00ed Heretsk\u00f3g.<a name=\"6\"><span class=\"versanumer\">6<\/span><\/a>N\u00fa fr\u00e9ttir S\u00e1l, a\u00f0 Dav\u00ed\u00f0 s\u00e9 fundinn og \u00feeir menn, sem me\u00f0 honum voru. S\u00e1l sat \u00ed G\u00edbeu undir tamarisktr\u00e9nu \u00e1 h\u00e6\u00f0inni og haf\u00f0i spj\u00f3t \u00ed hendi, og allir \u00fej\u00f3nar hans st\u00f3\u00f0u umhverfis hann.<a name=\"7\"><span class=\"versanumer\">7<\/span><\/a>\u00de\u00e1 m\u00e6lti S\u00e1l vi\u00f0 \u00fej\u00f3na s\u00edna, sem st\u00f3\u00f0u umhverfis hann: Heyri\u00f0, \u00fe\u00e9r Benjam\u00edn\u00edtar! \u00c6tli \u00cdsa\u00edsonur gefi y\u00f0ur \u00f6llum akra og v\u00edngar\u00f0a og gj\u00f6ri y\u00f0ur alla a\u00f0 hersveitarforingjum og hundra\u00f0sh\u00f6f\u00f0ingjum?<a name=\"8\"><span class=\"versanumer\">8<\/span><\/a>\u00de\u00e9r hafi\u00f0 allir gj\u00f6rt sams\u00e6ri \u00e1 m\u00f3ti m\u00e9r, og enginn sag\u00f0i m\u00e9r fr\u00e1 \u00fev\u00ed, \u00feegar sonur minn gj\u00f6r\u00f0i bandalag vi\u00f0 \u00cdsa\u00edson, og enginn y\u00f0ar hefir kennt \u00ed brj\u00f3sti um mig og sagt m\u00e9r fr\u00e1 \u00fev\u00ed, a\u00f0 sonur minn hefir eflt \u00feegn minn til fjandskapar \u00ed m\u00f3ti m\u00e9r, eins og n\u00fa er fram komi\u00f0.<a name=\"9\"><span class=\"versanumer\">9<\/span><\/a>\u00de\u00e1 t\u00f3k D\u00f3eg Ed\u00f3m\u00edti til m\u00e1ls, en hann st\u00f3\u00f0 hj\u00e1 \u00fej\u00f3num S\u00e1ls og m\u00e6lti: \u00c9g s\u00e1 \u00cdsa\u00edson koma til N\u00f3b, til Ah\u00edmeleks Ah\u00edt\u00fabssonar,<a name=\"10\"><span class=\"versanumer\">10<\/span><\/a>og gekk hann til fr\u00e9tta vi\u00f0 Drottin fyrir hann. Hann gaf honum og vistir, og sver\u00f0 Gol\u00edats Filista f\u00e9kk hann honum.<a name=\"11\"><span class=\"versanumer\">11<\/span><\/a>\u00de\u00e1 sendi konungur eftir Ah\u00edmelek presti Ah\u00edt\u00fabssyni og \u00f6llu fr\u00e6ndli\u00f0i hans, prestunum \u00ed N\u00f3b, og \u00feeir komu allir \u00e1 konungs fund.<a name=\"12\"><span class=\"versanumer\">12<\/span><\/a>\u00de\u00e1 m\u00e6lti S\u00e1l: Heyr \u00fe\u00fa, Ah\u00edt\u00fabsson! Hann svara\u00f0i: H\u00e9r er \u00e9g, herra minn!<a name=\"13\"><span class=\"versanumer\">13<\/span><\/a>S\u00e1l m\u00e6lti til hans: Hv\u00ed hafi\u00f0 \u00fei\u00f0 gj\u00f6rt sams\u00e6ri \u00ed m\u00f3ti m\u00e9r, \u00fe\u00fa og \u00cdsa\u00edson, \u00fear sem \u00fe\u00fa f\u00e9kkst honum brau\u00f0 og sver\u00f0 og gekkst til fr\u00e9tta vi\u00f0 Gu\u00f0 fyrir hann, svo a\u00f0 hann g\u00e6ti risi\u00f0 til fjandskapar \u00ed gegn m\u00e9r, eins og n\u00fa er fram komi\u00f0?<a name=\"14\"><span class=\"versanumer\">14<\/span><\/a>Ah\u00edmelek svara\u00f0i konungi og m\u00e6lti: Hver er svo tr\u00far sem Dav\u00ed\u00f0 me\u00f0al allra \u00fej\u00f3na \u00feinna, tengdasonur konungsins, foringi l\u00edfvar\u00f0ar \u00fe\u00edns og mikils metinn \u00ed h\u00fasi \u00fe\u00ednu?<a name=\"15\"><span class=\"versanumer\">15<\/span><\/a>Er \u00feetta \u00fe\u00e1 \u00ed fyrsta sinni, sem \u00e9g geng til fr\u00e9tta vi\u00f0 Gu\u00f0 fyrir hann? Fjarri fer \u00fev\u00ed. Konungur m\u00e1 eigi gefa \u00fej\u00f3ni s\u00ednum og \u00f6llu fr\u00e6ndli\u00f0i m\u00ednu s\u00f6k \u00e1 \u00feessu, \u00fev\u00ed a\u00f0 \u00fej\u00f3nn \u00feinn vissi alls ekki neitt um \u00feetta.<a name=\"16\"><span class=\"versanumer\">16<\/span><\/a>En konungur m\u00e6lti: \u00de\u00fa skalt l\u00edfi\u00f0 l\u00e1ta, Ah\u00edmelek, \u00fe\u00fa og allt fr\u00e6ndli\u00f0 \u00feitt.<a name=\"17\"><span class=\"versanumer\">17<\/span><\/a>Og konungur m\u00e6lti til var\u00f0mannanna, sem hj\u00e1 honum st\u00f3\u00f0u: Komi\u00f0 hinga\u00f0 og dey\u00f0i\u00f0 presta Drottins, \u00fev\u00ed a\u00f0 einnig \u00feeir hafa hj\u00e1lpa\u00f0 Dav\u00ed\u00f0. Og \u00fe\u00f3tt \u00feeir vissu, a\u00f0 hann var a\u00f0 fl\u00fdja, \u00fe\u00e1 l\u00e9tu \u00feeir mig ekki vita \u00fea\u00f0. En \u00fej\u00f3nar konungs vildu ekki leggja hendur \u00e1 presta Drottins.<a name=\"18\"><span class=\"versanumer\">18<\/span><\/a>\u00de\u00e1 sag\u00f0i konungur vi\u00f0 D\u00f3eg: Kom \u00fe\u00fa hinga\u00f0 og drep \u00fe\u00fa prestana. Og D\u00f3eg Ed\u00f3m\u00edti gekk \u00feanga\u00f0, og hann drap prestana og deyddi \u00e1 \u00feeim degi \u00e1ttat\u00edu og fimm menn, sem b\u00e1ru l\u00ednh\u00f6kul.<a name=\"19\"><span class=\"versanumer\">19<\/span><\/a>&#8222;Og N\u00f3b, borg prestanna, eyddi hann me\u00f0 sver\u00f0seggjum; b\u00e6\u00f0i karla og konur, b\u00f6rn og brj\u00f3stmylkinga, uxa, asna og sau\u00f0i felldi hann me\u00f0 sver\u00f0seggjum.&#8220;<a name=\"20\"><span class=\"versanumer\">20<\/span><\/a>A\u00f0eins einn af sonum Ah\u00edmeleks Ah\u00edt\u00fabssonar komst undan. Hann h\u00e9t Abjatar og fl\u00fd\u00f0i til Dav\u00ed\u00f0s og gekk \u00ed sveit me\u00f0 honum.<a name=\"21\"><span class=\"versanumer\">21<\/span><\/a>Og Abjatar sag\u00f0i Dav\u00ed\u00f0 fr\u00e1, a\u00f0 S\u00e1l hef\u00f0i myrt presta Drottins.<a name=\"22\"><span class=\"versanumer\">22<\/span><\/a>Dav\u00ed\u00f0 sag\u00f0i vi\u00f0 Abjatar: \u00c9g vissi \u00fea\u00f0 \u00fe\u00e1 \u00feegar, \u00far \u00fev\u00ed a\u00f0 D\u00f3eg Ed\u00f3m\u00edti var \u00fear, a\u00f0 hann mundi segja S\u00e1l fr\u00e1 \u00fev\u00ed. \u00c9g \u00e1 s\u00f6k \u00e1 l\u00edfl\u00e1ti allra \u00e6ttmenna \u00feinna.<a name=\"23\"><span class=\"versanumer\">23<\/span><\/a>Vertu hj\u00e1 m\u00e9r og \u00f3ttast ekki, \u00fev\u00ed a\u00f0 s\u00e1 sem leitar eftir m\u00ednu l\u00edfi, leitar eftir \u00fe\u00ednu l\u00edfi. Hj\u00e1 m\u00e9r er \u00fe\u00e9r \u00f3h\u00e6tt.<\/p>\n<div class=\"footnote1981\"><b>22.1<\/b> Komst undan Slm 57.1; 142.1<br \/>\n<b>22.2<\/b> A\u00f0 honum 2Sam 15.1-6<br \/>\n<b>22.3<\/b> F\u00f6\u00f0ur m\u00ednum og m\u00f3\u00f0ir 2M\u00f3s 20.12; Matt 15.3-6 og hlst.<br \/>\n<b>22.7<\/b> V\u00edngar\u00f0ar 1Sam 8.12,14-15<br \/>\n<b>22.8<\/b> Gj\u00f6r\u00f0i s\u00e1ttm\u00e1la 1Sam 18.3<br \/>\n<b>22.9<\/b> D\u00f3eg 1Sam 21.8; Slm 52.1<br \/>\n<b>22.14<\/b> \u00cd miklum metum 1Sam 18.17-30<br \/>\n<b>22.17<\/b> Vildu ekki Slm 105.15<br \/>\n<b>22.19<\/b> Eyddi 1Sam 15.3<br \/>\n<b>22.20<\/b> Einn komst undan 2Kon 11.2; Job 1.15,16,17,19 \u2013 Abjatar 1Kon 2.26-27<\/div>\n","protected":false},"excerpt":{"rendered":"<p>1Dav\u00ed\u00f0 f\u00f3r \u00fea\u00f0an og komst undan \u00ed Ad\u00fallamhelli. Og er br\u00e6\u00f0ur hans og allt h\u00fas f\u00f6\u00f0ur hans fr\u00e9ttu \u00fea\u00f0, komu \u00feeir \u00feanga\u00f0 til hans.2Og allir nau\u00f0staddir menn s\u00f6fnu\u00f0ust til hans og allir \u00feeir, sem komnir voru \u00ed skuldir, svo og allir \u00feeir, er \u00f3\u00e1n\u00e6g\u00f0ir voru, og gj\u00f6r\u00f0ist hann h\u00f6f\u00f0ingi \u00feeirra. Voru n\u00fa me\u00f0 honum um fj\u00f6gur hundru\u00f0 manns.3Dav\u00ed\u00f0 f\u00f3r \u00fea\u00f0an til Mispe \u00ed M\u00f3ab og sag\u00f0i vi\u00f0 M\u00f3abskonung: Leyf f\u00f6\u00f0ur m\u00ednum og m\u00f3\u00f0ur minni a\u00f0 vera h\u00e9r hj\u00e1 y\u00f0ur, uns \u00e9g f\u00e6 a\u00f0 vita, hva\u00f0 Gu\u00f0 gj\u00f6rir vi\u00f0 mig.4S\u00ed\u00f0an skildi hann \u00feau eftir hj\u00e1 M\u00f3abskonungi, og \u00feau voru hj\u00e1 honum <a href=\"https:\/\/biblian.is\/1981\/fyrri-samuelsbok-22-kafli\/\"> [&#8230;]<\/a><\/p>\n","protected":false},"author":1,"featured_media":0,"parent":0,"menu_order":0,"comment_status":"open","ping_status":"open","template":"bibliukaflar.php","meta":{"footnotes":""},"class_list":["post-1604","page","type-page","status-publish","hentry"],"_links":{"self":[{"href":"https:\/\/biblian.is\/1981\/wp-json\/wp\/v2\/pages\/1604","targetHints":{"allow":["GET"]}}],"collection":[{"href":"https:\/\/biblian.is\/1981\/wp-json\/wp\/v2\/pages"}],"about":[{"href":"https:\/\/biblian.is\/1981\/wp-json\/wp\/v2\/types\/page"}],"author":[{"embeddable":true,"href":"https:\/\/biblian.is\/1981\/wp-json\/wp\/v2\/users\/1"}],"replies":[{"embeddable":true,"href":"https:\/\/biblian.is\/1981\/wp-json\/wp\/v2\/comments?post=1604"}],"version-history":[{"count":0,"href":"https:\/\/biblian.is\/1981\/wp-json\/wp\/v2\/pages\/1604\/revisions"}],"wp:attachment":[{"href":"https:\/\/biblian.is\/1981\/wp-json\/wp\/v2\/media?parent=1604"}],"curies":[{"name":"wp","href":"https:\/\/api.w.org\/{rel}","templated":true}]}}