{"id":1601,"date":"2017-11-18T20:17:55","date_gmt":"2017-11-18T20:17:55","guid":{"rendered":"http:\/\/biblian.is\/1981\/fyrri-samuelsbok-19-kafli\/"},"modified":"2021-06-06T10:57:17","modified_gmt":"2021-06-06T10:57:17","slug":"fyrri-samuelsbok-19-kafli","status":"publish","type":"page","link":"https:\/\/biblian.is\/1981\/fyrri-samuelsbok-19-kafli\/","title":{"rendered":"Fyrri Sam\u00faelsb\u00f3k 19. kafli"},"content":{"rendered":"<p><a name=\"1\"><span class=\"versanumer\">1<\/span><\/a>S\u00e1l tala\u00f0i vi\u00f0 J\u00f3natan son sinn og vi\u00f0 alla \u00fej\u00f3na s\u00edna um a\u00f0 drepa Dav\u00ed\u00f0. En J\u00f3natan, sonur S\u00e1ls, haf\u00f0i miklar m\u00e6tur \u00e1 Dav\u00ed\u00f0.<a name=\"2\"><span class=\"versanumer\">2<\/span><\/a>Fyrir \u00fev\u00ed sag\u00f0i J\u00f3natan Dav\u00ed\u00f0 fr\u00e1 \u00feessu og m\u00e6lti: S\u00e1l fa\u00f0ir minn situr um a\u00f0 drepa \u00feig. Ver \u00fev\u00ed var um \u00feig \u00e1 morgun snemma og fel \u00feig og ver \u00fe\u00fa kyrr \u00ed \u00fev\u00ed leyni.<a name=\"3\"><span class=\"versanumer\">3<\/span><\/a>&#8222;En \u00e9g \u00e6tla sj\u00e1lfur a\u00f0 fara \u00fat og nema sta\u00f0ar vi\u00f0 hli\u00f0 f\u00f6\u00f0ur m\u00edns \u00e1 m\u00f6rkinni, \u00fear sem \u00fe\u00fa ert, og \u00e9g \u00e6tla a\u00f0 tala um \u00feig vi\u00f0 f\u00f6\u00f0ur minn; og ef \u00e9g ver\u00f0 nokkurs v\u00edsari, mun \u00e9g segja \u00fe\u00e9r \u00fea\u00f0.&#8220;<a name=\"4\"><span class=\"versanumer\">4<\/span><\/a>J\u00f3natan tala\u00f0i vel um Dav\u00ed\u00f0 vi\u00f0 S\u00e1l f\u00f6\u00f0ur sinn og sag\u00f0i vi\u00f0 hann: Syndgast \u00fe\u00fa ekki, konungur, \u00e1 Dav\u00ed\u00f0 \u00fej\u00f3ni \u00fe\u00ednum, \u00fev\u00ed a\u00f0 hann hefir ekki syndga\u00f0 \u00e1 m\u00f3ti \u00fe\u00e9r og verk hans hafa veri\u00f0 \u00fe\u00e9r mj\u00f6g gagnleg.<a name=\"5\"><span class=\"versanumer\">5<\/span><\/a>Hann lag\u00f0i l\u00edf sitt \u00ed h\u00e6ttu og felldi Filistann, og \u00feannig veitti Drottinn \u00f6llum \u00cdsrael mikinn sigur. \u00de\u00fa s\u00e1st \u00fea\u00f0 og gladdist. Hvers vegna vilt \u00fe\u00fa syndgast \u00e1 saklausu bl\u00f3\u00f0i me\u00f0 \u00fev\u00ed a\u00f0 dey\u00f0a Dav\u00ed\u00f0 \u00e1n saka?<a name=\"6\"><span class=\"versanumer\">6<\/span><\/a>S\u00e1l skipa\u00f0ist vi\u00f0 or\u00f0 J\u00f3natans og s\u00f3r: Svo sannarlega sem Drottinn lifir, \u00fe\u00e1 skal hann ekki ver\u00f0a drepinn.<a name=\"7\"><span class=\"versanumer\">7<\/span><\/a>\u00de\u00e1 kalla\u00f0i J\u00f3natan \u00e1 Dav\u00ed\u00f0 og tj\u00e1\u00f0i honum \u00f6ll \u00feessi or\u00f0. S\u00ed\u00f0an leiddi J\u00f3natan Dav\u00ed\u00f0 til S\u00e1ls, og hann var hj\u00e1 honum sem \u00e1\u00f0ur.<a name=\"8\"><span class=\"versanumer\">8<\/span><\/a>Er \u00f3fri\u00f0ur h\u00f3fst a\u00f0 n\u00fdju, f\u00f3r Dav\u00ed\u00f0 og bar\u00f0ist vi\u00f0 Filista og felldi mikinn fj\u00f6lda af \u00feeim, svo a\u00f0 \u00feeir fl\u00fd\u00f0u fyrir honum.<a name=\"9\"><span class=\"versanumer\">9<\/span><\/a>&#8222;\u00de\u00e1 kom illur andi fr\u00e1 Drottni yfir S\u00e1l; en hann sat \u00ed h\u00fasi s\u00ednu og haf\u00f0i spj\u00f3t \u00ed hendi s\u00e9r, og Dav\u00ed\u00f0 l\u00e9k h\u00f6rpuna hendi sinni.&#8220;<a name=\"10\"><span class=\"versanumer\">10<\/span><\/a>\u00de\u00e1 reyndi S\u00e1l a\u00f0 reka Dav\u00ed\u00f0 \u00ed gegn me\u00f0 spj\u00f3tinu upp vi\u00f0 vegginn, en hann skaut s\u00e9r undan S\u00e1l, svo a\u00f0 hann rak spj\u00f3ti\u00f0 inn \u00ed vegginn. Og Dav\u00ed\u00f0 fl\u00fd\u00f0i og komst undan.<a name=\"11\"><span class=\"versanumer\">11<\/span><\/a>Hina s\u00f6mu n\u00f3tt sendi S\u00e1l sendimenn \u00ed h\u00fas Dav\u00ed\u00f0s til \u00feess a\u00f0 hafa g\u00e6tur \u00e1 honum, svo a\u00f0 hann fengi drepi\u00f0 hann um morguninn. En M\u00edkal, kona hans, sag\u00f0i Dav\u00ed\u00f0 fr\u00e1 og m\u00e6lti: Ef \u00fe\u00fa for\u00f0ar ekki l\u00edfi \u00fe\u00ednu \u00ed n\u00f3tt, \u00fe\u00e1 ver\u00f0ur \u00fe\u00fa drepinn \u00e1 morgun.<a name=\"12\"><span class=\"versanumer\">12<\/span><\/a>\u00de\u00e1 l\u00e9t M\u00edkal Dav\u00ed\u00f0 s\u00edga ni\u00f0ur \u00fat um gluggann, og hann f\u00f3r og fl\u00fd\u00f0i og komst undan.<a name=\"13\"><span class=\"versanumer\">13<\/span><\/a>S\u00ed\u00f0an t\u00f3k M\u00edkal h\u00fasgo\u00f0i\u00f0 og lag\u00f0i \u00ed r\u00fami\u00f0, og h\u00fan lag\u00f0i bl\u00e6ju \u00far geitarh\u00e1ri yfir h\u00f6f\u00f0alagi\u00f0 og breiddi \u00e1brei\u00f0u yfir.<a name=\"14\"><span class=\"versanumer\">14<\/span><\/a>Og \u00feegar S\u00e1l sendi menn til \u00feess a\u00f0 s\u00e6kja Dav\u00ed\u00f0, \u00fe\u00e1 sag\u00f0i h\u00fan: Hann er sj\u00fakur.<a name=\"15\"><span class=\"versanumer\">15<\/span><\/a>\u00de\u00e1 sendi S\u00e1l mennina aftur til a\u00f0 vitja um Dav\u00ed\u00f0 og sag\u00f0i: F\u00e6ri\u00f0 m\u00e9r hann \u00ed r\u00faminu, til \u00feess a\u00f0 \u00e9g geti drepi\u00f0 hann.<a name=\"16\"><span class=\"versanumer\">16<\/span><\/a>En er sendimennirnir komu, sj\u00e1, \u00fe\u00e1 l\u00e1 h\u00fasgo\u00f0i\u00f0 \u00ed r\u00faminu og geitarh\u00e1rsbl\u00e6jan yfir h\u00f6f\u00f0alaginu.<a name=\"17\"><span class=\"versanumer\">17<\/span><\/a>\u00de\u00e1 sag\u00f0i S\u00e1l vi\u00f0 M\u00edkal: Hv\u00ed hefir \u00fe\u00fa sviki\u00f0 mig svo og l\u00e1ti\u00f0 \u00f3vin minn \u00ed burt fara, svo a\u00f0 hann hefir komist undan? M\u00edkal sag\u00f0i vi\u00f0 S\u00e1l: Hann sag\u00f0i vi\u00f0 mig: L\u00e1t mig komast burt, ella mun \u00e9g drepa \u00feig!<a name=\"18\"><span class=\"versanumer\">18<\/span><\/a>Dav\u00ed\u00f0 fl\u00fd\u00f0i og komst undan og kom til Sam\u00faels \u00ed Rama og sag\u00f0i honum fr\u00e1 \u00f6llu, sem S\u00e1l haf\u00f0i gj\u00f6rt honum. Og hann f\u00f3r me\u00f0 Sam\u00fael og \u00feeir bjuggu \u00ed Naj\u00f3t.<a name=\"19\"><span class=\"versanumer\">19<\/span><\/a>N\u00fa var S\u00e1l sagt svo fr\u00e1: Sj\u00e1, Dav\u00ed\u00f0 er \u00ed Naj\u00f3t \u00ed Rama!<a name=\"20\"><span class=\"versanumer\">20<\/span><\/a>Sendi S\u00e1l \u00fe\u00e1 menn til a\u00f0 s\u00e6kja Dav\u00ed\u00f0. En er \u00feeir s\u00e1u h\u00f3p sp\u00e1manna, sem voru \u00ed sp\u00e1mannlegum gu\u00f0m\u00f3\u00f0i, og Sam\u00fael standa \u00fear sem foringja \u00feeirra, \u00fe\u00e1 kom Gu\u00f0s andi yfir sendimenn S\u00e1ls, svo a\u00f0 \u00feeir komust einnig \u00ed sp\u00e1mannlegan gu\u00f0m\u00f3\u00f0.<a name=\"21\"><span class=\"versanumer\">21<\/span><\/a>Og menn s\u00f6g\u00f0u S\u00e1l fr\u00e1 \u00feessu, og hann sendi a\u00f0ra menn, en \u00feeir komust einnig \u00ed sp\u00e1mannlegan gu\u00f0m\u00f3\u00f0. \u00de\u00e1 sendi S\u00e1l enn menn hi\u00f0 \u00feri\u00f0ja sinn, en \u00feeir komust einnig \u00ed sp\u00e1mannlegan gu\u00f0m\u00f3\u00f0.<a name=\"22\"><span class=\"versanumer\">22<\/span><\/a>\u00de\u00e1 f\u00f3r hann sj\u00e1lfur til Rama. Og er hann kom a\u00f0 vatns\u00fer\u00f3nni miklu \u00ed Sek\u00f3, \u00fe\u00e1 spur\u00f0i hann og m\u00e6lti: Hvar eru \u00feeir Sam\u00fael og Dav\u00ed\u00f0? Og menn s\u00f6g\u00f0u: \u00deeir eru \u00ed Naj\u00f3t \u00ed Rama.<a name=\"23\"><span class=\"versanumer\">23<\/span><\/a>En er hann f\u00f3r \u00fea\u00f0an til Naj\u00f3t \u00ed Rama, \u00fe\u00e1 kom og Gu\u00f0s andi yfir hann, og var hann st\u00f6\u00f0ugt \u00ed sp\u00e1mannlegum gu\u00f0m\u00f3\u00f0i alla lei\u00f0ina til Naj\u00f3t \u00ed Rama.<a name=\"24\"><span class=\"versanumer\">24<\/span><\/a>\u00de\u00e1 f\u00f3r hann einnig af kl\u00e6\u00f0um s\u00ednum, og hann var l\u00edka \u00ed sp\u00e1mannlegum gu\u00f0m\u00f3\u00f0i frammi fyrir Sam\u00fael og l\u00e1 \u00fear nakinn allan \u00feennan dag og alla n\u00f3ttina. Fyrir \u00fev\u00ed segja menn: Er og S\u00e1l me\u00f0al sp\u00e1mannanna?<\/p>\n<div class=\"footnote1981\"><b>19.1<\/b> J\u00f3natan og Dav\u00ed\u00f0 18.1+<br \/>\n<b>19.5<\/b> Saklaust bl\u00f3\u00f0 5M\u00f3s 19.10,13; 21.8-9; 27.25; 2Kon 21.16; 24.4<br \/>\n<b>19.9<\/b> Illur andi 1Sam 16.14<br \/>\n<b>19.11<\/b> S\u00e1l sendi \u2026 Slm 59.1<br \/>\n<b>19.12<\/b> \u00dat um glugga J\u00f3s 2.15; Post 9.25; 2Kor 11.32-33<br \/>\n<b>19.21<\/b> Sendi a\u00f0ra menn 2Kon 1.9-14<br \/>\n<b>19.23<\/b> Sp\u00e1mannleg lei\u00f0sla 1Sam 10.6,10<br \/>\n<b>19.24<\/b> \u00cd h\u00f3pi sp\u00e1mannanna 1Sam 10.12<\/div>\n","protected":false},"excerpt":{"rendered":"<p>1S\u00e1l tala\u00f0i vi\u00f0 J\u00f3natan son sinn og vi\u00f0 alla \u00fej\u00f3na s\u00edna um a\u00f0 drepa Dav\u00ed\u00f0. En J\u00f3natan, sonur S\u00e1ls, haf\u00f0i miklar m\u00e6tur \u00e1 Dav\u00ed\u00f0.2Fyrir \u00fev\u00ed sag\u00f0i J\u00f3natan Dav\u00ed\u00f0 fr\u00e1 \u00feessu og m\u00e6lti: S\u00e1l fa\u00f0ir minn situr um a\u00f0 drepa \u00feig. Ver \u00fev\u00ed var um \u00feig \u00e1 morgun snemma og fel \u00feig og ver \u00fe\u00fa kyrr \u00ed \u00fev\u00ed leyni.3&#8222;En \u00e9g \u00e6tla sj\u00e1lfur a\u00f0 fara \u00fat og nema sta\u00f0ar vi\u00f0 hli\u00f0 f\u00f6\u00f0ur m\u00edns \u00e1 m\u00f6rkinni, \u00fear sem \u00fe\u00fa ert, og \u00e9g \u00e6tla a\u00f0 tala um \u00feig vi\u00f0 f\u00f6\u00f0ur minn; og ef \u00e9g ver\u00f0 nokkurs v\u00edsari, mun \u00e9g segja \u00fe\u00e9r \u00fea\u00f0.&#8220;4J\u00f3natan tala\u00f0i vel <a href=\"https:\/\/biblian.is\/1981\/fyrri-samuelsbok-19-kafli\/\"> [&#8230;]<\/a><\/p>\n","protected":false},"author":1,"featured_media":0,"parent":0,"menu_order":0,"comment_status":"open","ping_status":"open","template":"bibliukaflar.php","meta":{"footnotes":""},"class_list":["post-1601","page","type-page","status-publish","hentry"],"_links":{"self":[{"href":"https:\/\/biblian.is\/1981\/wp-json\/wp\/v2\/pages\/1601","targetHints":{"allow":["GET"]}}],"collection":[{"href":"https:\/\/biblian.is\/1981\/wp-json\/wp\/v2\/pages"}],"about":[{"href":"https:\/\/biblian.is\/1981\/wp-json\/wp\/v2\/types\/page"}],"author":[{"embeddable":true,"href":"https:\/\/biblian.is\/1981\/wp-json\/wp\/v2\/users\/1"}],"replies":[{"embeddable":true,"href":"https:\/\/biblian.is\/1981\/wp-json\/wp\/v2\/comments?post=1601"}],"version-history":[{"count":0,"href":"https:\/\/biblian.is\/1981\/wp-json\/wp\/v2\/pages\/1601\/revisions"}],"wp:attachment":[{"href":"https:\/\/biblian.is\/1981\/wp-json\/wp\/v2\/media?parent=1601"}],"curies":[{"name":"wp","href":"https:\/\/api.w.org\/{rel}","templated":true}]}}