{"id":1594,"date":"2017-11-18T20:17:55","date_gmt":"2017-11-18T20:17:55","guid":{"rendered":"http:\/\/biblian.is\/1981\/fyrri-samuelsbok-12-kafli\/"},"modified":"2021-06-06T10:57:14","modified_gmt":"2021-06-06T10:57:14","slug":"fyrri-samuelsbok-12-kafli","status":"publish","type":"page","link":"https:\/\/biblian.is\/1981\/fyrri-samuelsbok-12-kafli\/","title":{"rendered":"Fyrri Sam\u00faelsb\u00f3k 12. kafli"},"content":{"rendered":"<p><a name=\"1\"><span class=\"versanumer\">1<\/span><\/a>Sam\u00fael m\u00e6lti til alls \u00cdsraels: Sj\u00e1, \u00e9g hefi l\u00e1ti\u00f0 a\u00f0 or\u00f0um y\u00f0ar \u00ed \u00f6llu \u00fev\u00ed, sem \u00fe\u00e9r hafi\u00f0 bei\u00f0st af m\u00e9r, og \u00e9g hefi sett yfir y\u00f0ur konung.<a name=\"2\"><span class=\"versanumer\">2<\/span><\/a>Og sj\u00e1, n\u00fa gengur konungurinn frammi fyrir y\u00f0ur, en \u00e9g er or\u00f0inn gamall og gr\u00e1r fyrir h\u00e6rum, og synir m\u00ednir eru me\u00f0al y\u00f0ar. En \u00e9g hefi gengi\u00f0 fyrir augliti y\u00f0ar fr\u00e1 barn\u00e6sku fram \u00e1 \u00feennan dag.<a name=\"3\"><span class=\"versanumer\">3<\/span><\/a>H\u00e9r er \u00e9g, vitni\u00f0 \u00e1 m\u00f3ti m\u00e9r frammi fyrir Drottni og hans smur\u00f0a: Hvers uxa hefi \u00e9g teki\u00f0? Og hvers asna hefi \u00e9g teki\u00f0? Og hvern hefi \u00e9g f\u00e9flett? Hverjum hefi \u00e9g s\u00fdnt ofr\u00edki? Og af hverjum hefi \u00e9g \u00feegi\u00f0 m\u00fatu e\u00f0a jafnvel eina sk\u00f3? Vitni\u00f0 m\u00f3ti m\u00e9r, og mun \u00e9g gjalda y\u00f0ur \u00fea\u00f0 aftur.<a name=\"4\"><span class=\"versanumer\">4<\/span><\/a>\u00deeir sv\u00f6ru\u00f0u: Eigi hefir \u00fe\u00fa f\u00e9flett oss, og eigi hefir \u00fe\u00fa s\u00fdnt oss ofr\u00edki, og vi\u00f0 engu hefir \u00fe\u00fa af nokkurs manns hendi teki\u00f0.<a name=\"5\"><span class=\"versanumer\">5<\/span><\/a>Hann sag\u00f0i vi\u00f0 \u00fe\u00e1: Drottinn s\u00e9 vitni m\u00f3ti y\u00f0ur, og hans smur\u00f0i s\u00e9 vitni \u00ed dag, a\u00f0 \u00fe\u00e9r hafi\u00f0 ekkert fundi\u00f0 \u00ed minni hendi. Og \u00feeir s\u00f6g\u00f0u: J\u00e1, \u00feeir skulu vera vitni!<a name=\"6\"><span class=\"versanumer\">6<\/span><\/a>\u00de\u00e1 sag\u00f0i Sam\u00fael vi\u00f0 l\u00fd\u00f0inn: Drottinn s\u00e9 vitni, hann sem sk\u00f3p M\u00f3se og Aron og leiddi fe\u00f0ur y\u00f0ar \u00fat af Egyptalandi.<a name=\"7\"><span class=\"versanumer\">7<\/span><\/a>Gangi\u00f0 n\u00fa fram, til \u00feess a\u00f0 \u00e9g deili \u00e1 y\u00f0ur frammi fyrir Drottni og minni y\u00f0ur \u00e1 allar velgj\u00f6r\u00f0ir Drottins, sem hann hefir au\u00f0s\u00fdnt y\u00f0ur og fe\u00f0rum y\u00f0ar.<a name=\"8\"><span class=\"versanumer\">8<\/span><\/a>\u00deegar Jakob var kominn til Egyptalands, \u00fej\u00e1\u00f0u Egyptar \u00fe\u00e1. \u00de\u00e1 hr\u00f3pu\u00f0u fe\u00f0ur y\u00f0ar til Drottins, og Drottinn sendi M\u00f3se og Aron, og \u00feeir leiddu fe\u00f0ur y\u00f0ar \u00fat af Egyptalandi, og hann f\u00e9kk \u00feeim b\u00fasta\u00f0 \u00ed \u00feessu landi.<a name=\"9\"><span class=\"versanumer\">9<\/span><\/a>En \u00feeir gleymdu Drottni, Gu\u00f0i s\u00ednum. \u00de\u00e1 seldi hann \u00fe\u00e1 \u00ed hendur S\u00edsera, hersh\u00f6f\u00f0ingja Jab\u00edns konungs \u00ed Has\u00f3r, og \u00ed hendur Filistum og \u00ed hendur M\u00f3abskonungi, svo a\u00f0 \u00feeir herju\u00f0u \u00e1 \u00fe\u00e1.<a name=\"10\"><span class=\"versanumer\">10<\/span><\/a>&#8222;En \u00feeir hr\u00f3pu\u00f0u til Drottins og s\u00f6g\u00f0u: V\u00e9r h\u00f6fum syndga\u00f0, \u00fear sem v\u00e9r h\u00f6fum yfirgefi\u00f0 Drottin og \u00fej\u00f3na\u00f0 Ba\u00f6lum og Ast\u00f6rtum; en frelsa oss n\u00fa af hendi \u00f3vina vorra, \u00fe\u00e1 skulum v\u00e9r \u00fej\u00f3na \u00fe\u00e9r.&#8220;<a name=\"11\"><span class=\"versanumer\">11<\/span><\/a>\u00de\u00e1 sendi Drottinn Jer\u00fabbaal, Barak, Jefta og Sam\u00fael og frelsa\u00f0i y\u00f0ur af hendi \u00f3vina y\u00f0ar allt \u00ed kring, svo a\u00f0 \u00fe\u00e9r bjuggu\u00f0 \u00f3hultir.<a name=\"12\"><span class=\"versanumer\">12<\/span><\/a>En er \u00fe\u00e9r s\u00e1u\u00f0, a\u00f0 Nahas, konungur Amm\u00f3n\u00edta, f\u00f3r \u00ed m\u00f3ti y\u00f0ur, \u00fe\u00e1 s\u00f6g\u00f0u\u00f0 \u00fe\u00e9r vi\u00f0 mig: Nei, konungur skal drottna yfir oss! en Drottinn, Gu\u00f0 y\u00f0ar, er \u00fe\u00f3 konungur y\u00f0ar.<a name=\"13\"><span class=\"versanumer\">13<\/span><\/a>\u00dearna er n\u00fa konungurinn, sem \u00fe\u00e9r hafi\u00f0 vali\u00f0, sem \u00fe\u00e9r hafi\u00f0 be\u00f0i\u00f0 um. Drottinn hefir n\u00fa sett yfir y\u00f0ur konung.<a name=\"14\"><span class=\"versanumer\">14<\/span><\/a>Ef \u00fe\u00e9r \u00f3ttist Drottin og \u00fej\u00f3ni\u00f0 honum og hl\u00fd\u00f0i\u00f0 hans raustu og \u00f3hl\u00fd\u00f0nist ekki skipun Drottins, og ef \u00fe\u00e9r, b\u00e6\u00f0i \u00fe\u00e9r sj\u00e1lfir og konungurinn, sem r\u00edkir yfir y\u00f0ur, fylgi\u00f0 Drottni, Gu\u00f0i y\u00f0ar, \u00fe\u00e1 fer vel,<a name=\"15\"><span class=\"versanumer\">15<\/span><\/a>en ef \u00fe\u00e9r hl\u00fd\u00f0i\u00f0 ekki raustu Drottins og \u00f3hl\u00fd\u00f0nist skipun Drottins, \u00fe\u00e1 mun h\u00f6nd Drottins vera \u00e1 m\u00f3ti y\u00f0ur og konungi y\u00f0ar.<a name=\"16\"><span class=\"versanumer\">16<\/span><\/a>Gangi\u00f0 n\u00fa fram og sj\u00e1i\u00f0 \u00feann mikla atbur\u00f0, er Drottinn l\u00e6tur ver\u00f0a fyrir augum y\u00f0ar.<a name=\"17\"><span class=\"versanumer\">17<\/span><\/a>Er n\u00fa ekki hveitiuppskera? \u00c9g \u00e6tla a\u00f0 bi\u00f0ja Drottin a\u00f0 senda \u00ferumur og regn. \u00de\u00e1 skulu\u00f0 \u00fe\u00e9r kannast vi\u00f0 og skilja, hversu miki\u00f0 illt \u00fe\u00e9r gj\u00f6r\u00f0u\u00f0 \u00ed augum Drottins, er \u00fe\u00e9r beiddust a\u00f0 f\u00e1 konung.<a name=\"18\"><span class=\"versanumer\">18<\/span><\/a>Og Sam\u00fael \u00e1kalla\u00f0i Drottin, og Drottinn sendi \u00ferumur og regn \u00feennan sama dag. \u00de\u00e1 var\u00f0 l\u00fd\u00f0urinn mj\u00f6g hr\u00e6ddur vi\u00f0 Drottin og vi\u00f0 Sam\u00fael.<a name=\"19\"><span class=\"versanumer\">19<\/span><\/a>Og allur l\u00fd\u00f0urinn sag\u00f0i vi\u00f0 Sam\u00fael: Bi\u00f0 til Drottins Gu\u00f0s \u00fe\u00edns fyrir \u00fej\u00f3num \u00fe\u00ednum, svo a\u00f0 v\u00e9r deyjum ekki, \u00fev\u00ed a\u00f0 v\u00e9r h\u00f6fum b\u00e6tt \u00feeirri misgj\u00f6r\u00f0 ofan \u00e1 allar syndir vorar, a\u00f0 v\u00e9r h\u00f6fum bei\u00f0st konungs.<a name=\"20\"><span class=\"versanumer\">20<\/span><\/a>Sam\u00fael sag\u00f0i vi\u00f0 l\u00fd\u00f0inn: \u00d3ttist ekki. \u00de\u00e9r hafi\u00f0 a\u00f0 v\u00edsu frami\u00f0 \u00feessa misgj\u00f6r\u00f0, en v\u00edki\u00f0 n\u00fa ekki fr\u00e1 Drottni og \u00fej\u00f3ni\u00f0 Drottni af \u00f6llu hjarta y\u00f0ar<a name=\"21\"><span class=\"versanumer\">21<\/span><\/a>og elti\u00f0 ekki f\u00e1n\u00fdtin, sem a\u00f0 engu li\u00f0i eru og eigi frelsa, \u00fev\u00ed a\u00f0 f\u00e1n\u00fdt eru \u00feau.<a name=\"22\"><span class=\"versanumer\">22<\/span><\/a>\u00dev\u00ed a\u00f0 Drottinn mun eigi \u00fatsk\u00fafa l\u00fd\u00f0 s\u00ednum vegna s\u00edns mikla nafns, af \u00fev\u00ed a\u00f0 Drottni hefir \u00fe\u00f3knast a\u00f0 gj\u00f6ra y\u00f0ur a\u00f0 s\u00ednum l\u00fd\u00f0.<a name=\"23\"><span class=\"versanumer\">23<\/span><\/a>Og fjarri s\u00e9 \u00fea\u00f0 m\u00e9r a\u00f0 syndga \u00e1 m\u00f3ti Drottni me\u00f0 \u00fev\u00ed a\u00f0 h\u00e6tta a\u00f0 bi\u00f0ja fyrir y\u00f0ur. \u00c9g vil kenna y\u00f0ur hinn g\u00f3\u00f0a og r\u00e9tta veg.<a name=\"24\"><span class=\"versanumer\">24<\/span><\/a>\u00d3ttist a\u00f0eins Drottin og \u00fej\u00f3ni\u00f0 honum tr\u00falega af \u00f6llu hjarta y\u00f0ar, \u00fev\u00ed sj\u00e1i\u00f0, hversu miki\u00f0 hann hefir fyrir y\u00f0ur gj\u00f6rt.<a name=\"25\"><span class=\"versanumer\">25<\/span><\/a>En ef \u00fe\u00e9r breyti\u00f0 illa, \u00fe\u00e1 ver\u00f0ur b\u00e6\u00f0i y\u00f0ur og konungi y\u00f0ar \u00ed burtu kippt.<\/p>\n<div class=\"footnote1981\"><b>12.1-18<\/b> Skilna\u00f0arr\u00e6\u00f0a Sam\u00faels J\u00f3s 24.1-28<br \/>\n<b>12.3<\/b> Ofr\u00edki 1Sam 8.11-18; 3M\u00f3s 5.20-24; 4M\u00f3s 16.15; S\u00edr 46.19<br \/>\n<b>12.14<\/b> Hl\u00fd\u00f0a Drottni 5M\u00f3s 13.4<br \/>\n<b>12.15<\/b> Hl\u00fd\u00f0i\u00f0 ekki 5M\u00f3s 1.26,43; 28.15 \u2013 h\u00f6nd Drottins 5M\u00f3s 2.15; D\u00f3m 2.15<br \/>\n<b>12.20<\/b> \u00dej\u00f3ni\u00f0 Drottni 5M\u00f3s 10.12; 11.13<br \/>\n<b>12.21<\/b> F\u00e1n\u00fdti Slm 115.4-7<br \/>\n<b>12.22<\/b> \u00dej\u00f3\u00f0 Gu\u00f0s 5M\u00f3s 26.17-18; 27.9; 29.12: 2Sam 7.24<br \/>\n<b>12.25<\/b> Svipt \u00ed burtu J\u00f3s 24.20<\/div>\n","protected":false},"excerpt":{"rendered":"<p>1Sam\u00fael m\u00e6lti til alls \u00cdsraels: Sj\u00e1, \u00e9g hefi l\u00e1ti\u00f0 a\u00f0 or\u00f0um y\u00f0ar \u00ed \u00f6llu \u00fev\u00ed, sem \u00fe\u00e9r hafi\u00f0 bei\u00f0st af m\u00e9r, og \u00e9g hefi sett yfir y\u00f0ur konung.2Og sj\u00e1, n\u00fa gengur konungurinn frammi fyrir y\u00f0ur, en \u00e9g er or\u00f0inn gamall og gr\u00e1r fyrir h\u00e6rum, og synir m\u00ednir eru me\u00f0al y\u00f0ar. En \u00e9g hefi gengi\u00f0 fyrir augliti y\u00f0ar fr\u00e1 barn\u00e6sku fram \u00e1 \u00feennan dag.3H\u00e9r er \u00e9g, vitni\u00f0 \u00e1 m\u00f3ti m\u00e9r frammi fyrir Drottni og hans smur\u00f0a: Hvers uxa hefi \u00e9g teki\u00f0? Og hvers asna hefi \u00e9g teki\u00f0? Og hvern hefi \u00e9g f\u00e9flett? Hverjum hefi \u00e9g s\u00fdnt ofr\u00edki? Og af hverjum hefi <a href=\"https:\/\/biblian.is\/1981\/fyrri-samuelsbok-12-kafli\/\"> [&#8230;]<\/a><\/p>\n","protected":false},"author":1,"featured_media":0,"parent":0,"menu_order":0,"comment_status":"open","ping_status":"open","template":"bibliukaflar.php","meta":{"footnotes":""},"class_list":["post-1594","page","type-page","status-publish","hentry"],"_links":{"self":[{"href":"https:\/\/biblian.is\/1981\/wp-json\/wp\/v2\/pages\/1594","targetHints":{"allow":["GET"]}}],"collection":[{"href":"https:\/\/biblian.is\/1981\/wp-json\/wp\/v2\/pages"}],"about":[{"href":"https:\/\/biblian.is\/1981\/wp-json\/wp\/v2\/types\/page"}],"author":[{"embeddable":true,"href":"https:\/\/biblian.is\/1981\/wp-json\/wp\/v2\/users\/1"}],"replies":[{"embeddable":true,"href":"https:\/\/biblian.is\/1981\/wp-json\/wp\/v2\/comments?post=1594"}],"version-history":[{"count":0,"href":"https:\/\/biblian.is\/1981\/wp-json\/wp\/v2\/pages\/1594\/revisions"}],"wp:attachment":[{"href":"https:\/\/biblian.is\/1981\/wp-json\/wp\/v2\/media?parent=1594"}],"curies":[{"name":"wp","href":"https:\/\/api.w.org\/{rel}","templated":true}]}}