{"id":1593,"date":"2017-11-18T20:17:55","date_gmt":"2017-11-18T20:17:55","guid":{"rendered":"http:\/\/biblian.is\/1981\/fyrri-samuelsbok-11-kafli\/"},"modified":"2021-06-06T10:57:14","modified_gmt":"2021-06-06T10:57:14","slug":"fyrri-samuelsbok-11-kafli","status":"publish","type":"page","link":"https:\/\/biblian.is\/1981\/fyrri-samuelsbok-11-kafli\/","title":{"rendered":"Fyrri Sam\u00faelsb\u00f3k 11. kafli"},"content":{"rendered":"<p><a name=\"1\"><span class=\"versanumer\">1<\/span><\/a>Nahas Amm\u00f3n\u00edti f\u00f3r og settist um Jabes \u00ed G\u00edlea\u00f0. \u00de\u00e1 s\u00f6g\u00f0u allir Jabesb\u00faar vi\u00f0 Nahas: Gj\u00f6r \u00fe\u00fa s\u00e1ttm\u00e1la vi\u00f0 oss, og munum v\u00e9r \u00fej\u00f3na \u00fe\u00e9r.<a name=\"2\"><span class=\"versanumer\">2<\/span><\/a>Nahas Amm\u00f3n\u00edti svara\u00f0i \u00feeim: Me\u00f0 \u00feeim kostum vil \u00e9g gj\u00f6ra s\u00e1ttm\u00e1la vi\u00f0 y\u00f0ur, a\u00f0 \u00e9g stingi \u00fat \u00e1 y\u00f0ur \u00f6llum h\u00e6gra auga\u00f0 og gj\u00f6ri \u00f6llum \u00cdsrael h\u00e1\u00f0ung me\u00f0 \u00fev\u00ed.<a name=\"3\"><span class=\"versanumer\">3<\/span><\/a>\u00d6ldungarnir \u00ed Jabes s\u00f6g\u00f0u vi\u00f0 hann: Gef oss sj\u00f6 daga frest, og munum v\u00e9r senda sendibo\u00f0a um allt \u00cdsraels land, og ef enginn \u00fe\u00e1 hj\u00e1lpar oss, munum v\u00e9r gefast upp fyrir \u00fe\u00e9r.<a name=\"4\"><span class=\"versanumer\">4<\/span><\/a>\u00deegar sendibo\u00f0arnir komu til G\u00edbeu S\u00e1ls og b\u00e1ru upp erindi sitt \u00ed \u00e1heyrn l\u00fd\u00f0sins, \u00fe\u00e1 h\u00f3f allur l\u00fd\u00f0urinn upp raust s\u00edna og gr\u00e9t.<a name=\"5\"><span class=\"versanumer\">5<\/span><\/a>Og sj\u00e1, \u00fe\u00e1 kom S\u00e1l \u00e1 eftir nautunum utan af akri. Og S\u00e1l m\u00e6lti: Hva\u00f0 ber til \u00feess, a\u00f0 f\u00f3lki\u00f0 er a\u00f0 gr\u00e1ta? Og \u00feeir s\u00f6g\u00f0u honum erindi Jabesmanna.<a name=\"6\"><span class=\"versanumer\">6<\/span><\/a>\u00de\u00e1 kom andi Gu\u00f0s yfir S\u00e1l, er hann heyr\u00f0i \u00feessi t\u00ed\u00f0indi, og var\u00f0 hann rei\u00f0ur mj\u00f6g.<a name=\"7\"><span class=\"versanumer\">7<\/span><\/a>Og hann t\u00f3k tvo uxa og brytja\u00f0i \u00fe\u00e1 og sendi stykkin um allt \u00cdsraels land me\u00f0 sendibo\u00f0unum og l\u00e9t \u00fe\u00e1 or\u00f0sending fylgja: Svo skal fari\u00f0 me\u00f0 naut hvers \u00feess manns, er eigi fylgir S\u00e1l og Sam\u00fael \u00ed herna\u00f0. \u00de\u00e1 kom \u00f3tti Drottins yfir f\u00f3lki\u00f0, svo a\u00f0 \u00feeir l\u00f6g\u00f0u af sta\u00f0 sem einn ma\u00f0ur.<a name=\"8\"><span class=\"versanumer\">8<\/span><\/a>Og hann kanna\u00f0i li\u00f0i\u00f0 \u00ed Besek, og voru \u00fe\u00e1 \u00cdsraelsmenn \u00ferj\u00fa hundru\u00f0 \u00fe\u00fasund og J\u00fadamenn \u00ferj\u00e1t\u00edu \u00fe\u00fasund.<a name=\"9\"><span class=\"versanumer\">9<\/span><\/a>Og \u00feeir s\u00f6g\u00f0u vi\u00f0 sendibo\u00f0ana, sem komnir voru: Segi\u00f0 svo m\u00f6nnunum \u00ed Jabes \u00ed G\u00edlea\u00f0: \u00c1 morgun um h\u00e1degisbil skal y\u00f0ur koma hj\u00e1lp. Og sendimennirnir komu og s\u00f6g\u00f0u Jabesb\u00faum fr\u00e1 \u00feessu, og ur\u00f0u \u00feeir gla\u00f0ir vi\u00f0.<a name=\"10\"><span class=\"versanumer\">10<\/span><\/a>Og Jabesb\u00faar s\u00f6g\u00f0u vi\u00f0 Nahas: \u00c1 morgun munum v\u00e9r gefast upp fyrir y\u00f0ur. \u00de\u00e1 geti\u00f0 \u00fe\u00e9r gj\u00f6rt vi\u00f0 oss hva\u00f0 sem y\u00f0ur gott \u00feykir.<a name=\"11\"><span class=\"versanumer\">11<\/span><\/a>En morguninn eftir skipti S\u00e1l li\u00f0inu \u00ed \u00ferj\u00e1 flokka, og brutust \u00feeir inn \u00ed herb\u00fa\u00f0irnar um morgunv\u00f6kuna og felldu Amm\u00f3n\u00edta fram til h\u00e1degis. Og \u00feeir, sem af komust, dreif\u00f0ust v\u00ed\u00f0svegar, svo a\u00f0 ekki ur\u00f0u eftir af \u00feeim tveir saman.<a name=\"12\"><span class=\"versanumer\">12<\/span><\/a>\u00de\u00e1 sag\u00f0i f\u00f3lki\u00f0 vi\u00f0 Sam\u00fael: Hverjir voru \u00fea\u00f0, sem s\u00f6g\u00f0u: \u00c1 S\u00e1l a\u00f0 ver\u00f0a konungur yfir oss? Framselji\u00f0 \u00fe\u00e1 menn, svo a\u00f0 v\u00e9r getum drepi\u00f0 \u00fe\u00e1.<a name=\"13\"><span class=\"versanumer\">13<\/span><\/a>En S\u00e1l sag\u00f0i: Engan mann skal dey\u00f0a \u00e1 \u00feessum degi, \u00fev\u00ed a\u00f0 \u00ed dag hefir Drottinn veitt \u00cdsrael sigur.<a name=\"14\"><span class=\"versanumer\">14<\/span><\/a>Sam\u00fael sag\u00f0i vi\u00f0 l\u00fd\u00f0inn: Komi\u00f0, v\u00e9r skulum fara til Gilgal og endurn\u00fdja \u00fear konungd\u00f3minn.<a name=\"15\"><span class=\"versanumer\">15<\/span><\/a>\u00de\u00e1 f\u00f3r allur l\u00fd\u00f0urinn til Gilgal og gj\u00f6r\u00f0i S\u00e1l \u00fear a\u00f0 konungi frammi fyrir Drottni \u00ed Gilgal. Og \u00feeir f\u00f3rnu\u00f0u \u00fear heillaf\u00f3rnum frammi fyrir Drottni, og S\u00e1l og allir \u00cdsraelsmenn gl\u00f6ddu sig \u00fear mikillega.<\/p>\n<div class=\"footnote1981\"><b>11.6<\/b> Andi Gu\u00f0s 1Sam 16.13; D\u00f3m 3.10; 6.34; 11.29; 13.25; 14.19<br \/>\n<b>11.7<\/b> Sendi hlutana D\u00f3m 19.29 \u2013 \u00f3tti 1Sam 14.15; 1M\u00f3s 35.5<br \/>\n<b>11.10<\/b> Gefast upp 1Sam 11.3<br \/>\n<b>11.11<\/b> \u00derj\u00e1r fylkingar D\u00f3m 7.16<br \/>\n<b>11.12<\/b> R\u00edkja yfir okkur 1Sam 10.27<br \/>\n<b>11.13<\/b> \u00c1 \u00feessum degi 1Sam 14.45; 2Sam 19.23<br \/>\n<b>11.14<\/b> Gilgal J\u00f3s 4.19-20<\/div>\n","protected":false},"excerpt":{"rendered":"<p>1Nahas Amm\u00f3n\u00edti f\u00f3r og settist um Jabes \u00ed G\u00edlea\u00f0. \u00de\u00e1 s\u00f6g\u00f0u allir Jabesb\u00faar vi\u00f0 Nahas: Gj\u00f6r \u00fe\u00fa s\u00e1ttm\u00e1la vi\u00f0 oss, og munum v\u00e9r \u00fej\u00f3na \u00fe\u00e9r.2Nahas Amm\u00f3n\u00edti svara\u00f0i \u00feeim: Me\u00f0 \u00feeim kostum vil \u00e9g gj\u00f6ra s\u00e1ttm\u00e1la vi\u00f0 y\u00f0ur, a\u00f0 \u00e9g stingi \u00fat \u00e1 y\u00f0ur \u00f6llum h\u00e6gra auga\u00f0 og gj\u00f6ri \u00f6llum \u00cdsrael h\u00e1\u00f0ung me\u00f0 \u00fev\u00ed.3\u00d6ldungarnir \u00ed Jabes s\u00f6g\u00f0u vi\u00f0 hann: Gef oss sj\u00f6 daga frest, og munum v\u00e9r senda sendibo\u00f0a um allt \u00cdsraels land, og ef enginn \u00fe\u00e1 hj\u00e1lpar oss, munum v\u00e9r gefast upp fyrir \u00fe\u00e9r.4\u00deegar sendibo\u00f0arnir komu til G\u00edbeu S\u00e1ls og b\u00e1ru upp erindi sitt \u00ed \u00e1heyrn l\u00fd\u00f0sins, \u00fe\u00e1 h\u00f3f allur <a href=\"https:\/\/biblian.is\/1981\/fyrri-samuelsbok-11-kafli\/\"> [&#8230;]<\/a><\/p>\n","protected":false},"author":1,"featured_media":0,"parent":0,"menu_order":0,"comment_status":"open","ping_status":"open","template":"bibliukaflar.php","meta":{"footnotes":""},"class_list":["post-1593","page","type-page","status-publish","hentry"],"_links":{"self":[{"href":"https:\/\/biblian.is\/1981\/wp-json\/wp\/v2\/pages\/1593","targetHints":{"allow":["GET"]}}],"collection":[{"href":"https:\/\/biblian.is\/1981\/wp-json\/wp\/v2\/pages"}],"about":[{"href":"https:\/\/biblian.is\/1981\/wp-json\/wp\/v2\/types\/page"}],"author":[{"embeddable":true,"href":"https:\/\/biblian.is\/1981\/wp-json\/wp\/v2\/users\/1"}],"replies":[{"embeddable":true,"href":"https:\/\/biblian.is\/1981\/wp-json\/wp\/v2\/comments?post=1593"}],"version-history":[{"count":0,"href":"https:\/\/biblian.is\/1981\/wp-json\/wp\/v2\/pages\/1593\/revisions"}],"wp:attachment":[{"href":"https:\/\/biblian.is\/1981\/wp-json\/wp\/v2\/media?parent=1593"}],"curies":[{"name":"wp","href":"https:\/\/api.w.org\/{rel}","templated":true}]}}

Fyrri Samúelsbók 11. kafli

<p><a name="1"><span class="versanumer">1</span></a>Nahas Ammóníti fór og settist um Jabes í Gíleað. Þá sögðu allir Jabesbúar við Nahas: Gjör þú sáttmála við oss, og munum vér þjóna þér.<a name="2"><span class="versanumer">2</span></a>Nahas Ammóníti svaraði þeim: Með þeim kostum vil ég gjöra sáttmála við yður, að ég stingi út á yður öllum hægra augað og gjöri öllum Ísrael háðung með því.<a name="3"><span class="versanumer">3</span></a>Öldungarnir í Jabes sögðu við hann: Gef oss sjö daga frest, og munum vér senda sendiboða um allt Ísraels land, og ef enginn þá hjálpar oss, munum vér gefast upp fyrir þér.<a name="4"><span class="versanumer">4</span></a>Þegar sendiboðarnir komu til Gíbeu Sáls og báru upp erindi sitt í áheyrn lýðsins, þá hóf allur lýðurinn upp raust sína og grét.<a name="5"><span class="versanumer">5</span></a>Og sjá, þá kom Sál á eftir nautunum utan af akri. Og Sál mælti: Hvað ber til þess, að fólkið er að gráta? Og þeir sögðu honum erindi Jabesmanna.<a name="6"><span class="versanumer">6</span></a>Þá kom andi Guðs yfir Sál, er hann heyrði þessi tíðindi, og varð hann reiður mjög.<a name="7"><span class="versanumer">7</span></a>Og hann tók tvo uxa og brytjaði þá og sendi stykkin um allt Ísraels land með sendiboðunum og lét þá orðsending fylgja: Svo skal farið með naut hvers þess manns, er eigi fylgir Sál og Samúel í hernað. Þá kom ótti Drottins yfir fólkið, svo að þeir lögðu af stað sem einn maður.<a name="8"><span class="versanumer">8</span></a>Og hann kannaði liðið í Besek, og voru þá Ísraelsmenn þrjú hundruð þúsund og Júdamenn þrjátíu þúsund.<a name="9"><span class="versanumer">9</span></a>Og þeir sögðu við sendiboðana, sem komnir voru: Segið svo mönnunum í Jabes í Gíleað: Á morgun um hádegisbil skal yður koma hjálp. Og sendimennirnir komu og sögðu Jabesbúum frá þessu, og urðu þeir glaðir við.<a name="10"><span class="versanumer">10</span></a>Og Jabesbúar sögðu við Nahas: Á morgun munum vér gefast upp fyrir yður. Þá getið þér gjört við oss hvað sem yður gott þykir.<a name="11"><span class="versanumer">11</span></a>En morguninn eftir skipti Sál liðinu í þrjá flokka, og brutust þeir inn í herbúðirnar um morgunvökuna og felldu Ammóníta fram til hádegis. Og þeir, sem af komust, dreifðust víðsvegar, svo að ekki urðu eftir af þeim tveir saman.<a name="12"><span class="versanumer">12</span></a>Þá sagði fólkið við Samúel: Hverjir voru það, sem sögðu: Á Sál að verða konungur yfir oss? Framseljið þá menn, svo að vér getum drepið þá.<a name="13"><span class="versanumer">13</span></a>En Sál sagði: Engan mann skal deyða á þessum degi, því að í dag hefir Drottinn veitt Ísrael sigur.<a name="14"><span class="versanumer">14</span></a>Samúel sagði við lýðinn: Komið, vér skulum fara til Gilgal og endurnýja þar konungdóminn.<a name="15"><span class="versanumer">15</span></a>Þá fór allur lýðurinn til Gilgal og gjörði Sál þar að konungi frammi fyrir Drottni í Gilgal. Og þeir fórnuðu þar heillafórnum frammi fyrir Drottni, og Sál og allir Ísraelsmenn glöddu sig þar mikillega.</p>
<div class="footnote1981"><b>11.6</b> Andi Guðs 1Sam 16.13; Dóm 3.10; 6.34; 11.29; 13.25; 14.19<br />
<b>11.7</b> Sendi hlutana Dóm 19.29 – ótti 1Sam 14.15; 1Mós 35.5<br />
<b>11.10</b> Gefast upp 1Sam 11.3<br />
<b>11.11</b> Þrjár fylkingar Dóm 7.16<br />
<b>11.12</b> Ríkja yfir okkur 1Sam 10.27<br />
<b>11.13</b> Á þessum degi 1Sam 14.45; 2Sam 19.23<br />
<b>11.14</b> Gilgal Jós 4.19-20</div>

<p>1Nahas Ammóníti fór og settist um Jabes í Gíleað. Þá sögðu allir Jabesbúar við Nahas: Gjör þú sáttmála við oss, og munum vér þjóna þér.2Nahas Ammóníti svaraði þeim: Með þeim kostum vil ég gjöra sáttmála við yður, að ég stingi út á yður öllum hægra augað og gjöri öllum Ísrael háðung með því.3Öldungarnir í Jabes sögðu við hann: Gef oss sjö daga frest, og munum vér senda sendiboða um allt Ísraels land, og ef enginn þá hjálpar oss, munum vér gefast upp fyrir þér.4Þegar sendiboðarnir komu til Gíbeu Sáls og báru upp erindi sitt í áheyrn lýðsins, þá hóf allur <a href="https://biblian.is/1981/fyrri-samuelsbok-11-kafli/"> [&#8230;]</a></p>
