{"id":1578,"date":"2017-11-18T20:17:50","date_gmt":"2017-11-18T20:17:50","guid":{"rendered":"http:\/\/biblian.is\/1981\/domarabokin-21-kafli\/"},"modified":"2021-06-06T10:50:39","modified_gmt":"2021-06-06T10:50:39","slug":"domarabokin-21-kafli","status":"publish","type":"page","link":"https:\/\/biblian.is\/1981\/domarabokin-21-kafli\/","title":{"rendered":"D\u00f3marab\u00f3kin 21. kafli"},"content":{"rendered":"<p><a name=\"1\"><span class=\"versanumer\">1<\/span><\/a>\u00cdsraelsmenn h\u00f6f\u00f0u unni\u00f0 ei\u00f0 \u00ed Mispa og sagt: Enginn af oss skal gifta Benjam\u00edn\u00edta d\u00f3ttur s\u00edna.<a name=\"2\"><span class=\"versanumer\">2<\/span><\/a>Og l\u00fd\u00f0urinn f\u00f3r til Betel, og \u00feeir dv\u00f6ldu \u00fear fram \u00e1 kveld fyrir augliti Gu\u00f0s og h\u00f3fu \u00fear miki\u00f0 harmakvein<a name=\"3\"><span class=\"versanumer\">3<\/span><\/a>og s\u00f6g\u00f0u: Drottinn, \u00cdsraels Gu\u00f0! Hv\u00ed hefir \u00feetta vi\u00f0 bori\u00f0 \u00ed \u00cdsrael, a\u00f0 n\u00fa skuli vanta eina \u00e6ttkv\u00edslina \u00ed \u00cdsrael?<a name=\"4\"><span class=\"versanumer\">4<\/span><\/a>Morguninn eftir reis l\u00fd\u00f0urinn \u00e1rla og reisti \u00fear altari og f\u00f3rna\u00f0i brennif\u00f3rnum og heillaf\u00f3rnum.<a name=\"5\"><span class=\"versanumer\">5<\/span><\/a>\u00dev\u00ed n\u00e6st s\u00f6g\u00f0u \u00cdsraelsmenn: Mun nokkur vera s\u00e1 af \u00f6llum \u00e6ttkv\u00edslum \u00cdsraels, er ekki hafi komi\u00f0 upp hinga\u00f0 til Drottins me\u00f0 s\u00f6fnu\u00f0inum? \u00dev\u00ed a\u00f0 \u00fea\u00f0 haf\u00f0i veri\u00f0 f\u00f6stum svard\u00f6gum bundi\u00f0, a\u00f0 hver s\u00e1, er ekki k\u00e6mi upp til Drottins \u00ed Mispa, s\u00e1 hinn sami skyldi l\u00edfi t\u00fdna.<a name=\"6\"><span class=\"versanumer\">6<\/span><\/a>Og \u00cdsraelsmenn t\u00f3k s\u00e1rt til Benjam\u00edns br\u00f3\u00f0ur s\u00edns og \u00feeir s\u00f6g\u00f0u: N\u00fa er ein \u00e6ttkv\u00edsl upph\u00f6ggvin \u00far \u00cdsrael!<a name=\"7\"><span class=\"versanumer\">7<\/span><\/a>Hvernig eigum v\u00e9r a\u00f0 fara a\u00f0 \u00fev\u00ed a\u00f0 \u00fatvega \u00feeim konur, sem eftir eru, \u00fear e\u00f0 v\u00e9r h\u00f6fum unni\u00f0 Drottni ei\u00f0 a\u00f0 \u00fev\u00ed a\u00f0 gifta \u00feeim eigi neina af d\u00e6trum vorum?<a name=\"8\"><span class=\"versanumer\">8<\/span><\/a>\u00de\u00e1 s\u00f6g\u00f0u \u00feeir: Er nokkur s\u00e1 af \u00e6ttkv\u00edslum \u00cdsraels, er ekki hafi fari\u00f0 upp til Drottins \u00ed Mispa? Og sj\u00e1, fr\u00e1 Jabes \u00ed G\u00edlea\u00f0 haf\u00f0i enginn komi\u00f0 \u00ed herb\u00fa\u00f0irnar til samkomunnar.<a name=\"9\"><span class=\"versanumer\">9<\/span><\/a>F\u00f3r n\u00fa fram li\u00f0sk\u00f6nnun, og sj\u00e1, enginn var \u00fear af \u00edb\u00faum Jabes \u00ed G\u00edlea\u00f0.<a name=\"10\"><span class=\"versanumer\">10<\/span><\/a>\u00de\u00e1 sendi l\u00fd\u00f0urinn \u00feanga\u00f0 t\u00f3lf \u00fe\u00fasundir hraustra manna og lag\u00f0i svo fyrir \u00fe\u00e1: Fari\u00f0 og felli\u00f0 \u00edb\u00faana \u00ed Jabes \u00ed G\u00edlea\u00f0 me\u00f0 sver\u00f0seggjum, \u00e1samt konum og b\u00f6rnum.<a name=\"11\"><span class=\"versanumer\">11<\/span><\/a>En \u00feannig skulu\u00f0 \u00fe\u00e9r a\u00f0 fara: Alla karlmenn og allar konur, er samr\u00e6\u00f0i hafa \u00e1tt vi\u00f0 mann, skulu\u00f0 \u00fe\u00e9r banni helga, en meyjar skulu\u00f0 \u00fe\u00e9r l\u00e1ta l\u00edfi halda. \u00deeir gj\u00f6r\u00f0u svo.<a name=\"12\"><span class=\"versanumer\">12<\/span><\/a>Og \u00feeir fundu me\u00f0al \u00edb\u00faanna \u00ed Jabes \u00ed G\u00edlea\u00f0 fj\u00f6gur hundru\u00f0 meyjar, er eigi h\u00f6f\u00f0u samr\u00e6\u00f0i \u00e1tt vi\u00f0 mann, og \u00feeir f\u00f3ru me\u00f0 \u00fe\u00e6r til herb\u00fa\u00f0anna \u00ed S\u00edl\u00f3, sem er \u00ed Kanaanlandi.<a name=\"13\"><span class=\"versanumer\">13<\/span><\/a>\u00de\u00e1 sendi allur l\u00fd\u00f0urinn og l\u00e9t tala vi\u00f0 Benjam\u00edns sonu, \u00fe\u00e1 er voru hj\u00e1 Rimm\u00f3nkletti, og bau\u00f0 \u00feeim fri\u00f0.<a name=\"14\"><span class=\"versanumer\">14<\/span><\/a>\u00de\u00e1 hurfu Benjam\u00edn\u00edtar aftur og \u00feeir g\u00e1fu \u00feeim konur \u00fe\u00e6r, er \u00feeir h\u00f6f\u00f0u l\u00e1ti\u00f0 l\u00edfi halda af konunum \u00ed Jabes \u00ed G\u00edlea\u00f0. \u00de\u00e6r voru \u00fe\u00f3 ekki n\u00f3gu margar handa \u00feeim.<a name=\"15\"><span class=\"versanumer\">15<\/span><\/a>L\u00fd\u00f0inn t\u00f3k s\u00e1rt til Benjam\u00edns, \u00fev\u00ed a\u00f0 Drottinn haf\u00f0i h\u00f6ggvi\u00f0 skar\u00f0 \u00ed \u00e6ttkv\u00edslir \u00cdsraels.<a name=\"16\"><span class=\"versanumer\">16<\/span><\/a>\u00de\u00e1 s\u00f6g\u00f0u \u00f6ldungar l\u00fd\u00f0sins: Hvernig eigum v\u00e9r a\u00f0 fara a\u00f0 \u00fev\u00ed a\u00f0 \u00fatvega \u00feeim, sem eftir eru, konur, \u00fev\u00ed a\u00f0 konur hafa veri\u00f0 gj\u00f6reyddar \u00far Benjam\u00edn?<a name=\"17\"><span class=\"versanumer\">17<\/span><\/a>Og \u00feeir s\u00f6g\u00f0u: Hvernig mega \u00feeir af Benjam\u00edn\u00edtum, er undan hafa komist, halda arfleif\u00f0 sinni, svo a\u00f0 eigi ver\u00f0i \u00e6ttkv\u00edsl afm\u00e1\u00f0 \u00far \u00cdsrael?<a name=\"18\"><span class=\"versanumer\">18<\/span><\/a>En ekki getum v\u00e9r gift \u00feeim neina af d\u00e6trum vorum. \u00dev\u00ed a\u00f0 \u00cdsraelsmenn h\u00f6f\u00f0u svari\u00f0: B\u00f6lva\u00f0ur s\u00e9 s\u00e1, sem gefur Benjam\u00edn konu!<a name=\"19\"><span class=\"versanumer\">19<\/span><\/a>\u00de\u00e1 s\u00f6g\u00f0u \u00feeir: Sj\u00e1, h\u00e1t\u00ed\u00f0 Drottins er \u00e1rlega haldin \u00ed S\u00edl\u00f3, sem liggur fyrir nor\u00f0an Betel, fyrir austan \u00fej\u00f3\u00f0veginn, sem liggur fr\u00e1 Betel upp til S\u00edkem, og fyrir sunnan Leb\u00f3na.<a name=\"20\"><span class=\"versanumer\">20<\/span><\/a>Og \u00feeir l\u00f6g\u00f0u svo fyrir Benjam\u00edns sonu: Fari\u00f0 og liggi\u00f0 \u00ed leyni \u00ed v\u00edng\u00f6r\u00f0unum.<a name=\"21\"><span class=\"versanumer\">21<\/span><\/a>Og er \u00fe\u00e9r sj\u00e1i\u00f0 S\u00edl\u00f3d\u00e6tur ganga \u00fat til dansleika, \u00fe\u00e1 skulu\u00f0 \u00fe\u00e9r spretta upp \u00far v\u00edng\u00f6r\u00f0unum og r\u00e6na y\u00f0ur sinni konunni hver af S\u00edl\u00f3d\u00e6trum. Fari\u00f0 s\u00ed\u00f0an heim \u00ed Benjam\u00ednsland.<a name=\"22\"><span class=\"versanumer\">22<\/span><\/a>En \u00feegar fe\u00f0ur \u00feeirra e\u00f0a br\u00e6\u00f0ur koma a\u00f0 k\u00e6ra \u00feetta fyrir oss, \u00fe\u00e1 skulum v\u00e9r segja vi\u00f0 \u00fe\u00e1: Gefi\u00f0 oss \u00fe\u00e6r, \u00fev\u00ed a\u00f0 v\u00e9r fengum engar konur \u00ed str\u00ed\u00f0inu. \u00de\u00e9r hafi\u00f0 ekki heldur gefi\u00f0 \u00feeim \u00fe\u00e6r. Ef svo v\u00e6ri, \u00fe\u00e1 v\u00e6ru\u00f0 \u00fe\u00e9r sekir.<a name=\"23\"><span class=\"versanumer\">23<\/span><\/a>Benjam\u00edns synir gj\u00f6r\u00f0u svo og t\u00f3ku s\u00e9r konur, eins og \u00feeir voru margir til, me\u00f0al dansmeyjanna, sem \u00feeir r\u00e6ndu. S\u00ed\u00f0an f\u00f3ru \u00feeir og hurfu aftur til \u00f3\u00f0als s\u00edns og reistu a\u00f0 n\u00fdju borgirnar og bjuggu \u00ed \u00feeim.<a name=\"24\"><span class=\"versanumer\">24<\/span><\/a>\u00de\u00e1 f\u00f3ru og \u00cdsraelsmenn \u00fea\u00f0an, hver til sinnar kynkv\u00edslar og sinnar \u00e6ttar, og \u00feeir h\u00e9ldu \u00fea\u00f0an hver til \u00f3\u00f0als s\u00edns.<a name=\"25\"><span class=\"versanumer\">25<\/span><\/a>\u00cd \u00fe\u00e1 daga var enginn konungur \u00ed \u00cdsrael. Hver ma\u00f0ur gj\u00f6r\u00f0i \u00fea\u00f0, sem honum vel l\u00edka\u00f0i.<\/p>\n<div class=\"footnote1981\"><b>21.1<\/b> Mispa D\u00f3m 20.1+<br \/>\n<b>21.2<\/b> Harmakvein D\u00f3m 20.23,26<br \/>\n<b>21.4<\/b> F\u00f3rnir D\u00f3m 20.26<br \/>\n<b>21.5<\/b> Hver s\u00e1, sem &#8230; D\u00f3m 5.15-17,23; 12.3<br \/>\n<b>21.6<\/b> T\u00f3k s\u00e1rt til Benjam\u00edns v.15<br \/>\n<b>21.8<\/b> Jabes \u00ed G\u00edlea\u00f0 1Sam 11; 31.11-13<br \/>\n<b>21.10-12<\/b> Refsilei\u00f0angur 4M\u00f3s 31.5-6,15-18<br \/>\n<b>21.10<\/b> F\u00f3lki\u00f0 D\u00f3m 20.1+<br \/>\n<b>21.11<\/b> Meyjar skulu l\u00edfi halda sbr 5M\u00f3s 20.10-20; 21.10-14<br \/>\n<b>21.13<\/b> Rimm\u00f3nklettur D\u00f3m 20.45-47<br \/>\n<b>21.17<\/b> Komist undan Jes 4.3+<br \/>\n<b>21.18<\/b> B\u00f6lva\u00f0ur s\u00e9 s\u00e1 &#8230; v.1,7<br \/>\n<b>21.19<\/b> \u00cd S\u00edl\u00f3 D\u00f3m 18.31+<br \/>\n<b>21.21<\/b> Til dansleiks D\u00f3m 11.34; 2M\u00f3s 15.20; 32.17-19; 1Sam 18.6; 2Sam 6.5,14-15; 1Kon 18.26; Slm 150.4<br \/>\n<b>21.22<\/b> Fe\u00f0ur og br\u00e6\u00f0ur 1M\u00f3s 34.5-31; 2Sam 13.20-29<br \/>\n<b>21.23<\/b> \u00d3\u00f0al 4M\u00f3s 18.20; 26.62; J\u00f3s 13.23; 19.51<br \/>\n<b>21.25<\/b> Enginn konungur \u00ed \u00cdsrael D\u00f3m 17.6+<\/div>\n","protected":false},"excerpt":{"rendered":"<p>1\u00cdsraelsmenn h\u00f6f\u00f0u unni\u00f0 ei\u00f0 \u00ed Mispa og sagt: Enginn af oss skal gifta Benjam\u00edn\u00edta d\u00f3ttur s\u00edna.2Og l\u00fd\u00f0urinn f\u00f3r til Betel, og \u00feeir dv\u00f6ldu \u00fear fram \u00e1 kveld fyrir augliti Gu\u00f0s og h\u00f3fu \u00fear miki\u00f0 harmakvein3og s\u00f6g\u00f0u: Drottinn, \u00cdsraels Gu\u00f0! Hv\u00ed hefir \u00feetta vi\u00f0 bori\u00f0 \u00ed \u00cdsrael, a\u00f0 n\u00fa skuli vanta eina \u00e6ttkv\u00edslina \u00ed \u00cdsrael?4Morguninn eftir reis l\u00fd\u00f0urinn \u00e1rla og reisti \u00fear altari og f\u00f3rna\u00f0i brennif\u00f3rnum og heillaf\u00f3rnum.5\u00dev\u00ed n\u00e6st s\u00f6g\u00f0u \u00cdsraelsmenn: Mun nokkur vera s\u00e1 af \u00f6llum \u00e6ttkv\u00edslum \u00cdsraels, er ekki hafi komi\u00f0 upp hinga\u00f0 til Drottins me\u00f0 s\u00f6fnu\u00f0inum? \u00dev\u00ed a\u00f0 \u00fea\u00f0 haf\u00f0i veri\u00f0 f\u00f6stum svard\u00f6gum bundi\u00f0, a\u00f0 hver s\u00e1, er <a href=\"https:\/\/biblian.is\/1981\/domarabokin-21-kafli\/\"> [&#8230;]<\/a><\/p>\n","protected":false},"author":1,"featured_media":0,"parent":0,"menu_order":0,"comment_status":"open","ping_status":"open","template":"bibliukaflar.php","meta":{"footnotes":""},"class_list":["post-1578","page","type-page","status-publish","hentry"],"_links":{"self":[{"href":"https:\/\/biblian.is\/1981\/wp-json\/wp\/v2\/pages\/1578","targetHints":{"allow":["GET"]}}],"collection":[{"href":"https:\/\/biblian.is\/1981\/wp-json\/wp\/v2\/pages"}],"about":[{"href":"https:\/\/biblian.is\/1981\/wp-json\/wp\/v2\/types\/page"}],"author":[{"embeddable":true,"href":"https:\/\/biblian.is\/1981\/wp-json\/wp\/v2\/users\/1"}],"replies":[{"embeddable":true,"href":"https:\/\/biblian.is\/1981\/wp-json\/wp\/v2\/comments?post=1578"}],"version-history":[{"count":0,"href":"https:\/\/biblian.is\/1981\/wp-json\/wp\/v2\/pages\/1578\/revisions"}],"wp:attachment":[{"href":"https:\/\/biblian.is\/1981\/wp-json\/wp\/v2\/media?parent=1578"}],"curies":[{"name":"wp","href":"https:\/\/api.w.org\/{rel}","templated":true}]}}