{"id":1574,"date":"2017-11-18T20:17:50","date_gmt":"2017-11-18T20:17:50","guid":{"rendered":"http:\/\/biblian.is\/1981\/domarabokin-17-kafli\/"},"modified":"2021-06-06T10:50:37","modified_gmt":"2021-06-06T10:50:37","slug":"domarabokin-17-kafli","status":"publish","type":"page","link":"https:\/\/biblian.is\/1981\/domarabokin-17-kafli\/","title":{"rendered":"D\u00f3marab\u00f3kin 17. kafli"},"content":{"rendered":"<p><a name=\"1\"><span class=\"versanumer\">1<\/span><\/a>Ma\u00f0ur h\u00e9t M\u00edka. Hann var fr\u00e1 Efra\u00edmfj\u00f6llum.<a name=\"2\"><span class=\"versanumer\">2<\/span><\/a>Hann sag\u00f0i vi\u00f0 m\u00f3\u00f0ur s\u00edna: \u00deeir ellefu hundru\u00f0 siklar silfurs, sem hafa veri\u00f0 teknir fr\u00e1 \u00fe\u00e9r og \u00fe\u00fa hefir be\u00f0i\u00f0 b\u00f6lb\u00e6na fyrir og tala\u00f0 \u00fea\u00f0 \u00ed m\u00edn eyru, sj\u00e1, \u00fea\u00f0 silfur er n\u00fa hj\u00e1 m\u00e9r. \u00c9g var s\u00e1, sem t\u00f3k \u00fea\u00f0. \u00de\u00e1 sag\u00f0i m\u00f3\u00f0ir hans: Blessa\u00f0ur veri sonur minn af Drottni.<a name=\"3\"><span class=\"versanumer\">3<\/span><\/a>S\u00ed\u00f0an skila\u00f0i hann m\u00f3\u00f0ur sinni \u00feessum ellefu hundru\u00f0 siklum silfurs aftur, og m\u00f3\u00f0ir hans sag\u00f0i: \u00c9g helga a\u00f0 \u00f6llu leyti Drottni silfri\u00f0 \u00far minni hendi til heilla fyrir son minn, til \u00feess a\u00f0 \u00far \u00fev\u00ed ver\u00f0i gj\u00f6rt \u00fatskori\u00f0 og steypt l\u00edkneski, og fyrir \u00fev\u00ed f\u00e6 \u00e9g \u00fe\u00e9r \u00fea\u00f0 n\u00fa aftur.<a name=\"4\"><span class=\"versanumer\">4<\/span><\/a>Er hann haf\u00f0i skila\u00f0 m\u00f3\u00f0ur sinni aftur silfrinu, \u00fe\u00e1 t\u00f3k m\u00f3\u00f0ir hans tv\u00f6 hundru\u00f0 sikla silfurs og f\u00e9kk \u00fe\u00e1 gullsmi\u00f0, og hann gj\u00f6r\u00f0i \u00far \u00feeim \u00fatskori\u00f0 og steypt l\u00edkneski, og \u00fea\u00f0 var \u00ed h\u00fasi M\u00edka.<a name=\"5\"><span class=\"versanumer\">5<\/span><\/a>\u00deessi ma\u00f0ur, M\u00edka, \u00e1tti go\u00f0ah\u00fas, og hann bj\u00f3 til h\u00f6kull\u00edkneski og h\u00fasgo\u00f0, og hann v\u00edg\u00f0i einn sona sinna, og var\u00f0 hann prestur hans.<a name=\"6\"><span class=\"versanumer\">6<\/span><\/a>\u00cd \u00fe\u00e1 daga var enginn konungur \u00ed \u00cdsrael. Hver ma\u00f0ur gj\u00f6r\u00f0i \u00fea\u00f0, er honum vel l\u00edka\u00f0i.<a name=\"7\"><span class=\"versanumer\">7<\/span><\/a>\u00cd Betlehem \u00ed J\u00fada var ungur ma\u00f0ur, af \u00e6tt J\u00fada. Hann var lev\u00edti og var \u00fear dvalarma\u00f0ur.<a name=\"8\"><span class=\"versanumer\">8<\/span><\/a>\u00deessi ma\u00f0ur f\u00f3r burt \u00far borginni Betlehem \u00ed J\u00fada til \u00feess a\u00f0 f\u00e1 s\u00e9r dvalarvist, hvar sem hann g\u00e6ti. Og hann kom upp \u00ed Efra\u00edmfj\u00f6ll, til h\u00fass M\u00edka, og \u00e6tla\u00f0i a\u00f0 halda \u00e1fram fer\u00f0 sinni.<a name=\"9\"><span class=\"versanumer\">9<\/span><\/a>M\u00edka sag\u00f0i vi\u00f0 hann: Hva\u00f0an kemur \u00fe\u00fa? Hann svara\u00f0i honum: \u00c9g er lev\u00edti fr\u00e1 Betlehem \u00ed J\u00fada, og er \u00e9g \u00e1 fer\u00f0alagi til \u00feess a\u00f0 f\u00e1 m\u00e9r dvalarvist, hvar sem \u00e9g get.<a name=\"10\"><span class=\"versanumer\">10<\/span><\/a>\u00de\u00e1 sag\u00f0i M\u00edka vi\u00f0 hann: Sestu a\u00f0 hj\u00e1 m\u00e9r, og skaltu vera fa\u00f0ir minn og prestur, og \u00e9g mun gefa \u00fe\u00e9r t\u00edu sikla silfurs um \u00e1ri\u00f0 og fullan kl\u00e6\u00f0na\u00f0 og vi\u00f0urv\u00e6ri \u00feitt. Og lev\u00edtinn gekk inn til hans.<a name=\"11\"><span class=\"versanumer\">11<\/span><\/a>Lev\u00edtinn l\u00e9t s\u00e9r vel l\u00edka a\u00f0 setjast a\u00f0 hj\u00e1 manninum, og f\u00f3r hann me\u00f0 hinn unga mann sem v\u00e6ri hann einn af sonum hans.<a name=\"12\"><span class=\"versanumer\">12<\/span><\/a>Og M\u00edka setti lev\u00edtann inn \u00ed emb\u00e6tti, og var\u00f0 hinn ungi ma\u00f0ur prestur hans og var \u00ed h\u00fasi M\u00edka.<a name=\"13\"><span class=\"versanumer\">13<\/span><\/a>\u00de\u00e1 sag\u00f0i M\u00edka: N\u00fa veit \u00e9g, a\u00f0 Drottinn muni gj\u00f6ra vel vi\u00f0 mig, af \u00fev\u00ed a\u00f0 \u00e9g hefi lev\u00edta fyrir prest.<\/p>\n<div class=\"footnote1981\"><b>17.1<\/b> Efra\u00edmfj\u00f6ll D\u00f3m 3.27+<br \/>\n<b>17.2<\/b> B\u00f6lb\u00e6nir: (1) 3M\u00f3s 5.1; 1Kon 8.31-32; Okv 29.24; (2) Sak 5.3-4 \u2013 blessun 2Sam 21.3; 1Kon 2.45<br \/>\n<b>17.3<\/b> L\u00edkneski D\u00f3m 18.17-18; sbr 5M\u00f3s 27.15<br \/>\n<b>17.6<\/b> Enginn konungur \u00ed \u00cdsrael D\u00f3m 18.1; 19.1; 21.25<br \/>\n<b>17.7<\/b> Betlehem \u00ed J\u00fada 1Sam 16.4; M\u00edk 5.1; Matt 2.1; sbr D\u00f3m 19.1 \u2013 Lev\u00edti 5M\u00f3s 18.6 \u2013 haf\u00f0i komi\u00f0 s\u00e9r fyrir 5M\u00f3s 12.12,18-19<br \/>\n<b>17.10<\/b> Fa\u00f0ir D\u00f3m 18.19; sbr 2Kon 2.12; 6.21; 13.14<\/div>\n","protected":false},"excerpt":{"rendered":"<p>1Ma\u00f0ur h\u00e9t M\u00edka. Hann var fr\u00e1 Efra\u00edmfj\u00f6llum.2Hann sag\u00f0i vi\u00f0 m\u00f3\u00f0ur s\u00edna: \u00deeir ellefu hundru\u00f0 siklar silfurs, sem hafa veri\u00f0 teknir fr\u00e1 \u00fe\u00e9r og \u00fe\u00fa hefir be\u00f0i\u00f0 b\u00f6lb\u00e6na fyrir og tala\u00f0 \u00fea\u00f0 \u00ed m\u00edn eyru, sj\u00e1, \u00fea\u00f0 silfur er n\u00fa hj\u00e1 m\u00e9r. \u00c9g var s\u00e1, sem t\u00f3k \u00fea\u00f0. \u00de\u00e1 sag\u00f0i m\u00f3\u00f0ir hans: Blessa\u00f0ur veri sonur minn af Drottni.3S\u00ed\u00f0an skila\u00f0i hann m\u00f3\u00f0ur sinni \u00feessum ellefu hundru\u00f0 siklum silfurs aftur, og m\u00f3\u00f0ir hans sag\u00f0i: \u00c9g helga a\u00f0 \u00f6llu leyti Drottni silfri\u00f0 \u00far minni hendi til heilla fyrir son minn, til \u00feess a\u00f0 \u00far \u00fev\u00ed ver\u00f0i gj\u00f6rt \u00fatskori\u00f0 og steypt l\u00edkneski, og fyrir \u00fev\u00ed <a href=\"https:\/\/biblian.is\/1981\/domarabokin-17-kafli\/\"> [&#8230;]<\/a><\/p>\n","protected":false},"author":1,"featured_media":0,"parent":0,"menu_order":0,"comment_status":"open","ping_status":"open","template":"bibliukaflar.php","meta":{"footnotes":""},"class_list":["post-1574","page","type-page","status-publish","hentry"],"_links":{"self":[{"href":"https:\/\/biblian.is\/1981\/wp-json\/wp\/v2\/pages\/1574","targetHints":{"allow":["GET"]}}],"collection":[{"href":"https:\/\/biblian.is\/1981\/wp-json\/wp\/v2\/pages"}],"about":[{"href":"https:\/\/biblian.is\/1981\/wp-json\/wp\/v2\/types\/page"}],"author":[{"embeddable":true,"href":"https:\/\/biblian.is\/1981\/wp-json\/wp\/v2\/users\/1"}],"replies":[{"embeddable":true,"href":"https:\/\/biblian.is\/1981\/wp-json\/wp\/v2\/comments?post=1574"}],"version-history":[{"count":0,"href":"https:\/\/biblian.is\/1981\/wp-json\/wp\/v2\/pages\/1574\/revisions"}],"wp:attachment":[{"href":"https:\/\/biblian.is\/1981\/wp-json\/wp\/v2\/media?parent=1574"}],"curies":[{"name":"wp","href":"https:\/\/api.w.org\/{rel}","templated":true}]}}