{"id":1571,"date":"2017-11-18T20:17:50","date_gmt":"2017-11-18T20:17:50","guid":{"rendered":"http:\/\/biblian.is\/1981\/domarabokin-14-kafli\/"},"modified":"2021-06-06T10:50:36","modified_gmt":"2021-06-06T10:50:36","slug":"domarabokin-14-kafli","status":"publish","type":"page","link":"https:\/\/biblian.is\/1981\/domarabokin-14-kafli\/","title":{"rendered":"D\u00f3marab\u00f3kin 14. kafli"},"content":{"rendered":"<p><a name=\"1\"><span class=\"versanumer\">1<\/span><\/a>Samson f\u00f3r ni\u00f0ur til Timna og s\u00e1 konu eina \u00fear \u00ed Timna. Var h\u00fan ein af d\u00e6trum Filista.<a name=\"2\"><span class=\"versanumer\">2<\/span><\/a>S\u00ed\u00f0an f\u00f3r hann heim aftur og sag\u00f0i f\u00f6\u00f0ur s\u00ednum og m\u00f3\u00f0ur fr\u00e1 \u00feessu og m\u00e6lti: \u00c9g hefi s\u00e9\u00f0 konu eina \u00ed Timna. Er h\u00fan ein af d\u00e6trum Filista. Taki\u00f0 \u00fei\u00f0 hana n\u00fa m\u00e9r til handa a\u00f0 eiginkonu.<a name=\"3\"><span class=\"versanumer\">3<\/span><\/a>En fa\u00f0ir hans og m\u00f3\u00f0ir s\u00f6g\u00f0u vi\u00f0 hann: Er \u00fe\u00e1 engin kona me\u00f0al d\u00e6tra fr\u00e6nda \u00feinna og \u00ed \u00f6llu f\u00f3lki m\u00ednu, a\u00f0 \u00fe\u00fa \u00feurfir a\u00f0 fara og taka \u00fe\u00e9r konu af Filistum, sem eru \u00f3umskornir? Samson svara\u00f0i f\u00f6\u00f0ur s\u00ednum: Tak hana m\u00e9r til handa, \u00fev\u00ed a\u00f0 h\u00fan ge\u00f0jast augum m\u00ednum.<a name=\"4\"><span class=\"versanumer\">4<\/span><\/a>En fa\u00f0ir hans og m\u00f3\u00f0ir vissu ekki, a\u00f0 \u00feetta var fr\u00e1 Drottni, og a\u00f0 hann leita\u00f0i f\u00e6ris vi\u00f0 Filistana. Um \u00fe\u00e6r mundir drottnu\u00f0u Filistar yfir \u00cdsrael.<a name=\"5\"><span class=\"versanumer\">5<\/span><\/a>\u00de\u00e1 f\u00f3ru \u00feau Samson og fa\u00f0ir hans og m\u00f3\u00f0ir ni\u00f0ur til Timna. Og er \u00feau komu a\u00f0 v\u00edng\u00f6r\u00f0um Timna, \u00fe\u00e1 kom ungt lj\u00f3n \u00f6skrandi \u00ed m\u00f3ti honum.<a name=\"6\"><span class=\"versanumer\">6<\/span><\/a>\u00de\u00e1 kom andi Drottins yfir hann, svo a\u00f0 hann sleit \u00fea\u00f0 sundur, eins og menn sl\u00edta sundur hafurki\u00f0, og hann haf\u00f0i \u00fe\u00f3 ekkert \u00ed hendinni. En eigi sag\u00f0i hann f\u00f6\u00f0ur s\u00ednum n\u00e9 m\u00f3\u00f0ur fr\u00e1 \u00fev\u00ed, er hann haf\u00f0i gj\u00f6rt.<a name=\"7\"><span class=\"versanumer\">7<\/span><\/a>S\u00ed\u00f0an f\u00f3r Samson ofan og tala\u00f0i vi\u00f0 konuna, og h\u00fan ge\u00f0ja\u00f0ist augum hans.<a name=\"8\"><span class=\"versanumer\">8<\/span><\/a>Eftir nokkurn t\u00edma kom hann aftur a\u00f0 s\u00e6kja hana. V\u00e9k hann \u00fe\u00e1 af lei\u00f0 til \u00feess a\u00f0 sj\u00e1 dau\u00f0a lj\u00f3ni\u00f0, og sj\u00e1, b\u00fdflugur voru \u00ed lj\u00f3nshr\u00e6inu og hunang.<a name=\"9\"><span class=\"versanumer\">9<\/span><\/a>Og hann t\u00f3k \u00fea\u00f0 \u00ed l\u00f3fa s\u00e9r, h\u00e9lt s\u00ed\u00f0an \u00e1fram og \u00e1t, og hann f\u00f3r til f\u00f6\u00f0ur s\u00edns og m\u00f3\u00f0ur og gaf \u00feeim, og \u00feau \u00e1tu. En ekki sag\u00f0i hann \u00feeim fr\u00e1 \u00fev\u00ed, a\u00f0 hann hef\u00f0i teki\u00f0 hunangi\u00f0 \u00far lj\u00f3nshr\u00e6inu.<a name=\"10\"><span class=\"versanumer\">10<\/span><\/a>\u00dev\u00ed n\u00e6st f\u00f3r fa\u00f0ir hans ofan til konunnar, og gj\u00f6r\u00f0i Samson \u00fear veislu, \u00fev\u00ed a\u00f0 s\u00e1 var h\u00e1ttur ungra manna.<a name=\"11\"><span class=\"versanumer\">11<\/span><\/a>En er \u00feeir s\u00e1u hann, fengu \u00feeir honum \u00ferj\u00e1t\u00edu br\u00fa\u00f0arsveina, er vera skyldu me\u00f0 honum.<a name=\"12\"><span class=\"versanumer\">12<\/span><\/a>Og Samson sag\u00f0i vi\u00f0 \u00fe\u00e1: \u00c9g mun bera upp fyrir y\u00f0ur g\u00e1tu eina. Ef \u00fe\u00e9r f\u00e1i\u00f0 r\u00e1\u00f0i\u00f0 hana \u00e1 \u00feessum sj\u00f6 veislud\u00f6gum og geti\u00f0 hennar, \u00fe\u00e1 mun \u00e9g gefa y\u00f0ur \u00ferj\u00e1t\u00edu kyrtla og \u00ferj\u00e1t\u00edu h\u00e1t\u00ed\u00f0akl\u00e6\u00f0na\u00f0i.<a name=\"13\"><span class=\"versanumer\">13<\/span><\/a>En ef \u00fe\u00e9r geti\u00f0 ekki r\u00e1\u00f0i\u00f0 hana, \u00fe\u00e1 skulu\u00f0 \u00fe\u00e9r gefa m\u00e9r \u00ferj\u00e1t\u00edu kyrtla og \u00ferj\u00e1t\u00edu h\u00e1t\u00ed\u00f0akl\u00e6\u00f0na\u00f0i. \u00deeir sv\u00f6ru\u00f0u honum: Ber \u00fe\u00fa upp g\u00e1tu \u00fe\u00edna, svo a\u00f0 v\u00e9r megum heyra hana.<a name=\"14\"><span class=\"versanumer\">14<\/span><\/a>\u00de\u00e1 sag\u00f0i hann vi\u00f0 \u00fe\u00e1: \u00c6ti gekk \u00fat af etanda og s\u00e6tleiki gekk \u00fat af hinum sterka. Og li\u00f0u svo \u00fer\u00edr dagar a\u00f0 \u00feeir g\u00e1tu ekki r\u00e1\u00f0i\u00f0 g\u00e1tuna.<a name=\"15\"><span class=\"versanumer\">15<\/span><\/a>\u00c1 fj\u00f3r\u00f0a degi s\u00f6g\u00f0u \u00feeir vi\u00f0 konu Samsonar: Ginn \u00fe\u00fa b\u00f3nda \u00feinn til a\u00f0 segja oss r\u00e1\u00f0ningu g\u00e1tunnar, ella munum v\u00e9r \u00feig \u00ed eldi brenna og h\u00fas f\u00f6\u00f0ur \u00fe\u00edns. Hafi\u00f0 \u00fe\u00e9r bo\u00f0i\u00f0 oss til \u00feess a\u00f0 f\u00e9fletta oss? Er ekki svo?<a name=\"16\"><span class=\"versanumer\">16<\/span><\/a>\u00de\u00e1 gr\u00e9t kona Samsonar og sag\u00f0i vi\u00f0 hann: Hatur hefir \u00fe\u00fa \u00e1 m\u00e9r, en enga \u00e1st, \u00fe\u00fa hefir bori\u00f0 upp g\u00e1tu fyrir saml\u00f6ndum m\u00ednum, en ekki sagt m\u00e9r r\u00e1\u00f0ningu hennar. Hann svara\u00f0i henni: Sj\u00e1, \u00e9g hefi ekki sagt f\u00f6\u00f0ur m\u00ednum og m\u00f3\u00f0ur minni r\u00e1\u00f0ningu hennar og \u00e6tti \u00fe\u00f3 a\u00f0 segja \u00fe\u00e9r hana?<a name=\"17\"><span class=\"versanumer\">17<\/span><\/a>Og h\u00fan gr\u00e9t og barma\u00f0i s\u00e9r vi\u00f0 hann sj\u00f6 dagana, sem veislan st\u00f3\u00f0 yfir, og \u00e1 sj\u00f6unda degi sag\u00f0i hann henni r\u00e1\u00f0ninguna, af \u00fev\u00ed a\u00f0 h\u00fan gekk svo fast \u00e1 hann. En h\u00fan sag\u00f0i saml\u00f6ndum s\u00ednum r\u00e1\u00f0ningu g\u00e1tunnar.<a name=\"18\"><span class=\"versanumer\">18<\/span><\/a>\u00de\u00e1 s\u00f6g\u00f0u borgarmenn vi\u00f0 hann \u00e1 sj\u00f6unda degi, \u00e1\u00f0ur s\u00f3l settist: Hva\u00f0 er s\u00e6tara en hunang? Og hva\u00f0 er sterkara en lj\u00f3n? Samson sag\u00f0i vi\u00f0 \u00fe\u00e1: Ef \u00fe\u00e9r hef\u00f0u\u00f0 ekki erja\u00f0 me\u00f0 kv\u00edgu minni, mundu\u00f0 \u00fe\u00e9r ekki hafa r\u00e1\u00f0i\u00f0 g\u00e1tu m\u00edna.<a name=\"19\"><span class=\"versanumer\">19<\/span><\/a>\u00de\u00e1 kom andi Drottins yfir hann, svo a\u00f0 hann f\u00f3r ofan til Askalon og drap \u00ferj\u00e1t\u00edu menn af \u00feeim, t\u00f3k kl\u00e6\u00f0na\u00f0i \u00feeirra og gaf \u00fe\u00e1 \u00feeim a\u00f0 h\u00e1t\u00ed\u00f0akl\u00e6\u00f0um, er r\u00e1\u00f0i\u00f0 h\u00f6f\u00f0u g\u00e1tuna. Og hann var\u00f0 \u00e1kaflega rei\u00f0ur og f\u00f3r upp til h\u00fass f\u00f6\u00f0ur s\u00edns.<a name=\"20\"><span class=\"versanumer\">20<\/span><\/a>En kona Samsonar giftist br\u00fa\u00f0arsveini hans, \u00feeim er hann haf\u00f0i vali\u00f0 s\u00e9r a\u00f0 svaramanni.<\/p>\n<div class=\"footnote1981\"><b>14.1<\/b> Timna J\u00f3s 15.10; 19.43<br \/>\n<b>14.2<\/b> F\u00e1 a\u00f0 eiginkonu 1M\u00f3s 34.4<br \/>\n<b>14.3<\/b> Kona \u00ed \u00cdsrael 1M\u00f3s 24.3-4; 28.1-2; 5M\u00f3s 7.3-4; Neh 13.23-27 \u2013 \u00f3umskornir D\u00f3m 15.18; 1Sam 14.6; 17.26,36; 31.4; 2Sam 1.20; 1Kro 10.4<br \/>\n<b>14.4<\/b> Verk Drottins Jes 28.29; Slm 118.23; Post 5.39<br \/>\n<b>14.6<\/b> Andi Drottins D\u00f3m 3.10+ &#8211; barist vi\u00f0 lj\u00f3n 1Sam 17.34-37; 2Sam 23.20<br \/>\n<b>14.12<\/b> G\u00e1ta 1Kon 10.1; Esk 17.2<br \/>\n<b>14.15<\/b> Brenna D\u00f3m 15.5<br \/>\n<b>14.19<\/b> Andi Drottins D\u00f3m 3.10+ &#8211; Askalon J\u00f3s 13.3<\/div>\n","protected":false},"excerpt":{"rendered":"<p>1Samson f\u00f3r ni\u00f0ur til Timna og s\u00e1 konu eina \u00fear \u00ed Timna. Var h\u00fan ein af d\u00e6trum Filista.2S\u00ed\u00f0an f\u00f3r hann heim aftur og sag\u00f0i f\u00f6\u00f0ur s\u00ednum og m\u00f3\u00f0ur fr\u00e1 \u00feessu og m\u00e6lti: \u00c9g hefi s\u00e9\u00f0 konu eina \u00ed Timna. Er h\u00fan ein af d\u00e6trum Filista. Taki\u00f0 \u00fei\u00f0 hana n\u00fa m\u00e9r til handa a\u00f0 eiginkonu.3En fa\u00f0ir hans og m\u00f3\u00f0ir s\u00f6g\u00f0u vi\u00f0 hann: Er \u00fe\u00e1 engin kona me\u00f0al d\u00e6tra fr\u00e6nda \u00feinna og \u00ed \u00f6llu f\u00f3lki m\u00ednu, a\u00f0 \u00fe\u00fa \u00feurfir a\u00f0 fara og taka \u00fe\u00e9r konu af Filistum, sem eru \u00f3umskornir? Samson svara\u00f0i f\u00f6\u00f0ur s\u00ednum: Tak hana m\u00e9r til handa, \u00fev\u00ed a\u00f0 h\u00fan <a href=\"https:\/\/biblian.is\/1981\/domarabokin-14-kafli\/\"> [&#8230;]<\/a><\/p>\n","protected":false},"author":1,"featured_media":0,"parent":0,"menu_order":0,"comment_status":"open","ping_status":"open","template":"bibliukaflar.php","meta":{"footnotes":""},"class_list":["post-1571","page","type-page","status-publish","hentry"],"_links":{"self":[{"href":"https:\/\/biblian.is\/1981\/wp-json\/wp\/v2\/pages\/1571","targetHints":{"allow":["GET"]}}],"collection":[{"href":"https:\/\/biblian.is\/1981\/wp-json\/wp\/v2\/pages"}],"about":[{"href":"https:\/\/biblian.is\/1981\/wp-json\/wp\/v2\/types\/page"}],"author":[{"embeddable":true,"href":"https:\/\/biblian.is\/1981\/wp-json\/wp\/v2\/users\/1"}],"replies":[{"embeddable":true,"href":"https:\/\/biblian.is\/1981\/wp-json\/wp\/v2\/comments?post=1571"}],"version-history":[{"count":0,"href":"https:\/\/biblian.is\/1981\/wp-json\/wp\/v2\/pages\/1571\/revisions"}],"wp:attachment":[{"href":"https:\/\/biblian.is\/1981\/wp-json\/wp\/v2\/media?parent=1571"}],"curies":[{"name":"wp","href":"https:\/\/api.w.org\/{rel}","templated":true}]}}