{"id":1564,"date":"2017-11-18T20:17:45","date_gmt":"2017-11-18T20:17:45","guid":{"rendered":"http:\/\/biblian.is\/1981\/domarabokin-7-kafli\/"},"modified":"2021-06-06T10:50:41","modified_gmt":"2021-06-06T10:50:41","slug":"domarabokin-7-kafli","status":"publish","type":"page","link":"https:\/\/biblian.is\/1981\/domarabokin-7-kafli\/","title":{"rendered":"D\u00f3marab\u00f3kin 7. kafli"},"content":{"rendered":"<p><a name=\"1\"><span class=\"versanumer\">1<\/span><\/a>N\u00fa t\u00f3k Jer\u00fabbaal, \u00fea\u00f0 er G\u00eddeon, sig \u00e1rla upp og allt li\u00f0i\u00f0, er me\u00f0 honum var, og settu \u00feeir herb\u00fa\u00f0ir s\u00ednar hj\u00e1 Har\u00f3dlind, en herb\u00fa\u00f0ir Mid\u00edans voru fyrir nor\u00f0an hann, hinumegin vi\u00f0 M\u00f3reh\u00e6\u00f0 \u00fear \u00e1 sl\u00e9ttunni.<a name=\"2\"><span class=\"versanumer\">2<\/span><\/a>Drottinn sag\u00f0i vi\u00f0 G\u00eddeon: Li\u00f0i\u00f0 er of margt, sem me\u00f0 \u00fe\u00e9r er, til \u00feess a\u00f0 \u00e9g vilji gefa Mid\u00edan \u00ed hendur \u00feeirra, ella kynni \u00cdsrael a\u00f0 hrokast upp gegn m\u00e9r og segja: M\u00edn eigin h\u00f6nd hefir frelsa\u00f0 mig.<a name=\"3\"><span class=\"versanumer\">3<\/span><\/a>Kalla \u00fev\u00ed n\u00fa \u00ed eyru f\u00f3lksins og seg: Hver s\u00e1, sem hr\u00e6ddur er og hugdeigur, sn\u00fai vi\u00f0 og fari aftur fr\u00e1 G\u00edlea\u00f0fjalli. \u00de\u00e1 sneru aftur tuttugu og tv\u00e6r \u00fe\u00fasundir af li\u00f0inu, en t\u00edu \u00fe\u00fasundir ur\u00f0u eftir.<a name=\"4\"><span class=\"versanumer\">4<\/span><\/a>\u00de\u00e1 sag\u00f0i Drottinn vi\u00f0 G\u00eddeon: Enn er li\u00f0i\u00f0 of margt. Lei\u00f0 \u00fe\u00fa \u00fe\u00e1 ofan til vatnsins, og mun \u00e9g reyna \u00fe\u00e1 \u00fear fyrir \u00feig. S\u00e1 sem \u00e9g \u00fe\u00e1 segi um vi\u00f0 \u00feig: \u00feessi skal me\u00f0 \u00fe\u00e9r fara, hann skal me\u00f0 \u00fe\u00e9r fara, en hver s\u00e1, er \u00e9g segi um vi\u00f0 \u00feig: \u00feessi skal ekki me\u00f0 \u00fe\u00e9r fara, hann skal ekki fara.<a name=\"5\"><span class=\"versanumer\">5<\/span><\/a>Leiddi G\u00eddeon \u00fe\u00e1 li\u00f0i\u00f0 ni\u00f0ur til vatnsins. Og Drottinn sag\u00f0i vi\u00f0 G\u00eddeon: \u00d6llum \u00feeim, sem lepja vatni\u00f0 me\u00f0 tungu sinni, eins og hundar gj\u00f6ra, skalt \u00fe\u00fa skipa s\u00e9r, og s\u00f6mulei\u00f0is \u00f6llum \u00feeim, sem krj\u00fapa \u00e1 kn\u00e9 til \u00feess a\u00f0 drekka \u00far l\u00f3fa s\u00ednum, er \u00feeir f\u00e6ra upp a\u00f0 munni s\u00e9r.<a name=\"6\"><span class=\"versanumer\">6<\/span><\/a>En \u00feeir, sem l\u00f6ptu vatni\u00f0, voru \u00ferj\u00fa hundru\u00f0 a\u00f0 t\u00f6lu, en allt hitt li\u00f0i\u00f0 kraup \u00e1 kn\u00e9 til \u00feess a\u00f0 drekka vatni\u00f0.<a name=\"7\"><span class=\"versanumer\">7<\/span><\/a>\u00de\u00e1 sag\u00f0i Drottinn vi\u00f0 G\u00eddeon: Me\u00f0 \u00feeim \u00ferem hundru\u00f0um manna, sem lapi\u00f0 hafa, mun \u00e9g frelsa y\u00f0ur og gefa Mid\u00edan \u00ed hendur y\u00f0ar, en allt hitt li\u00f0i\u00f0 skal fara, hver heim til s\u00edn.<a name=\"8\"><span class=\"versanumer\">8<\/span><\/a>\u00de\u00e1 t\u00f3ku \u00feeir til s\u00edn veganesti li\u00f0sins og l\u00fa\u00f0ra \u00feeirra, en alla a\u00f0ra \u00cdsraelsmenn l\u00e9t hann burt fara, hvern til s\u00edns heimkynnis, og h\u00e9lt a\u00f0eins \u00ferem hundru\u00f0um manna eftir. Og herb\u00fa\u00f0ir Mid\u00edans voru fyrir ne\u00f0an hann \u00e1 sl\u00e9ttunni.<a name=\"9\"><span class=\"versanumer\">9<\/span><\/a>Hina s\u00f6mu n\u00f3tt sag\u00f0i Drottinn vi\u00f0 G\u00eddeon: R\u00eds \u00fe\u00fa upp og far ofan \u00ed herb\u00fa\u00f0irnar, \u00fev\u00ed a\u00f0 \u00e9g hefi gefi\u00f0 \u00fe\u00e6r \u00ed \u00fe\u00ednar hendur.<a name=\"10\"><span class=\"versanumer\">10<\/span><\/a>En ef \u00fe\u00fa ert hr\u00e6ddur a\u00f0 fara ofan \u00feanga\u00f0, \u00fe\u00e1 far \u00fe\u00fa me\u00f0 P\u00fara, svein \u00feinn, til herb\u00fa\u00f0anna,<a name=\"11\"><span class=\"versanumer\">11<\/span><\/a>og hlusta\u00f0u \u00e1, hva\u00f0 \u00feeir segja. Mun \u00fe\u00e1 hugur \u00feinn styrkjast svo, a\u00f0 \u00fe\u00fa fer ofan \u00ed herb\u00fa\u00f0irnar. \u00de\u00e1 f\u00f3r hann og P\u00fara sveinn hans til ystu hermannanna, sem voru \u00ed herb\u00fa\u00f0unum.<a name=\"12\"><span class=\"versanumer\">12<\/span><\/a>Mid\u00edan\u00edtar, Amalek\u00edtar og allir austurbyggjar h\u00f6f\u00f0u reist herb\u00fa\u00f0ir \u00e1 sl\u00e9ttunni, sem engisprettur a\u00f0 fj\u00f6lda til, og \u00falfaldar \u00feeirra voru \u00f3teljandi, sem sandur \u00e1 sj\u00e1varstr\u00f6ndu a\u00f0 fj\u00f6lda til.<a name=\"13\"><span class=\"versanumer\">13<\/span><\/a>\u00deegar G\u00eddeon kom \u00feanga\u00f0, var ma\u00f0ur nokkur a\u00f0 segja f\u00e9laga s\u00ednum draum me\u00f0 \u00feessum or\u00f0um: Sj\u00e1, mig dreymdi draum, og \u00fe\u00f3tti m\u00e9r byggbrau\u00f0skaka velta s\u00e9r a\u00f0 herb\u00fa\u00f0um Mid\u00edans, og komst h\u00fan alla lei\u00f0 a\u00f0 tjaldinu og rakst \u00e1 \u00fea\u00f0, svo a\u00f0 \u00fea\u00f0 f\u00e9ll, og kollvelti \u00fev\u00ed, svo a\u00f0 tjaldi\u00f0 l\u00e1 flatt.<a name=\"14\"><span class=\"versanumer\">14<\/span><\/a>\u00de\u00e1 svara\u00f0i hinn: \u00deetta er ekkert anna\u00f0 en sver\u00f0 \u00cdsrael\u00edtans G\u00eddeons J\u00f3assonar. Gu\u00f0 hefir gefi\u00f0 Mid\u00edan og allar herb\u00fa\u00f0irnar \u00ed hendur hans.<a name=\"15\"><span class=\"versanumer\">15<\/span><\/a>Er G\u00eddeon haf\u00f0i heyrt fr\u00e1s\u00f6guna um drauminn og r\u00e1\u00f0ningu hans, f\u00e9ll hann fram og tilba\u00f0. Sneri hann s\u00ed\u00f0an aftur til herb\u00fa\u00f0a \u00cdsraels og sag\u00f0i: R\u00edsi\u00f0 upp, \u00fev\u00ed a\u00f0 Drottinn hefir gefi\u00f0 herb\u00fa\u00f0ir Mid\u00edans \u00ed y\u00f0ar hendur.<a name=\"16\"><span class=\"versanumer\">16<\/span><\/a>\u00de\u00e1 skipti hann \u00feeim \u00ferem hundru\u00f0um manna \u00ed \u00ferj\u00e1 flokka og f\u00e9kk \u00feeim \u00f6llum l\u00fa\u00f0ra \u00ed h\u00f6nd og t\u00f3mar kr\u00fasir og blys \u00ed kr\u00fasunum.<a name=\"17\"><span class=\"versanumer\">17<\/span><\/a>Og hann sag\u00f0i vi\u00f0 \u00fe\u00e1: L\u00edti\u00f0 \u00e1 mig og gj\u00f6ri\u00f0 sem \u00e9g. \u00deegar \u00e9g kem a\u00f0 \u00fatja\u00f0ri herb\u00fa\u00f0anna, \u00fe\u00e1 gj\u00f6ri\u00f0 eins og \u00e9g gj\u00f6ri.<a name=\"18\"><span class=\"versanumer\">18<\/span><\/a>\u00deegar \u00e9g \u00fev\u00ed \u00feeyti l\u00fa\u00f0urinn og allir \u00feeir, sem me\u00f0 m\u00e9r eru, \u00fe\u00e1 skulu\u00f0 \u00fe\u00e9r l\u00edka \u00feeyta l\u00fa\u00f0rana kringum allar herb\u00fa\u00f0irnar og segja: Sver\u00f0 Drottins og G\u00eddeons!<a name=\"19\"><span class=\"versanumer\">19<\/span><\/a>G\u00eddeon og \u00fea\u00f0 hundra\u00f0 manna, er me\u00f0 honum var, komu a\u00f0 \u00fatja\u00f0ri herb\u00fa\u00f0anna \u00ed byrjun mi\u00f0var\u00f0t\u00ed\u00f0arinnar. Var \u00fe\u00e1 einmitt n\u00fdb\u00fai\u00f0 a\u00f0 setja ver\u00f0ina. \u00de\u00e1 \u00feeyttu \u00feeir l\u00fa\u00f0rana og brutu sundur kr\u00fasirnar, sem \u00feeir b\u00e1ru \u00ed h\u00f6ndum s\u00e9r.<a name=\"20\"><span class=\"versanumer\">20<\/span><\/a>\u00deeyttu n\u00fa flokkarnir \u00fer\u00edr l\u00fa\u00f0rana og brutu kr\u00fasirnar, t\u00f3ku blysin \u00ed vinstri h\u00f6nd s\u00e9r og l\u00fa\u00f0rana \u00ed h\u00e6gri h\u00f6nd s\u00e9r til \u00feess a\u00f0 \u00feeyta \u00fe\u00e1, og \u00e6ptu: Sver\u00f0 Drottins og G\u00eddeons!<a name=\"21\"><span class=\"versanumer\">21<\/span><\/a>St\u00f3\u00f0u \u00feeir kyrrir, hver \u00e1 s\u00ednum sta\u00f0, umhverfis herb\u00fa\u00f0irnar, en \u00ed herb\u00fa\u00f0unum komst allt \u00ed uppn\u00e1m, og fl\u00fd\u00f0u menn n\u00fa me\u00f0 \u00f3pi miklu.<a name=\"22\"><span class=\"versanumer\">22<\/span><\/a>Og er \u00feeir \u00feeyttu \u00ferj\u00fa hundru\u00f0 l\u00fa\u00f0rana, \u00fe\u00e1 beindi Drottinn sver\u00f0um \u00feeirra gegn \u00feeirra eigin m\u00f6nnum um allar herb\u00fa\u00f0irnar, og fl\u00fd\u00f0i allur herinn til Bet Sitta, \u00e1 lei\u00f0 til Serera, a\u00f0 \u00e1rbakkanum vi\u00f0 Abel Meh\u00f3la hj\u00e1 Tabbat.<a name=\"23\"><span class=\"versanumer\">23<\/span><\/a>N\u00fa voru kalla\u00f0ir saman \u00cdsraelsmenn \u00far Naftal\u00ed, Asser og \u00f6llum Manasse, og \u00feeir veittu Mid\u00edan eftirf\u00f6r.<a name=\"24\"><span class=\"versanumer\">24<\/span><\/a>G\u00eddeon haf\u00f0i og sent sendimenn um \u00f6ll Efra\u00edmfj\u00f6ll og l\u00e1ti\u00f0 segja: Fari\u00f0 ofan \u00ed m\u00f3ti Mid\u00edan og varni\u00f0 \u00feeim yfirfer\u00f0ar yfir \u00e1rnar allt til Bet Bara og yfir J\u00f3rdan. \u00de\u00e1 var \u00f6llum Efra\u00edm\u00edtum stefnt saman, og \u00feeir v\u00f6rnu\u00f0u \u00feeim yfirfer\u00f0ar yfir \u00e1rnar allt til Bet Bara og yfir J\u00f3rdan.<a name=\"25\"><span class=\"versanumer\">25<\/span><\/a>Og \u00feeir handt\u00f3ku tvo h\u00f6f\u00f0ingja Mid\u00edan\u00edta, \u00fe\u00e1 \u00d3reb og Seeb, og dr\u00e1pu \u00d3reb hj\u00e1 \u00d3rebskletti, en Seeb dr\u00e1pu \u00feeir hj\u00e1 Seebsv\u00edn\u00fer\u00f6ng. S\u00ed\u00f0an veittu \u00feeir Mid\u00edan\u00edtum eftirf\u00f6r. En h\u00f6fu\u00f0in af \u00d3reb og Seeb f\u00e6r\u00f0u \u00feeir G\u00eddeon hinumegin J\u00f3rdanar.<\/p>\n<div class=\"footnote1981\"><b>7.2<\/b> Hreykja s\u00e9r upp 5M\u00f3s 8.17-18; 9.4-6; Jes 10.13-15; Am 6.13; sbr J\u00f3s 24.12; 1Sam 17.47; H\u00f3s 1.7+ ; Slm 44.4<br \/>\n<b>7.3<\/b> Hr\u00e6ddur 5M\u00f3s 20.8; 1Makk 3.56<br \/>\n<b>7.8<\/b> Til s\u00edns heimkynnis D\u00f3m 20.8; 1Sam 13.2; 2Sam 20.1; 1Kon 8.66; 12.16<br \/>\n<b>7.12<\/b> Mid\u00edan, Amalek og austurbyggjar D\u00f3m 6.1,3,33 \u2013 sem engisprettur D\u00f3m 6.5+ &#8211; sem sandkorn \u00e1 sj\u00e1rvarstr\u00f6nd 1M\u00f3s 22.17; J\u00f3s 11.4; 1Kon 4.20; Jer 33.22; H\u00f3s 2.1<br \/>\n<b>7.13<\/b> T\u00e1knr\u00e6nn draumur 1M\u00f3s 37.5-11; 40.5-41.36<br \/>\n<b>7.16<\/b> \u00cd \u00ferj\u00e1 flokka D\u00f3m 9.43; 1Sam 11.11; 13.17<br \/>\n<b>7.19<\/b> Var\u00f0t\u00ed\u00f0ir sbr 2M\u00f3s 14.24; 1Sam 11.11<br \/>\n<b>7.23<\/b> Naftal\u00ed, Asser, Manasse D\u00f3m 5.17-18; 6.15,35<\/div>\n","protected":false},"excerpt":{"rendered":"<p>1N\u00fa t\u00f3k Jer\u00fabbaal, \u00fea\u00f0 er G\u00eddeon, sig \u00e1rla upp og allt li\u00f0i\u00f0, er me\u00f0 honum var, og settu \u00feeir herb\u00fa\u00f0ir s\u00ednar hj\u00e1 Har\u00f3dlind, en herb\u00fa\u00f0ir Mid\u00edans voru fyrir nor\u00f0an hann, hinumegin vi\u00f0 M\u00f3reh\u00e6\u00f0 \u00fear \u00e1 sl\u00e9ttunni.2Drottinn sag\u00f0i vi\u00f0 G\u00eddeon: Li\u00f0i\u00f0 er of margt, sem me\u00f0 \u00fe\u00e9r er, til \u00feess a\u00f0 \u00e9g vilji gefa Mid\u00edan \u00ed hendur \u00feeirra, ella kynni \u00cdsrael a\u00f0 hrokast upp gegn m\u00e9r og segja: M\u00edn eigin h\u00f6nd hefir frelsa\u00f0 mig.3Kalla \u00fev\u00ed n\u00fa \u00ed eyru f\u00f3lksins og seg: Hver s\u00e1, sem hr\u00e6ddur er og hugdeigur, sn\u00fai vi\u00f0 og fari aftur fr\u00e1 G\u00edlea\u00f0fjalli. \u00de\u00e1 sneru aftur tuttugu og tv\u00e6r <a href=\"https:\/\/biblian.is\/1981\/domarabokin-7-kafli\/\"> [&#8230;]<\/a><\/p>\n","protected":false},"author":1,"featured_media":0,"parent":0,"menu_order":0,"comment_status":"open","ping_status":"open","template":"bibliukaflar.php","meta":{"footnotes":""},"class_list":["post-1564","page","type-page","status-publish","hentry"],"_links":{"self":[{"href":"https:\/\/biblian.is\/1981\/wp-json\/wp\/v2\/pages\/1564","targetHints":{"allow":["GET"]}}],"collection":[{"href":"https:\/\/biblian.is\/1981\/wp-json\/wp\/v2\/pages"}],"about":[{"href":"https:\/\/biblian.is\/1981\/wp-json\/wp\/v2\/types\/page"}],"author":[{"embeddable":true,"href":"https:\/\/biblian.is\/1981\/wp-json\/wp\/v2\/users\/1"}],"replies":[{"embeddable":true,"href":"https:\/\/biblian.is\/1981\/wp-json\/wp\/v2\/comments?post=1564"}],"version-history":[{"count":0,"href":"https:\/\/biblian.is\/1981\/wp-json\/wp\/v2\/pages\/1564\/revisions"}],"wp:attachment":[{"href":"https:\/\/biblian.is\/1981\/wp-json\/wp\/v2\/media?parent=1564"}],"curies":[{"name":"wp","href":"https:\/\/api.w.org\/{rel}","templated":true}]}}