{"id":1552,"date":"2017-11-18T20:17:45","date_gmt":"2017-11-18T20:17:45","guid":{"rendered":"http:\/\/biblian.is\/1981\/josuabok-19-kafli\/"},"modified":"2017-11-18T20:17:45","modified_gmt":"2017-11-18T20:17:45","slug":"josuabok-19-kafli","status":"publish","type":"page","link":"https:\/\/biblian.is\/1981\/josuabok-19-kafli\/","title":{"rendered":"J\u00f3s\u00faab\u00f3k 19. kafli"},"content":{"rendered":"<p><a name=\"1\"><span class=\"versanumer\">1<\/span><\/a>N\u00e6st kom upp hlutur S\u00edmeons, kynkv\u00edslar S\u00edmeons sona eftir \u00e6ttum \u00feeirra, en arfleif\u00f0 \u00feeirra l\u00e1 inni \u00ed arfleif\u00f0 J\u00fada sona mi\u00f0ri.<a name=\"2\"><span class=\"versanumer\">2<\/span><\/a>\u00deeir fengu a\u00f0 arfleif\u00f0: Beerseba og Seba, M\u00f3lada,<a name=\"3\"><span class=\"versanumer\">3<\/span><\/a>Hasar S\u00faal, Bala, Esem,<a name=\"4\"><span class=\"versanumer\">4<\/span><\/a>Elt\u00f3la\u00f0, Bet\u00fal, Horma,<a name=\"5\"><span class=\"versanumer\">5<\/span><\/a>Siklag, Bet Markab\u00f3t, Hasar S\u00fasa,<a name=\"6\"><span class=\"versanumer\">6<\/span><\/a>Bet Leba\u00f3t og Sar\u00fahen, \u00ferett\u00e1n borgir og \u00feorpin, er a\u00f0 liggja.<a name=\"7\"><span class=\"versanumer\">7<\/span><\/a>A\u00edn, Rimmon, Eter og Asan, fj\u00f3rar borgir og \u00feorpin, er a\u00f0 liggja,<a name=\"8\"><span class=\"versanumer\">8<\/span><\/a>auk \u00feess \u00f6ll \u00feau \u00feorp, er l\u00e1gu kringum borgir \u00feessar allt til Baalat Beer, Rama su\u00f0urlandsins. \u00deetta var arfleif\u00f0 kynkv\u00edslar S\u00edmeons sona, eftir \u00e6ttum \u00feeirra.<a name=\"9\"><span class=\"versanumer\">9<\/span><\/a>Arfleif\u00f0 S\u00edmeons sona var nokkur hluti af landshluta J\u00fada sona, \u00fev\u00ed a\u00f0 hluti J\u00fada sona var of st\u00f3r fyrir \u00fe\u00e1, og fyrir \u00fev\u00ed fengu S\u00edmeons synir arfleif\u00f0 \u00ed mi\u00f0ri arfleif\u00f0 \u00feeirra.<a name=\"10\"><span class=\"versanumer\">10<\/span><\/a>\u00de\u00e1 kom upp \u00feri\u00f0ji hluturinn. \u00dea\u00f0 var hlutur Seb\u00falons sona eftir \u00e6ttum \u00feeirra, og n\u00e1\u00f0u landamerki arfleif\u00f0ar \u00feeirra allt til Sar\u00edd.<a name=\"11\"><span class=\"versanumer\">11<\/span><\/a>Og landamerki \u00feeirra l\u00e1gu \u00ed vestur upp til Marala, \u00fea\u00f0an \u00fat til Dabbeset og lentu hj\u00e1 l\u00e6knum, sem rennur fyrir austan Jokneam.<a name=\"12\"><span class=\"versanumer\">12<\/span><\/a>Til austurs aftur \u00e1 m\u00f3ti, gegnt uppr\u00e1s s\u00f3lar, l\u00e1gu \u00feau fr\u00e1 Sar\u00edd til landam\u00e6ra Kisl\u00f3t Tabors, \u00fea\u00f0an til Daberat og \u00fea\u00f0an upp til Jaf\u00eda.<a name=\"13\"><span class=\"versanumer\">13<\/span><\/a>\u00dea\u00f0an l\u00e1gu \u00feau \u00ed austur, m\u00f3t uppr\u00e1s s\u00f3lar, yfir til Gat Hefer, til Et Kas\u00edn, s\u00ed\u00f0an til Rimmon, sem n\u00e6r allt til Nea.<a name=\"14\"><span class=\"versanumer\">14<\/span><\/a>Og landamerkin beyg\u00f0u \u00fear vi\u00f0, nor\u00f0ur til Hannat\u00f3n, og alla lei\u00f0 til Jifta-El-dals,<a name=\"15\"><span class=\"versanumer\">15<\/span><\/a>\u00e1samt Katat, Nahalal, Simron, Jidala og Betlehem, t\u00f3lf borgir og \u00feorpin, er a\u00f0 liggja.<a name=\"16\"><span class=\"versanumer\">16<\/span><\/a>\u00deetta var arfleif\u00f0 Seb\u00falons sona, eftir \u00e6ttum \u00feeirra: \u00feessar borgir og \u00feorpin, er a\u00f0 liggja.<a name=\"17\"><span class=\"versanumer\">17<\/span><\/a>\u00de\u00e1 kom upp fj\u00f3r\u00f0i hluturinn. \u00dea\u00f0 var hlutur \u00cdssakars, \u00cdssakars sona eftir \u00e6ttum \u00feeirra.<a name=\"18\"><span class=\"versanumer\">18<\/span><\/a>Og land \u00feeirra t\u00f3k yfir: Jesreel, Kes\u00fall\u00f3t, S\u00fanem,<a name=\"19\"><span class=\"versanumer\">19<\/span><\/a>Hafara\u00edm, S\u00ed\u00f3n, Anaharat,<a name=\"20\"><span class=\"versanumer\">20<\/span><\/a>Rabb\u00edt, Kisjon, Ebes,<a name=\"21\"><span class=\"versanumer\">21<\/span><\/a>Remet, En-Gann\u00edm, En-Hadda og Bet Passes.<a name=\"22\"><span class=\"versanumer\">22<\/span><\/a>Og landamerkin n\u00e1\u00f0u til Tabor, Sahas\u00edma og Bet Semes, og alla lei\u00f0 til J\u00f3rdanar, sext\u00e1n borgir og \u00feorpin er a\u00f0 liggja.<a name=\"23\"><span class=\"versanumer\">23<\/span><\/a>\u00deetta var arfleif\u00f0 kynkv\u00edslar \u00cdssakars sona eftir \u00e6ttum \u00feeirra, borgirnar og \u00feorpin er a\u00f0 liggja.<a name=\"24\"><span class=\"versanumer\">24<\/span><\/a>\u00de\u00e1 kom upp fimmti hluturinn. \u00dea\u00f0 var hlutur kynkv\u00edslar Assers sona, eftir \u00e6ttum \u00feeirra.<a name=\"25\"><span class=\"versanumer\">25<\/span><\/a>Og land \u00feeirra t\u00f3k yfir: Helkat, Hal\u00ed, Beten, Aksaf,<a name=\"26\"><span class=\"versanumer\">26<\/span><\/a>Allammelek, Amead og M\u00edseal, og \u00feau n\u00e1\u00f0u vestur a\u00f0 Karmel og S\u00edh\u00f3r Libnat.<a name=\"27\"><span class=\"versanumer\">27<\/span><\/a>\u00dea\u00f0an l\u00e1gu \u00feau \u00ed austur til Bet Dag\u00f3n, og n\u00e1\u00f0u a\u00f0 Seb\u00falon og Jifta-El-dal \u00ed nor\u00f0ri, Bet Emek og Neg\u00edel, og l\u00e1gu nor\u00f0ur til Kab\u00fal,<a name=\"28\"><span class=\"versanumer\">28<\/span><\/a>Ebron, Reh\u00f3b, Hammon og Kana, allt til hinnar miklu S\u00eddon.<a name=\"29\"><span class=\"versanumer\">29<\/span><\/a>\u00dea\u00f0an beyg\u00f0ust landamerkin til Rama og allt til hinnar v\u00edggirtu borgar T\u00fdrus, og \u00fea\u00f0an aftur til H\u00f3sa og \u00fea\u00f0an alla lei\u00f0 til sj\u00e1var, fr\u00e1 \u00fev\u00ed er Aks\u00edbh\u00e9ra\u00f0i sleppir.<a name=\"30\"><span class=\"versanumer\">30<\/span><\/a>Auk \u00feess Akk\u00f3, Afek og Reh\u00f3b, tuttugu og tv\u00e6r borgir og \u00feorpin, er a\u00f0 liggja.<a name=\"31\"><span class=\"versanumer\">31<\/span><\/a>\u00deetta var arfleif\u00f0 kynkv\u00edslar Assers sona, eftir \u00e6ttum \u00feeirra, \u00feessar borgir og \u00feorpin, er a\u00f0 liggja.<a name=\"32\"><span class=\"versanumer\">32<\/span><\/a>\u00de\u00e1 kom upp sj\u00f6tti hluturinn. \u00dea\u00f0 var hlutur Naftal\u00ed, Naftal\u00ed sona eftir \u00e6ttum \u00feeirra.<a name=\"33\"><span class=\"versanumer\">33<\/span><\/a>Og landamerki \u00feeirra l\u00e1gu fr\u00e1 Helef, fr\u00e1 eikunum hj\u00e1 Saanann\u00edm, Adam\u00ed Nekeb og Jabneel allt til Lakk\u00fam og alla lei\u00f0 a\u00f0 J\u00f3rdan.<a name=\"34\"><span class=\"versanumer\">34<\/span><\/a>\u00dea\u00f0an gengu landam\u00e6rin \u00ed vestur til Asn\u00f3t Tabor, \u00fea\u00f0an \u00fat til H\u00fakk\u00f3k, n\u00e1\u00f0u til Seb\u00falons a\u00f0 sunnanver\u00f0u, til Assers a\u00f0 vestanver\u00f0u og til J\u00fada vi\u00f0 J\u00f3rdan gegnt uppr\u00e1s s\u00f3lar.<a name=\"35\"><span class=\"versanumer\">35<\/span><\/a>Og v\u00edggirtar borgir voru \u00fear: Sidd\u00edm, Ser, Hammat, Rakkat, Kinneret,<a name=\"36\"><span class=\"versanumer\">36<\/span><\/a>Adama, Rama, Has\u00f3r,<a name=\"37\"><span class=\"versanumer\">37<\/span><\/a>Kedes, Edre\u00ed, En Has\u00f3r,<a name=\"38\"><span class=\"versanumer\">38<\/span><\/a>Jir\u00f3n, Migdal, El, Horem, Bet Anat og Bet Semes n\u00edtj\u00e1n borgir og \u00feorpin, er a\u00f0 liggja.<a name=\"39\"><span class=\"versanumer\">39<\/span><\/a>\u00deetta var arfleif\u00f0 kynkv\u00edslar Naftal\u00ed sona eftir \u00e6ttum \u00feeirra, borgirnar og \u00feorpin, er a\u00f0 liggja.<a name=\"40\"><span class=\"versanumer\">40<\/span><\/a>Loks kom upp sj\u00f6undi hluturinn, og var \u00fea\u00f0 hlutur kynkv\u00edslar Dans sona, eftir \u00e6ttum \u00feeirra.<a name=\"41\"><span class=\"versanumer\">41<\/span><\/a>Og landamerkin a\u00f0 arfleif\u00f0 \u00feeirra voru Sorea, Esta\u00f3l, \u00cdr-Semes,<a name=\"42\"><span class=\"versanumer\">42<\/span><\/a>Saalabb\u00edn, Ajalon, Jitla,<a name=\"43\"><span class=\"versanumer\">43<\/span><\/a>El\u00f3n, Timnat, Ekron,<a name=\"44\"><span class=\"versanumer\">44<\/span><\/a>Elteke, Gibbet\u00f3n, Baalat,<a name=\"45\"><span class=\"versanumer\">45<\/span><\/a>Jeh\u00fad, Bene Berak, Gat Rimmon,<a name=\"46\"><span class=\"versanumer\">46<\/span><\/a>Me-Jark\u00f3n og Rakkon, \u00e1samt landinu gegnt Jaf\u00f3.<a name=\"47\"><span class=\"versanumer\">47<\/span><\/a>En land Dans sona gekk undan \u00feeim. \u00de\u00e1 f\u00f3ru Dans synir og herju\u00f0u \u00e1 Lesem, unnu hana og t\u00f3ku hana herskildi, sl\u00f3gu s\u00ed\u00f0an eign sinni \u00e1 hana og settust \u00fear a\u00f0 og nefndu hana Dan eftir nafni Dans, f\u00f6\u00f0ur \u00feeirra.<a name=\"48\"><span class=\"versanumer\">48<\/span><\/a>\u00deetta var arfleif\u00f0 kynkv\u00edslar Dans sona eftir \u00e6ttum \u00feeirra, \u00feessar borgir og \u00feorpin, er a\u00f0 liggja.<a name=\"49\"><span class=\"versanumer\">49<\/span><\/a>Er \u00cdsraelsmenn h\u00f6f\u00f0u skipt landinu \u00f6llu til ystu ummerkja, g\u00e1fu \u00feeir J\u00f3s\u00faa N\u00fanssyni \u00f3\u00f0al me\u00f0al s\u00edn.<a name=\"50\"><span class=\"versanumer\">50<\/span><\/a>Eftir bo\u00f0i Drottins g\u00e1fu \u00feeir honum borg \u00fe\u00e1, er hann sj\u00e1lfur kaus, en \u00fea\u00f0 var Timnat Sera \u00ed Efra\u00edmfj\u00f6llum. Hann bygg\u00f0i upp borgina og bj\u00f3 \u00fear s\u00ed\u00f0an.<a name=\"51\"><span class=\"versanumer\">51<\/span><\/a>\u00deessar voru arfleif\u00f0irnar, er \u00feeir Eleasar prestur, J\u00f3s\u00faa N\u00fansson og \u00e6tth\u00f6f\u00f0ingjar kynkv\u00edsla \u00cdsraelsmanna \u00fathlutu\u00f0u me\u00f0 hlutkesti \u00ed S\u00edl\u00f3 frammi fyrir Drottni, vi\u00f0 dyr samfundatjaldsins. H\u00f6f\u00f0u \u00feeir n\u00fa loki\u00f0 \u00fev\u00ed a\u00f0 skipta landinu.<\/p>\n<div class=\"footnote1981\"><b>19.1-8<\/b> Erf\u00f0aland S\u00edmeons sbr v.9; J\u00f3s 15.21-32<br \/>\n<b>19.1<\/b> S\u00edmeon 1M\u00f3s 49.5; 1Kro 4.28-33<br \/>\n<b>19.10<\/b> Seb\u00falon 1M\u00f3s 49.13; 5M\u00f3s 33.18-19<br \/>\n<b>19.11<\/b> Jokneam J\u00f3s 12.22<br \/>\n<b>19.17<\/b> \u00cdssakar 1M\u00f3s 49.14-15; 5M\u00f3s 33.18-19<br \/>\n<b>19.18<\/b> Jesreel J\u00f3s 17.16+ &#8211; S\u00fanem 1Sam 28.4; 2Kon 4.8; sbr 1Kon 1.3<br \/>\n<b>19.22<\/b> Tabor sbr D\u00f3m 4.6; 8.18<br \/>\n<b>19.24<\/b> Asser 1M\u00f3s 49.20; 5M\u00f3s 33.24<br \/>\n<b>19.25<\/b> Aksaf  J\u00f3s 11.1; 12.20<br \/>\n<b>19.26<\/b> Karmel 1Kon 18.19; 2Kon 2.25; Jes 33.9; Jer 46.18<br \/>\n<b>19.27<\/b> Kab\u00fal 1Kon 9.13<br \/>\n<b>19.30<\/b> Reh\u00f3b 4M\u00f3s 13.21; D\u00f3m 1.31<br \/>\n<b>19.32<\/b> Naftal\u00ed 1M\u00f3s 49.21; 5M\u00f3s 33.23<br \/>\n<b>19.35<\/b> Borgir Naftal\u00eds J\u00f3s 11.1,2,10; 12.3,19,22; 13.27; 21.32; D\u00f3m 1.33<br \/>\n<b>19.40<\/b> Dan 1M\u00f3s 49.16-17; 5M\u00f3s 33.22<br \/>\n<b>19.41<\/b> Sorea, Esta\u00f3l J\u00f3s 15.33; D\u00f3m 13.25+<br \/>\n<b>19.42-45<\/b> Landamerkjaborgir Dans J\u00f3s 10.12; D\u00f3m 1.35; 1Kon 4.9; J\u00f3s 15.10-11; 1Kon 9.18<br \/>\n<b>19.46<\/b> Joppa J\u00f3n 1.3; Esr 3.7; 2Kro 2.15; Post 9.36<br \/>\n<b>19.47<\/b> Of \u00fer\u00f6ngt&#8230; D\u00f3m 18.1 \u2013 Lesem, La\u00eds, Dan D\u00f3m 18.7,27-29 \u2013 \u00edb\u00faum \u00fatr\u00fdmt J\u00f3s 6.21; 8.24; 10.28-39<br \/>\n<b>19.49<\/b> J\u00f3s\u00faa N\u00fansson J\u00f3s 1.1+<br \/>\n<b>19.50<\/b> Timnat Sera J\u00f3s 24.30; D\u00f3m 2.9<br \/>\n<b>19.51<\/b> Eleasar prestur og J\u00f3s\u00faa J\u00f3s 14.1+ &#8211; hlutkesti J\u00f3s18.6+<\/div>\n","protected":false},"excerpt":{"rendered":"<p>1N\u00e6st kom upp hlutur S\u00edmeons, kynkv\u00edslar S\u00edmeons sona eftir \u00e6ttum \u00feeirra, en arfleif\u00f0 \u00feeirra l\u00e1 inni \u00ed arfleif\u00f0 J\u00fada sona mi\u00f0ri.2\u00deeir fengu a\u00f0 arfleif\u00f0: Beerseba og Seba, M\u00f3lada,3Hasar S\u00faal, Bala, Esem,4Elt\u00f3la\u00f0, Bet\u00fal, Horma,5Siklag, Bet Markab\u00f3t, Hasar S\u00fasa,6Bet Leba\u00f3t og Sar\u00fahen, \u00ferett\u00e1n borgir og \u00feorpin, er a\u00f0 liggja.7A\u00edn, Rimmon, Eter og Asan, fj\u00f3rar borgir og \u00feorpin, er a\u00f0 liggja,8auk \u00feess \u00f6ll \u00feau \u00feorp, er l\u00e1gu kringum borgir \u00feessar allt til Baalat Beer, Rama su\u00f0urlandsins. \u00deetta var arfleif\u00f0 kynkv\u00edslar S\u00edmeons sona, eftir \u00e6ttum \u00feeirra.9Arfleif\u00f0 S\u00edmeons sona var nokkur hluti af landshluta J\u00fada sona, \u00fev\u00ed a\u00f0 hluti J\u00fada sona var of st\u00f3r fyrir <a href=\"https:\/\/biblian.is\/1981\/josuabok-19-kafli\/\"> [&#8230;]<\/a><\/p>\n","protected":false},"author":1,"featured_media":0,"parent":0,"menu_order":0,"comment_status":"open","ping_status":"open","template":"bibliukaflar.php","meta":{"footnotes":""},"class_list":["post-1552","page","type-page","status-publish","hentry"],"_links":{"self":[{"href":"https:\/\/biblian.is\/1981\/wp-json\/wp\/v2\/pages\/1552","targetHints":{"allow":["GET"]}}],"collection":[{"href":"https:\/\/biblian.is\/1981\/wp-json\/wp\/v2\/pages"}],"about":[{"href":"https:\/\/biblian.is\/1981\/wp-json\/wp\/v2\/types\/page"}],"author":[{"embeddable":true,"href":"https:\/\/biblian.is\/1981\/wp-json\/wp\/v2\/users\/1"}],"replies":[{"embeddable":true,"href":"https:\/\/biblian.is\/1981\/wp-json\/wp\/v2\/comments?post=1552"}],"version-history":[{"count":0,"href":"https:\/\/biblian.is\/1981\/wp-json\/wp\/v2\/pages\/1552\/revisions"}],"wp:attachment":[{"href":"https:\/\/biblian.is\/1981\/wp-json\/wp\/v2\/media?parent=1552"}],"curies":[{"name":"wp","href":"https:\/\/api.w.org\/{rel}","templated":true}]}}