{"id":1550,"date":"2017-11-18T20:17:45","date_gmt":"2017-11-18T20:17:45","guid":{"rendered":"http:\/\/biblian.is\/1981\/josuabok-17-kafli\/"},"modified":"2017-11-18T20:17:45","modified_gmt":"2017-11-18T20:17:45","slug":"josuabok-17-kafli","status":"publish","type":"page","link":"https:\/\/biblian.is\/1981\/josuabok-17-kafli\/","title":{"rendered":"J\u00f3s\u00faab\u00f3k 17. kafli"},"content":{"rendered":"<p><a name=\"1\"><span class=\"versanumer\">1<\/span><\/a>Kynkv\u00edsl Manasse f\u00e9kk sinn hlut, \u00fev\u00ed a\u00f0 hann var frumgetningur J\u00f3sefs. Mak\u00edr, frumgetningur Manasse, fa\u00f0ir G\u00edlea\u00f0s, f\u00e9kk G\u00edlea\u00f0 og Basan, \u00fev\u00ed a\u00f0 hann var bardagama\u00f0ur.<a name=\"2\"><span class=\"versanumer\">2<\/span><\/a>Og hinir synir Manasse fengu sinn hluta eftir \u00e6ttum \u00feeirra: synir Ab\u00edesers, synir Heleks, synir Asr\u00edels, synir Sekems, synir Hefers og synir Sem\u00edda. \u00deessir voru synir Manasse J\u00f3sefssonar \u00ed karllegginn, eftir \u00e6ttum \u00feeirra.<a name=\"3\"><span class=\"versanumer\">3<\/span><\/a>En Selofha\u00f0 Hefersson, G\u00edlea\u00f0ssonar, Mak\u00edrssonar, Manassesonar, \u00e1tti enga sonu, heldur d\u00e6tur einar, og h\u00e9tu \u00fe\u00e6r Mahla, N\u00f3a, Hogla, Milka og Tirsa.<a name=\"4\"><span class=\"versanumer\">4<\/span><\/a>\u00de\u00e6r gengu fyrir Eleasar prest, J\u00f3s\u00faa N\u00fansson og h\u00f6fu\u00f0smennina og s\u00f6g\u00f0u: Drottinn bau\u00f0 M\u00f3se a\u00f0 gefa oss \u00f3\u00f0al me\u00f0al br\u00e6\u00f0ra vorra. Gaf hann \u00feeim \u00fe\u00e1 eftir bo\u00f0i Drottins \u00f3\u00f0al me\u00f0al br\u00e6\u00f0ra f\u00f6\u00f0ur \u00feeirra.<a name=\"5\"><span class=\"versanumer\">5<\/span><\/a>Komu \u00fe\u00e1 t\u00edu hlutir \u00e1 Manasse, auk G\u00edlea\u00f0lands og Basans, sem liggja hinumegin J\u00f3rdanar,<a name=\"6\"><span class=\"versanumer\">6<\/span><\/a>me\u00f0 \u00fev\u00ed a\u00f0 d\u00e6tur Manasse fengu \u00f3\u00f0al me\u00f0al sona hans, en G\u00edlea\u00f0land fengu hinir synir Manasse.<a name=\"7\"><span class=\"versanumer\">7<\/span><\/a>&#8222;Landamerki Manasse l\u00e1gu fr\u00e1 Asser til Mikmetat, sem liggur fyrir austan S\u00edkem; \u00fea\u00f0an l\u00e1gu landam\u00e6rin til h\u00e6gri, til \u00feeirra sem bjuggu \u00ed En-Tapp\u00faa.&#8220;<a name=\"8\"><span class=\"versanumer\">8<\/span><\/a>Tapp\u00faasveit f\u00e9kk Manasse, en Tapp\u00faaborg, sem l\u00e1 vi\u00f0 takm\u00f6rk Manasse, fengu Efra\u00edms synir.<a name=\"9\"><span class=\"versanumer\">9<\/span><\/a>\u00de\u00e1 l\u00e1gu landamerkin ni\u00f0ur a\u00f0 Kana-l\u00e6k, fyrir sunnan l\u00e6kinn. \u00deessar borgir heyra Efra\u00edm mitt \u00e1 me\u00f0al borga Manasse. \u00dea\u00f0an l\u00e1gu landamerki Manasse nor\u00f0an me\u00f0 l\u00e6knum og alla lei\u00f0 til sj\u00e1var.<a name=\"10\"><span class=\"versanumer\">10<\/span><\/a>\u00dea\u00f0 sem var a\u00f0 sunnanver\u00f0u, \u00e1tti Efra\u00edm, en \u00fea\u00f0 sem var a\u00f0 nor\u00f0anver\u00f0u, \u00e1tti Manasse, og hafi\u00f0 r\u00e9\u00f0 takm\u00f6rkum hans. A\u00f0 nor\u00f0anver\u00f0u l\u00e1gu l\u00f6nd \u00feeirra a\u00f0 Asser og a\u00f0 austanver\u00f0u a\u00f0 \u00cdssakar.<a name=\"11\"><span class=\"versanumer\">11<\/span><\/a>En \u00ed \u00cdssakar og Asser f\u00e9kk Manasse: Bet Sean og sm\u00e1borgirnar, er a\u00f0 liggja, Jibleam og sm\u00e1borgirnar, er a\u00f0 liggja, \u00edb\u00faana \u00ed D\u00f3r og sm\u00e1borgirnar, er a\u00f0 liggja, \u00edb\u00faana \u00ed End\u00f3r og sm\u00e1borgirnar, er a\u00f0 liggja, \u00edb\u00faana \u00ed Taanak og sm\u00e1borgirnar, er a\u00f0 liggja, og \u00edb\u00faana \u00ed Megidd\u00f3 og sm\u00e1borgirnar, er a\u00f0 liggja, \u00fe. e. h\u00e6\u00f0irnar \u00ferj\u00e1r.<a name=\"12\"><span class=\"versanumer\">12<\/span><\/a>En ekki g\u00e1tu Manasse synir st\u00f6kkt \u00edb\u00faum \u00feessara borga burt, og \u00feannig fengu Kanaan\u00edtar haldi\u00f0 b\u00fasta\u00f0 \u00ed landi \u00feessu.<a name=\"13\"><span class=\"versanumer\">13<\/span><\/a>En \u00feegar \u00cdsraelsmenn efldust, gj\u00f6r\u00f0u \u00feeir Kanaan\u00edta s\u00e9r vinnuskylda, en r\u00e1ku \u00fe\u00e1 ekki algj\u00f6rlega burt.<a name=\"14\"><span class=\"versanumer\">14<\/span><\/a>\u00de\u00e1 b\u00e1ru J\u00f3sefs synir sig upp vi\u00f0 J\u00f3s\u00faa og s\u00f6g\u00f0u: Hv\u00ed hefir \u00fe\u00fa ekki gefi\u00f0 m\u00e9r nema eitt hlutskipti og einn hlut a\u00f0 \u00f3\u00f0ali, og er \u00e9g \u00fe\u00f3 fj\u00f6lmennur, \u00fear sem Drottinn hefir blessa\u00f0 mig allt til \u00feessa?<a name=\"15\"><span class=\"versanumer\">15<\/span><\/a>J\u00f3s\u00faa sag\u00f0i vi\u00f0 \u00fe\u00e1: Ef \u00fe\u00fa ert or\u00f0inn svo fj\u00f6lmennur, \u00fe\u00e1 far \u00fe\u00fa upp \u00ed sk\u00f3ginn og ry\u00f0 \u00fe\u00e9r \u00fear til b\u00f3lsta\u00f0a \u00ed landi Peres\u00edta og Refa\u00edta, ef of \u00fer\u00f6ngt er or\u00f0i\u00f0 um \u00feig \u00e1 Efra\u00edmfj\u00f6llum.<a name=\"16\"><span class=\"versanumer\">16<\/span><\/a>\u00de\u00e1 s\u00f6g\u00f0u J\u00f3sefs synir: Fjalllendi\u00f0 n\u00e6gir oss eigi, \u00fev\u00ed a\u00f0 allir Kanaan\u00edtar, \u00feeir er \u00e1 sl\u00e9ttlendinu b\u00faa, hafa j\u00e1rnvagna, b\u00e6\u00f0i \u00feeir sem b\u00faa \u00ed Bet Sean og \u00feorpunum, er a\u00f0 liggja, og \u00feeir sem b\u00faa \u00e1 Jesreelsl\u00e9ttunni.<a name=\"17\"><span class=\"versanumer\">17<\/span><\/a>\u00de\u00e1 sag\u00f0i J\u00f3s\u00faa vi\u00f0 h\u00fas J\u00f3sefs, vi\u00f0 Efra\u00edm og Manasse: \u00de\u00fa ert or\u00f0inn fj\u00f6lmennur, og styrkur \u00feinn er mikill. \u00de\u00fa skalt f\u00e1 meira en einn erf\u00f0ahluta,<a name=\"18\"><span class=\"versanumer\">18<\/span><\/a>\u00fev\u00ed a\u00f0 fjalllendi\u00f0 skal vera \u00feitt. Ef \u00fea\u00f0 er sk\u00f3gi vaxi\u00f0, \u00fe\u00e1 ver\u00f0ur \u00fe\u00fa a\u00f0 ry\u00f0ja hann, \u00fe\u00e1 munt \u00fe\u00fa og eignast fjalladr\u00f6gin. \u00dev\u00ed a\u00f0 \u00fe\u00fa ver\u00f0ur a\u00f0 reka Kanaan\u00edtana burt, fyrst \u00feeir hafa j\u00e1rnvagna og fyrst \u00feeir eru sterkir.<\/p>\n<div class=\"footnote1981\"><b>17.1<\/b> Mak\u00edr 4M\u00f3s 26.29; 32.39-40 \u2013 Manasse 1M\u00f3s 41.51; sbr 49.22-26; 5M\u00f3s 33.13-17; J\u00f3s 13.29-31 \u2013 G\u00edlea\u00f0 og Basan J\u00f3s 13.11<br \/>\n<b>17.2<\/b> A\u00f0rir ni\u00f0jar Manasse 4M\u00f3s 26.29-32; 5M\u00f3s 3.13,15<br \/>\n<b>17.13<\/b> G\u00e1tu ekki hraki\u00f0 burtu J\u00f3s 15.63; 16.10; D\u00f3m 1.27-28 \u2013 kva\u00f0avinna 5M\u00f3s 20.11+<br \/>\n<b>17.15<\/b> Fj\u00f6lmenn 1M\u00f3s 48.19-20; 4M\u00f3s 26.34,37 \u2013 Peres\u00edtar og Refa\u00edtar J\u00f3s 3.10; 12.4; 13.12; 1M\u00f3s 13.7; 15.20; sbr 5M\u00f3s 2.11+ &#8211; fjallendi Efra\u00edm J\u00f3s 19.50; 20.7; 21.21; 24.30; D\u00f3m 3.27+<br \/>\n<b>17.16<\/b> J\u00e1rnvagnar D\u00f3m 1.19+ &#8211; Jesreel J\u00f3s 19.18; D\u00f3m 6.33; 1Kon 18.45; 21.1; 2Kon 10.1-11; H\u00f3s 1.5<br \/>\n<b>17.18<\/b> Kanverjar sigra\u00f0ir \u00fer\u00e1tt fyrir vagnana J\u00f3s 11.6; 5M\u00f3s 20.1<\/div>\n","protected":false},"excerpt":{"rendered":"<p>1Kynkv\u00edsl Manasse f\u00e9kk sinn hlut, \u00fev\u00ed a\u00f0 hann var frumgetningur J\u00f3sefs. Mak\u00edr, frumgetningur Manasse, fa\u00f0ir G\u00edlea\u00f0s, f\u00e9kk G\u00edlea\u00f0 og Basan, \u00fev\u00ed a\u00f0 hann var bardagama\u00f0ur.2Og hinir synir Manasse fengu sinn hluta eftir \u00e6ttum \u00feeirra: synir Ab\u00edesers, synir Heleks, synir Asr\u00edels, synir Sekems, synir Hefers og synir Sem\u00edda. \u00deessir voru synir Manasse J\u00f3sefssonar \u00ed karllegginn, eftir \u00e6ttum \u00feeirra.3En Selofha\u00f0 Hefersson, G\u00edlea\u00f0ssonar, Mak\u00edrssonar, Manassesonar, \u00e1tti enga sonu, heldur d\u00e6tur einar, og h\u00e9tu \u00fe\u00e6r Mahla, N\u00f3a, Hogla, Milka og Tirsa.4\u00de\u00e6r gengu fyrir Eleasar prest, J\u00f3s\u00faa N\u00fansson og h\u00f6fu\u00f0smennina og s\u00f6g\u00f0u: Drottinn bau\u00f0 M\u00f3se a\u00f0 gefa oss \u00f3\u00f0al me\u00f0al br\u00e6\u00f0ra vorra. Gaf hann \u00feeim <a href=\"https:\/\/biblian.is\/1981\/josuabok-17-kafli\/\"> [&#8230;]<\/a><\/p>\n","protected":false},"author":1,"featured_media":0,"parent":0,"menu_order":0,"comment_status":"open","ping_status":"open","template":"bibliukaflar.php","meta":{"footnotes":""},"class_list":["post-1550","page","type-page","status-publish","hentry"],"_links":{"self":[{"href":"https:\/\/biblian.is\/1981\/wp-json\/wp\/v2\/pages\/1550","targetHints":{"allow":["GET"]}}],"collection":[{"href":"https:\/\/biblian.is\/1981\/wp-json\/wp\/v2\/pages"}],"about":[{"href":"https:\/\/biblian.is\/1981\/wp-json\/wp\/v2\/types\/page"}],"author":[{"embeddable":true,"href":"https:\/\/biblian.is\/1981\/wp-json\/wp\/v2\/users\/1"}],"replies":[{"embeddable":true,"href":"https:\/\/biblian.is\/1981\/wp-json\/wp\/v2\/comments?post=1550"}],"version-history":[{"count":0,"href":"https:\/\/biblian.is\/1981\/wp-json\/wp\/v2\/pages\/1550\/revisions"}],"wp:attachment":[{"href":"https:\/\/biblian.is\/1981\/wp-json\/wp\/v2\/media?parent=1550"}],"curies":[{"name":"wp","href":"https:\/\/api.w.org\/{rel}","templated":true}]}}