{"id":1548,"date":"2017-11-18T20:17:45","date_gmt":"2017-11-18T20:17:45","guid":{"rendered":"http:\/\/biblian.is\/1981\/josuabok-15-kafli\/"},"modified":"2017-11-18T20:17:45","modified_gmt":"2017-11-18T20:17:45","slug":"josuabok-15-kafli","status":"publish","type":"page","link":"https:\/\/biblian.is\/1981\/josuabok-15-kafli\/","title":{"rendered":"J\u00f3s\u00faab\u00f3k 15. kafli"},"content":{"rendered":"<p><a name=\"1\"><span class=\"versanumer\">1<\/span><\/a>Hlutur s\u00e1, er kynkv\u00edsl J\u00fada sona f\u00e9kk eftir \u00e6ttum \u00feeirra, l\u00e1 a\u00f0 landam\u00e6rum Ed\u00f3ms, su\u00f0ur undir S\u00edney\u00f0im\u00f6rk, sy\u00f0st \u00ed landinu.<a name=\"2\"><span class=\"versanumer\">2<\/span><\/a>Su\u00f0urtakm\u00f6rkin a\u00f0 landi \u00feeirra voru fr\u00e1 enda Saltasj\u00f3s, fr\u00e1 v\u00edkinni, er sn\u00fdr til su\u00f0urs,<a name=\"3\"><span class=\"versanumer\">3<\/span><\/a>og l\u00e1gu fyrir sunnan Spor\u00f0drekaskar\u00f0 og yfir til S\u00edn og upp eftir fyrir sunnan Kades Barnea og yfir til Hesron, \u00fea\u00f0an upp til Adar og \u00fev\u00ed n\u00e6st \u00ed boga til Karka.<a name=\"4\"><span class=\"versanumer\">4<\/span><\/a>\u00dea\u00f0an l\u00e1gu \u00feau yfir til Asm\u00f3n og alla lei\u00f0 til Egyptalands\u00e1r, og s\u00ed\u00f0ast l\u00e1gu takm\u00f6rkin til sj\u00e1var. \u00deetta skulu vera landamerki \u00feeirra a\u00f0 sunnanver\u00f0u.<a name=\"5\"><span class=\"versanumer\">5<\/span><\/a>Austurtakm\u00f6rkin voru Saltisj\u00f3r, allt til \u00feess er J\u00f3rdan fellur \u00ed hann. Nor\u00f0urm\u00f6rkin l\u00e1gu fr\u00e1 nyrstu v\u00edk vatnsins, \u00fear sem J\u00f3rdan fellur \u00ed \u00fea\u00f0.<a name=\"6\"><span class=\"versanumer\">6<\/span><\/a>\u00dea\u00f0an l\u00e1gu takm\u00f6rkin upp til Bet Hogla og fram hj\u00e1 Bet Araba a\u00f0 nor\u00f0anver\u00f0u og \u00fea\u00f0an upp til steins B\u00f3hans, R\u00fabenssonar.<a name=\"7\"><span class=\"versanumer\">7<\/span><\/a>\u00de\u00e1 l\u00e1gu takm\u00f6rkin upp til Deb\u00edr \u00far Akordal, \u00fea\u00f0an \u00ed nor\u00f0ur til Gilgal, sem liggur \u00fear gegnt sem upp er gengi\u00f0 til Ad\u00famm\u00edm, sem er sunnanvert vi\u00f0 l\u00e6kinn. \u00dea\u00f0an l\u00e1gu takm\u00f6rkin yfir til En-Semesvatns og \u00fea\u00f0an alla lei\u00f0 a\u00f0 R\u00f3gel-lind.<a name=\"8\"><span class=\"versanumer\">8<\/span><\/a>&#8222;\u00dea\u00f0an l\u00e1gu landamerkin upp til Hinnomssonardals, a\u00f0 Jeb\u00fas\u00edta\u00f6xl sunnanver\u00f0ri; \u00fear heitir n\u00fa Jer\u00fasalem. \u00dea\u00f0an l\u00e1gu landamerkin upp \u00e1 fjallstindinn, sem er beint \u00ed vestur fr\u00e1 Hinnomsdal og vi\u00f0 nor\u00f0urendann \u00e1 Refa\u00edmdal.&#8220;<a name=\"9\"><span class=\"versanumer\">9<\/span><\/a>&#8222;Fr\u00e1 fjallstindinum beyg\u00f0ust landamerkin til Neft\u00f3avatnslindar og l\u00e1gu \u00fea\u00f0an til borganna \u00e1 Efronfjalli. \u00dea\u00f0an beyg\u00f0ust landamerkin til Baala; \u00fear heitir n\u00fa Kirjat Jear\u00edm.&#8220;<a name=\"10\"><span class=\"versanumer\">10<\/span><\/a>&#8222;Fr\u00e1 Baala l\u00e1gu landamerkin \u00ed boga vestur til Se\u00edrfjalls og \u00fea\u00f0an yfir a\u00f0 \u00f6xl Jear\u00edmfjalls nor\u00f0anver\u00f0ri, \u00fea\u00f0 er Kesalon; og \u00fea\u00f0an ofan til Bet Semes og yfir til Timna.&#8220;<a name=\"11\"><span class=\"versanumer\">11<\/span><\/a>\u00de\u00e1 l\u00e1gu landamerkin nor\u00f0ur til Ekron-axlar, \u00fea\u00f0an beyg\u00f0ust \u00feau til S\u00edkr\u00f3n og yfir til Baala-fjalls og alla lei\u00f0 til Jabneel, og s\u00ed\u00f0ast l\u00e1gu takm\u00f6rkin til sj\u00e1var.<a name=\"12\"><span class=\"versanumer\">12<\/span><\/a>Vesturtakm\u00f6rkunum r\u00e9\u00f0 hafi\u00f0 mikla alla lei\u00f0. \u00deetta voru landamerki J\u00fada sona hringinn \u00ed kring, eftir \u00e6ttum \u00feeirra.<a name=\"13\"><span class=\"versanumer\">13<\/span><\/a>&#8222;Kaleb Jef\u00fannesyni gaf hann hlut me\u00f0al J\u00fada sona, eins og Drottinn haf\u00f0i bo\u00f0i\u00f0 J\u00f3s\u00faa, sem s\u00e9 borg Arba, f\u00f6\u00f0ur Anaks; \u00fea\u00f0 er Hebron.&#8220;<a name=\"14\"><span class=\"versanumer\">14<\/span><\/a>Og Kaleb rak \u00fea\u00f0an \u00ferj\u00e1 sonu Anaks: Sesa\u00ed, Ah\u00edman og Talma\u00ed, afkomendur Anaks.<a name=\"15\"><span class=\"versanumer\">15<\/span><\/a>\u00dea\u00f0an f\u00f3r hann m\u00f3ti Deb\u00edr-b\u00faum, en Deb\u00edr h\u00e9t \u00e1\u00f0ur Kirjat Sefer.<a name=\"16\"><span class=\"versanumer\">16<\/span><\/a>Kaleb sag\u00f0i: Hver sem leggur Kirjat Sefer undir sig og vinnur hana, honum skal \u00e9g gefa Aksa d\u00f3ttur m\u00edna a\u00f0 konu.<a name=\"17\"><span class=\"versanumer\">17<\/span><\/a>\u00de\u00e1 vann Otn\u00edel Kenasson, br\u00f3\u00f0ir Kalebs, borgina, og hann gaf honum Aksa d\u00f3ttur s\u00edna a\u00f0 konu.<a name=\"18\"><span class=\"versanumer\">18<\/span><\/a>\u00deegar h\u00fan skyldi heim fara me\u00f0 b\u00f3nda s\u00ednum, eggja\u00f0i h\u00fan hann \u00feess, a\u00f0 hann skyldi bei\u00f0ast lands nokkurs af f\u00f6\u00f0ur hennar. Steig h\u00fan \u00fe\u00e1 ni\u00f0ur af asnanum. Kaleb spur\u00f0i hana \u00fe\u00e1: Hva\u00f0 viltu?<a name=\"19\"><span class=\"versanumer\">19<\/span><\/a>H\u00fan svara\u00f0i: Gef m\u00e9r gj\u00f6f nokkra, af \u00fev\u00ed a\u00f0 \u00fe\u00fa hefir gefi\u00f0 mig til Su\u00f0urlandsins. Gef m\u00e9r \u00fev\u00ed vatnsbrunna. Gaf hann henni \u00fe\u00e1 brunna hi\u00f0 efra og brunna hi\u00f0 ne\u00f0ra.<a name=\"20\"><span class=\"versanumer\">20<\/span><\/a>\u00deetta er \u00f3\u00f0al kynkv\u00edslar J\u00fada sona, eftir \u00e6ttum \u00feeirra.<a name=\"21\"><span class=\"versanumer\">21<\/span><\/a>Sy\u00f0stu borgirnar \u00ed kynkv\u00edsl J\u00fada sona, vi\u00f0 landam\u00e6ri Ed\u00f3ms, \u00ed Su\u00f0urlandinu voru: Kabseel, Eder, Jag\u00far,<a name=\"22\"><span class=\"versanumer\">22<\/span><\/a>K\u00edna, D\u00edm\u00f3na, Adada,<a name=\"23\"><span class=\"versanumer\">23<\/span><\/a>Kedes, Has\u00f3r og J\u00edtnan,<a name=\"24\"><span class=\"versanumer\">24<\/span><\/a>S\u00edf, Telem, Beal\u00f3t,<a name=\"25\"><span class=\"versanumer\">25<\/span><\/a>&#8222;Has\u00f3r Hadatta og Ker\u00edj\u00f3t Hesron, \u00fea\u00f0 er Has\u00f3r;&#8220;<a name=\"26\"><span class=\"versanumer\">26<\/span><\/a>Amam, Sema, M\u00f3lada,<a name=\"27\"><span class=\"versanumer\">27<\/span><\/a>Hasar Gadda, Hesmon, Bet Pelet,<a name=\"28\"><span class=\"versanumer\">28<\/span><\/a>Hasar S\u00faal, Beerseba og Bisj\u00f3tja,<a name=\"29\"><span class=\"versanumer\">29<\/span><\/a>Baala, Ij\u00edm, Esem,<a name=\"30\"><span class=\"versanumer\">30<\/span><\/a>Elt\u00f3la\u00f0, Kes\u00edl, Horma,<a name=\"31\"><span class=\"versanumer\">31<\/span><\/a>Siklag, Madmanna, Sansanna,<a name=\"32\"><span class=\"versanumer\">32<\/span><\/a>Leba\u00f3t, Silh\u00edm, A\u00edn og Rimmon, alls tuttugu og n\u00edu borgir og \u00feorpin, er a\u00f0 liggja.<a name=\"33\"><span class=\"versanumer\">33<\/span><\/a>\u00c1 l\u00e1glendinu: Esta\u00f3l, S\u00f3rea, Asna,<a name=\"34\"><span class=\"versanumer\">34<\/span><\/a>San\u00f3a og En Gann\u00edm, Tapp\u00faa og Enam,<a name=\"35\"><span class=\"versanumer\">35<\/span><\/a>Jarm\u00fat og Ad\u00fallam, S\u00f3k\u00f3, Aseka,<a name=\"36\"><span class=\"versanumer\">36<\/span><\/a>Saara\u00edm, Ad\u00edta\u00edm, Gedera og Geder\u00f3ta\u00edm, fj\u00f3rt\u00e1n borgir og \u00feorpin, er a\u00f0 liggja.<a name=\"37\"><span class=\"versanumer\">37<\/span><\/a>Senan, Hadasa, Migdal Ga\u00f0,<a name=\"38\"><span class=\"versanumer\">38<\/span><\/a>D\u00edlean, Mispe og Jokteel,<a name=\"39\"><span class=\"versanumer\">39<\/span><\/a>Lak\u00eds, Boskat, Eglon,<a name=\"40\"><span class=\"versanumer\">40<\/span><\/a>Kabb\u00f3n, Lahmas, Kitl\u00eds<a name=\"41\"><span class=\"versanumer\">41<\/span><\/a>og Geder\u00f3t, Bet Dag\u00f3n, Naama og Makeda, sext\u00e1n borgir og \u00feorpin, er a\u00f0 liggja.<a name=\"42\"><span class=\"versanumer\">42<\/span><\/a>L\u00edbna, Eter, Asan,<a name=\"43\"><span class=\"versanumer\">43<\/span><\/a>Jifta, Asna, Nes\u00edb,<a name=\"44\"><span class=\"versanumer\">44<\/span><\/a>Keg\u00edla, Aks\u00edb og Maresa, n\u00edu borgir og \u00feorpin, er a\u00f0 liggja.<a name=\"45\"><span class=\"versanumer\">45<\/span><\/a>Ekron me\u00f0 sm\u00e1borgum hennar og \u00feorpum.<a name=\"46\"><span class=\"versanumer\">46<\/span><\/a>Fr\u00e1 Ekron og vestur a\u00f0 hafi allt \u00fea\u00f0, sem er \u00e1 hli\u00f0 vi\u00f0 Asd\u00f3d, og \u00feorpin, er a\u00f0 liggja.<a name=\"47\"><span class=\"versanumer\">47<\/span><\/a>Asd\u00f3d me\u00f0 sm\u00e1borgum hennar og \u00feorpum, Gasa me\u00f0 sm\u00e1borgum hennar og \u00feorpum, allt til Egyptalands\u00e1r, en vesturtakm\u00f6rkum r\u00e9\u00f0 hafi\u00f0 mikla.<a name=\"48\"><span class=\"versanumer\">48<\/span><\/a>\u00cd fjalllendinu: Sam\u00edr, Jatt\u00edr, S\u00f3k\u00f3,<a name=\"49\"><span class=\"versanumer\">49<\/span><\/a>&#8222;Danna, Kirjat Sanna, \u00fea\u00f0 er Deb\u00edr;&#8220;<a name=\"50\"><span class=\"versanumer\">50<\/span><\/a>Anab, Estem\u00f3, An\u00edm,<a name=\"51\"><span class=\"versanumer\">51<\/span><\/a>G\u00f3sen, H\u00f3lon og G\u00edl\u00f3, ellefu borgir og \u00feorpin, er a\u00f0 liggja.<a name=\"52\"><span class=\"versanumer\">52<\/span><\/a>Arab, D\u00fama, Esean,<a name=\"53\"><span class=\"versanumer\">53<\/span><\/a>Jan\u00fam, Bet Tapp\u00faa, Afeka,<a name=\"54\"><span class=\"versanumer\">54<\/span><\/a>&#8222;H\u00famta, Kirjat Arba, \u00fea\u00f0 er Hebron; og S\u00ed\u00f3r, n\u00edu borgir og \u00feorpin, er a\u00f0 liggja.&#8220;<a name=\"55\"><span class=\"versanumer\">55<\/span><\/a>Maon, Karmel, S\u00edf, J\u00fata,<a name=\"56\"><span class=\"versanumer\">56<\/span><\/a>Jesreel, Jokdeam, San\u00f3a,<a name=\"57\"><span class=\"versanumer\">57<\/span><\/a>Ka\u00edn, G\u00edbea og Timna, t\u00edu borgir og \u00feorpin, er a\u00f0 liggja.<a name=\"58\"><span class=\"versanumer\">58<\/span><\/a>Halh\u00fal, Bet S\u00far, Ged\u00f3r,<a name=\"59\"><span class=\"versanumer\">59<\/span><\/a>Maarat, Bet An\u00f3t og Eltek\u00f3n, sex borgir og \u00feorpin er a\u00f0 liggja.<a name=\"60\"><span class=\"versanumer\">60<\/span><\/a>&#8222;Kirjat Baal, \u00fea\u00f0 er Kirjat Jear\u00edm; og Rabba, tv\u00e6r borgir og \u00feorpin, er a\u00f0 liggja.&#8220;<a name=\"61\"><span class=\"versanumer\">61<\/span><\/a>\u00cd ey\u00f0im\u00f6rkinni: Bet Araba, Midd\u00edn, Sekaka,<a name=\"62\"><span class=\"versanumer\">62<\/span><\/a>Nibsan, Saltborgin og Enged\u00ed, sex borgir og \u00feorpin er a\u00f0 liggja.<a name=\"63\"><span class=\"versanumer\">63<\/span><\/a>En Jeb\u00fas\u00edtana, sem bjuggu \u00ed Jer\u00fasalem, g\u00e1tu J\u00fada synir ekki reki\u00f0 burt. Fyrir \u00fev\u00ed hafa Jeb\u00fas\u00edtar b\u00fai\u00f0 \u00ed Jer\u00fasalem \u00e1samt J\u00fada sonum fram \u00e1 \u00feennan dag.<\/p>\n<div class=\"footnote1981\"><b>15.1<\/b> J\u00fada 1M\u00f3s 49.8-12; 5M\u00f3s 33.7<br \/>\n<b>15.2-4<\/b> Su\u00f0urlandam\u00e6ri (J\u00fada) 4M\u00f3s 34.3-5<br \/>\n<b>15.6<\/b> Bet Hogla J\u00f3s 18.19 \u2013 Bet Araba J\u00f3s 18.22 \u2013 steinn B\u00f3hans J\u00f3s 18.17<br \/>\n<b>15.7<\/b> Akordalur J\u00f3s 7.24,26+ &#8211; R\u00f3gellind J\u00f3s 18.16; 2Sam 17.17; 1Kon 1.9<br \/>\n<b>15.8<\/b> Hinnomssonardalur J\u00f3s 18.16; 2Kon 23.10; Jer 7.31-32; 19.2-6; 32.35 \u2013 Jeb\u00fas, Jer\u00fasalem D\u00f3m 19.10+<br \/>\n<b>15.9<\/b> Baala, Kirjat Jear\u00edm J\u00f3s 9.17; 1Kro 13.6<br \/>\n<b>15.10<\/b> Bet Semes J\u00f3s 21.16 \u2013 Timma J\u00f3s 19.43<br \/>\n<b>15.11<\/b> Ekron J\u00f3s 13.3<br \/>\n<b>15.12<\/b> Vesturm\u00f6rkin 4M\u00f3s 34.6 \u2013 hafi\u00f0 mikla J\u00f3s 23.4<br \/>\n<b>15.13-15<\/b> Kaleb J\u00f3s 14.6 \u2013 Hebron a\u00f0 arflei\u00f0 J\u00f3s 14.14-15<br \/>\n<b>15.14<\/b> Synir Anaks 4M\u00f3s 13.22<br \/>\n<b>15.15<\/b> Deb\u00edr J\u00f3s 10.38-39; 11.21; 12.13; D\u00f3m 1.11<br \/>\n<b>15.16<\/b> Gifta d\u00f3ttur m\u00edna 1Sam 17.25; sbr 18.20-27<br \/>\n<b>15.17<\/b> Otn\u00edel D\u00f3m 1.13+<br \/>\n<b>15.18-19<\/b> Bei\u00f0ast lands D\u00f3m 1.14-15<br \/>\n<b>15.20-32<\/b> Sy\u00f0stu borgir J\u00fada sbr J\u00f3s 19.2-9<br \/>\n<b>15.30<\/b> Horma J\u00f3s 12.14; 4M\u00f3s 14.45<br \/>\n<b>15.31<\/b> Siklag 1Sam 27.6; 30.1,14,26<br \/>\n<b>15.33<\/b> L\u00e1glendi\u00f0 J\u00f3s 9.1; 10.40; 11.16; 12.8 \u2013 Esta\u00f3l, S\u00f3rea D\u00f3m 13.25+<br \/>\n<b>15.35-36<\/b> Borgir \u00e1 l\u00e1glendinu sbr J\u00f3s 10.3-10; 12.11-15; 1Sam 17.1; 22.1<br \/>\n<b>15.37-41<\/b> Senan, o.\u00e1fr. M\u00edk 1.11; J\u00f3s 10.3; 2Kon 22.1; J\u00f3s 10.16; 12.16<br \/>\n<b>15.42-44<\/b> L\u00edbna, o.\u00e1fr. J\u00f3s 10.29; 12.15; 1Sam 23.1; M\u00edk 1.14-15<br \/>\n<b>15.45-47<\/b> Ekron, o.\u00e1fr. J\u00f3s 13.3<br \/>\n<b>15.48-60<\/b> Borgir \u00ed fjalllendinu J\u00f3s 10.38-41; 11.16,21; 12.13; 21.14-15; 1Sam 30.27-28<br \/>\n<b>15.61-62<\/b> Borgir \u00ed ey\u00f0im\u00f6rkinni 1Sam 24.1; Esk 47.10; Ljl 1.14<br \/>\n<b>15.63<\/b> Jeb\u00fas\u00edtar \u00ed Jer\u00fasalem D\u00f3m 1.21+ ; sbr 2Sam 5.6-9<\/div>\n","protected":false},"excerpt":{"rendered":"<p>1Hlutur s\u00e1, er kynkv\u00edsl J\u00fada sona f\u00e9kk eftir \u00e6ttum \u00feeirra, l\u00e1 a\u00f0 landam\u00e6rum Ed\u00f3ms, su\u00f0ur undir S\u00edney\u00f0im\u00f6rk, sy\u00f0st \u00ed landinu.2Su\u00f0urtakm\u00f6rkin a\u00f0 landi \u00feeirra voru fr\u00e1 enda Saltasj\u00f3s, fr\u00e1 v\u00edkinni, er sn\u00fdr til su\u00f0urs,3og l\u00e1gu fyrir sunnan Spor\u00f0drekaskar\u00f0 og yfir til S\u00edn og upp eftir fyrir sunnan Kades Barnea og yfir til Hesron, \u00fea\u00f0an upp til Adar og \u00fev\u00ed n\u00e6st \u00ed boga til Karka.4\u00dea\u00f0an l\u00e1gu \u00feau yfir til Asm\u00f3n og alla lei\u00f0 til Egyptalands\u00e1r, og s\u00ed\u00f0ast l\u00e1gu takm\u00f6rkin til sj\u00e1var. \u00deetta skulu vera landamerki \u00feeirra a\u00f0 sunnanver\u00f0u.5Austurtakm\u00f6rkin voru Saltisj\u00f3r, allt til \u00feess er J\u00f3rdan fellur \u00ed hann. Nor\u00f0urm\u00f6rkin l\u00e1gu fr\u00e1 nyrstu <a href=\"https:\/\/biblian.is\/1981\/josuabok-15-kafli\/\"> [&#8230;]<\/a><\/p>\n","protected":false},"author":1,"featured_media":0,"parent":0,"menu_order":0,"comment_status":"open","ping_status":"open","template":"bibliukaflar.php","meta":{"footnotes":""},"class_list":["post-1548","page","type-page","status-publish","hentry"],"_links":{"self":[{"href":"https:\/\/biblian.is\/1981\/wp-json\/wp\/v2\/pages\/1548","targetHints":{"allow":["GET"]}}],"collection":[{"href":"https:\/\/biblian.is\/1981\/wp-json\/wp\/v2\/pages"}],"about":[{"href":"https:\/\/biblian.is\/1981\/wp-json\/wp\/v2\/types\/page"}],"author":[{"embeddable":true,"href":"https:\/\/biblian.is\/1981\/wp-json\/wp\/v2\/users\/1"}],"replies":[{"embeddable":true,"href":"https:\/\/biblian.is\/1981\/wp-json\/wp\/v2\/comments?post=1548"}],"version-history":[{"count":0,"href":"https:\/\/biblian.is\/1981\/wp-json\/wp\/v2\/pages\/1548\/revisions"}],"wp:attachment":[{"href":"https:\/\/biblian.is\/1981\/wp-json\/wp\/v2\/media?parent=1548"}],"curies":[{"name":"wp","href":"https:\/\/api.w.org\/{rel}","templated":true}]}}