{"id":1546,"date":"2017-11-18T20:17:41","date_gmt":"2017-11-18T20:17:41","guid":{"rendered":"http:\/\/biblian.is\/1981\/josuabok-13-kafli\/"},"modified":"2017-11-18T20:17:41","modified_gmt":"2017-11-18T20:17:41","slug":"josuabok-13-kafli","status":"publish","type":"page","link":"https:\/\/biblian.is\/1981\/josuabok-13-kafli\/","title":{"rendered":"J\u00f3s\u00faab\u00f3k 13. kafli"},"content":{"rendered":"<p><a name=\"1\"><span class=\"versanumer\">1<\/span><\/a>\u00deegar J\u00f3s\u00faa var or\u00f0inn gamall og hniginn a\u00f0 aldri, sag\u00f0i Drottinn vi\u00f0 hann: \u00de\u00fa ert or\u00f0inn gamall og hniginn a\u00f0 aldri, en mj\u00f6g miki\u00f0 af landinu er enn \u00f3unni\u00f0.<a name=\"2\"><span class=\"versanumer\">2<\/span><\/a>&#8222;\u00deetta er landi\u00f0, sem enn er eftir: \u00d6ll h\u00e9ru\u00f0 Filista og allt land Ges\u00fara;&#8220;<a name=\"3\"><span class=\"versanumer\">3<\/span><\/a>fr\u00e1 S\u00edh\u00f3r, sem rennur fram me\u00f0 Egyptalandi a\u00f0 austanver\u00f0u, til landam\u00e6ra Ekron \u00ed nor\u00f0ri \u00fea\u00f0 telst me\u00f0 landi Kanaan\u00edta, fimm h\u00f6f\u00f0ingjar Filistanna \u00ed Gasa, Asd\u00f3d, Askalon, Gat og Ekron, svo og Av\u00edtar \u00ed su\u00f0ri,<a name=\"4\"><span class=\"versanumer\">4<\/span><\/a>allt land Kanaan\u00edta og Meara, sem heyrir S\u00eddoningum, allt til Afek, til landam\u00e6ra Amor\u00edta,<a name=\"5\"><span class=\"versanumer\">5<\/span><\/a>og land Gibl\u00edta og allt L\u00edbanon \u00ed austri, fr\u00e1 Baal Ga\u00f0 undir Hermonfjalli allt \u00feanga\u00f0, er lei\u00f0 liggur til Hamat.<a name=\"6\"><span class=\"versanumer\">6<\/span><\/a>Allir fjallab\u00faarnir fr\u00e1 L\u00edbanon til Misref\u00f3t Maj\u00edm, allir S\u00eddoningar, \u00e9g mun st\u00f6kkva \u00feeim burt undan \u00cdsraelsm\u00f6nnum. En legg \u00fe\u00fa \u00e1 hluti og skipt \u00fev\u00ed me\u00f0al \u00cdsraels til eignar, eins og \u00e9g hefi bo\u00f0i\u00f0 \u00fe\u00e9r.<a name=\"7\"><span class=\"versanumer\">7<\/span><\/a>Skipt \u00fe\u00fa n\u00fa landi \u00feessu til eignar n\u00edu \u00e6ttkv\u00edslunum og h\u00e1lfri \u00e6ttkv\u00edsl Manasse.<a name=\"8\"><span class=\"versanumer\">8<\/span><\/a>Me\u00f0 h\u00e1lfri \u00e6ttkv\u00edsl Manasse hafa R\u00faben\u00edtar og Ga\u00f0\u00edtar fengi\u00f0 sinn eignarhluta, er M\u00f3se gaf \u00feeim hinumegin J\u00f3rdanar, austanmegin. M\u00f3se, \u00fej\u00f3nn Drottins, gaf \u00feeim hann:<a name=\"9\"><span class=\"versanumer\">9<\/span><\/a>landi\u00f0 fr\u00e1 Ar\u00f3er, sem liggur \u00e1 bakka Arnon\u00e1r, og borginni, sem liggur \u00ed dalnum mi\u00f0jum, og allt sl\u00e9ttlendi\u00f0 fr\u00e1 Medeba til D\u00edbon,<a name=\"10\"><span class=\"versanumer\">10<\/span><\/a>svo og allar borgir, er \u00e1tti S\u00edhon, Amor\u00edtakonungur, er sat \u00ed Hesbon, allt til landam\u00e6ra Amm\u00f3n\u00edta.<a name=\"11\"><span class=\"versanumer\">11<\/span><\/a>Enn fremur G\u00edlea\u00f0 og land Ges\u00fara og Maakat\u00edta, Hermonfj\u00f6ll \u00f6ll og allt Basan til Salka,<a name=\"12\"><span class=\"versanumer\">12<\/span><\/a>&#8222;allt konungsr\u00edki \u00d3gs \u00ed Basan, sem sat \u00ed Astar\u00f3t og Edre\u00ed. Hann var einn eftir af Refa\u00edtum; en M\u00f3se vann sigur \u00e1 \u00feeim og st\u00f6kkti \u00feeim burt.&#8220;<a name=\"13\"><span class=\"versanumer\">13<\/span><\/a>Aftur \u00e1 m\u00f3ti st\u00f6kktu \u00cdsraelsmenn Ges\u00farum og Maakat\u00edtum ekki burt, heldur b\u00faa Ges\u00farar og Maakat\u00edtar me\u00f0al \u00cdsraels allt fram \u00e1 \u00feennan dag.<a name=\"14\"><span class=\"versanumer\">14<\/span><\/a>En \u00e6ttkv\u00edsl Lev\u00ed gaf hann ekkert \u00f3\u00f0al. Eldf\u00f3rnir Drottins, \u00cdsraels Gu\u00f0s, eru \u00f3\u00f0al hans, eins og hann h\u00e9t honum.<a name=\"15\"><span class=\"versanumer\">15<\/span><\/a>M\u00f3se f\u00e9kk kynkv\u00edslum R\u00fabens sona land eftir \u00e6ttum \u00feeirra.<a name=\"16\"><span class=\"versanumer\">16<\/span><\/a>Fengu \u00feeir land fr\u00e1 Ar\u00f3er, sem liggur \u00e1 bakka Arnon\u00e1r, og fr\u00e1 borginni, sem liggur \u00ed dalnum mi\u00f0jum, og allt sl\u00e9ttlendi\u00f0 hj\u00e1 Medeba,<a name=\"17\"><span class=\"versanumer\">17<\/span><\/a>Hesbon og allar borgirnar \u00fear umhverfis, sem liggja \u00e1 sl\u00e9ttlendinu, D\u00edbon, Bam\u00f3t Baal, Bet-Baal-Meon,<a name=\"18\"><span class=\"versanumer\">18<\/span><\/a>Jahsa, Kedem\u00f3t, Mefaat,<a name=\"19\"><span class=\"versanumer\">19<\/span><\/a>Kirjata\u00edm, S\u00edbma, Seret Sahar \u00e1 fellinu \u00ed dalnum,<a name=\"20\"><span class=\"versanumer\">20<\/span><\/a>og Bet Pe\u00f3r, Pisgahl\u00ed\u00f0ar og Bet Jes\u00edm\u00f3t,<a name=\"21\"><span class=\"versanumer\">21<\/span><\/a>enn fremur allar borgir \u00e1 sl\u00e9ttlendinu og allt konungsr\u00edki S\u00edhons, Amor\u00edtakonungs, sem sat \u00ed Hesbon og M\u00f3se vann sigur \u00e1 \u00e1samt h\u00f6f\u00f0ingjum Mid\u00edan\u00edta: Ev\u00ed, Rekem, S\u00far, H\u00far og Reba, j\u00f6rlum S\u00edhons, sem bjuggu \u00ed landinu.<a name=\"22\"><span class=\"versanumer\">22<\/span><\/a>\u00cdsraelsmenn dr\u00e1pu og sp\u00e1sagnamanninn B\u00edleam Be\u00f3rsson me\u00f0 sver\u00f0i, auk annarra, er \u00feeir felldu.<a name=\"23\"><span class=\"versanumer\">23<\/span><\/a>Og vesturtakm\u00f6rkum R\u00fabens sona r\u00e9\u00f0 J\u00f3rdan alla lei\u00f0. \u00deetta er \u00f3\u00f0al R\u00fabens sona eftir \u00e6ttum \u00feeirra, borgirnar og \u00feorpin, sem a\u00f0 liggja.<a name=\"24\"><span class=\"versanumer\">24<\/span><\/a>M\u00f3se f\u00e9kk kynkv\u00edsl Ga\u00f0s, Ga\u00f0s sonum, land eftir \u00e6ttum \u00feeirra.<a name=\"25\"><span class=\"versanumer\">25<\/span><\/a>Fengu \u00feeir land sem h\u00e9r segir: Jaser og allar borgirnar \u00ed G\u00edlea\u00f0 og h\u00e1lft land Amm\u00f3n\u00edta, allt til Ar\u00f3er, sem liggur fyrir austan Rabba,<a name=\"26\"><span class=\"versanumer\">26<\/span><\/a>og fr\u00e1 Hesbon til Ramat Mispe og Bet\u00f3n\u00edm, og fr\u00e1 Mahana\u00edm til L\u00eddeb\u00edr landam\u00e6ra.<a name=\"27\"><span class=\"versanumer\">27<\/span><\/a>Enn fremur \u00ed dalnum: Bet Haram, Bet Nimra, S\u00fakk\u00f3t og Saf\u00f3n, leifarnar af konungsr\u00edki S\u00edhons, konungs \u00ed Hesbon, og J\u00f3rdan \u00e1 m\u00f6rkum allt a\u00f0 su\u00f0urenda Genesaretvatns, austanmegin J\u00f3rdanar.<a name=\"28\"><span class=\"versanumer\">28<\/span><\/a>\u00deetta er \u00f3\u00f0al Ga\u00f0s sona eftir \u00e6ttum \u00feeirra, borgirnar og \u00feorpin, er a\u00f0 liggja.<a name=\"29\"><span class=\"versanumer\">29<\/span><\/a>M\u00f3se f\u00e9kk h\u00e1lfri \u00e6ttkv\u00edsl Manasse land. F\u00e9kk h\u00e1lf kynkv\u00edsl Manasse sona land eftir \u00e6ttum s\u00ednum sem h\u00e9r segir.<a name=\"30\"><span class=\"versanumer\">30<\/span><\/a>Land \u00feeirra n\u00e1\u00f0i fr\u00e1 Mahana\u00edm yfir allt Basan, allt konungsr\u00edki \u00d3gs, konungs \u00ed Basan, og \u00f6ll Ja\u00edrs-\u00feorp, sem liggja \u00ed Basan, sext\u00edu borgir.<a name=\"31\"><span class=\"versanumer\">31<\/span><\/a>Enn fremur yfir h\u00e1lft G\u00edlea\u00f0 og Astar\u00f3t og Edre\u00ed, h\u00f6fu\u00f0sta\u00f0i konungsr\u00edkis \u00d3gs \u00ed Basan. \u00deetta fengu Mak\u00edrs synir, Manassesonar, helmingurinn af Mak\u00edrs sonum eftir \u00e6ttum \u00feeirra.<a name=\"32\"><span class=\"versanumer\">32<\/span><\/a>\u00deetta voru l\u00f6nd \u00feau, er M\u00f3se \u00fathluta\u00f0i \u00e1 M\u00f3absv\u00f6llum hinumegin J\u00f3rdanar gegnt Jer\u00edk\u00f3, austanmegin.<a name=\"33\"><span class=\"versanumer\">33<\/span><\/a>En \u00e6ttkv\u00edsl Lev\u00ed gaf M\u00f3se ekkert \u00f3\u00f0al. Drottinn, \u00cdsraels Gu\u00f0, er \u00f3\u00f0al \u00feeirra, eins og hann hefir heiti\u00f0 \u00feeim.<\/p>\n<div class=\"footnote1981\"><b>13.2<\/b> Filistear D\u00f3m 3.3; Jl 4.4<br \/>\n<b>13.6<\/b> \u00dej\u00f3\u00f0irnar hraktar \u00ed burtu 5M\u00f3s 4.38+<br \/>\n<b>13.8<\/b> R\u00faben, Ga\u00f0, Manasse J\u00f3s 12.6+<br \/>\n<b>13.10-12<\/b> S\u00edhon, \u00d3g 5M\u00f3s 1.4+<br \/>\n<b>13.12<\/b> Refa\u00edtar 5M\u00f3s 2.11+<br \/>\n<b>13.14<\/b> Lev\u00ed J\u00f3s 13.33; 14.3-4; 4M\u00f3s 18.20+ ; 5M\u00f3s 18.1-8<br \/>\n<b>13.15<\/b> R\u00faben J\u00f3s 12.6+<br \/>\n<b>13.21<\/b> Herforingjar S\u00edhons 4M\u00f3s 31.8<br \/>\n<b>13.22<\/b> B\u00edleam 4M\u00f3s 22.24; 31.8<br \/>\n<b>13.24<\/b> Ga\u00f0 J\u00f3s 12.6+<br \/>\n<b>13.25<\/b> Jaser 4M\u00f3s 21.32 \u2013 Am\u00f3r\u00edtar D\u00f3m 11.32-33<br \/>\n<b>13.29<\/b> Manasse D\u00f3m 12.4<br \/>\n<b>13.30<\/b> Ja\u00edr 5M\u00f3s 3.14+<br \/>\n<b>13.31<\/b> Mak\u00edr 1M\u00f3s 50.23; 4M\u00f3s 26.29; 5M\u00f3s 3.15<br \/>\n<b>13.32<\/b> \u00c1 sl\u00e9ttunum \u00ed M\u00f3ab 4M\u00f3s 35.1; 5M\u00f3s 34.1,8<br \/>\n<b>13.33<\/b> Drottinn, erf\u00f0ahlutur Lev\u00eds 5M\u00f3s 10.9+<\/div>\n","protected":false},"excerpt":{"rendered":"<p>1\u00deegar J\u00f3s\u00faa var or\u00f0inn gamall og hniginn a\u00f0 aldri, sag\u00f0i Drottinn vi\u00f0 hann: \u00de\u00fa ert or\u00f0inn gamall og hniginn a\u00f0 aldri, en mj\u00f6g miki\u00f0 af landinu er enn \u00f3unni\u00f0.2&#8222;\u00deetta er landi\u00f0, sem enn er eftir: \u00d6ll h\u00e9ru\u00f0 Filista og allt land Ges\u00fara;&#8220;3fr\u00e1 S\u00edh\u00f3r, sem rennur fram me\u00f0 Egyptalandi a\u00f0 austanver\u00f0u, til landam\u00e6ra Ekron \u00ed nor\u00f0ri \u00fea\u00f0 telst me\u00f0 landi Kanaan\u00edta, fimm h\u00f6f\u00f0ingjar Filistanna \u00ed Gasa, Asd\u00f3d, Askalon, Gat og Ekron, svo og Av\u00edtar \u00ed su\u00f0ri,4allt land Kanaan\u00edta og Meara, sem heyrir S\u00eddoningum, allt til Afek, til landam\u00e6ra Amor\u00edta,5og land Gibl\u00edta og allt L\u00edbanon \u00ed austri, fr\u00e1 Baal Ga\u00f0 undir Hermonfjalli <a href=\"https:\/\/biblian.is\/1981\/josuabok-13-kafli\/\"> [&#8230;]<\/a><\/p>\n","protected":false},"author":1,"featured_media":0,"parent":0,"menu_order":0,"comment_status":"open","ping_status":"open","template":"bibliukaflar.php","meta":{"footnotes":""},"class_list":["post-1546","page","type-page","status-publish","hentry"],"_links":{"self":[{"href":"https:\/\/biblian.is\/1981\/wp-json\/wp\/v2\/pages\/1546","targetHints":{"allow":["GET"]}}],"collection":[{"href":"https:\/\/biblian.is\/1981\/wp-json\/wp\/v2\/pages"}],"about":[{"href":"https:\/\/biblian.is\/1981\/wp-json\/wp\/v2\/types\/page"}],"author":[{"embeddable":true,"href":"https:\/\/biblian.is\/1981\/wp-json\/wp\/v2\/users\/1"}],"replies":[{"embeddable":true,"href":"https:\/\/biblian.is\/1981\/wp-json\/wp\/v2\/comments?post=1546"}],"version-history":[{"count":0,"href":"https:\/\/biblian.is\/1981\/wp-json\/wp\/v2\/pages\/1546\/revisions"}],"wp:attachment":[{"href":"https:\/\/biblian.is\/1981\/wp-json\/wp\/v2\/media?parent=1546"}],"curies":[{"name":"wp","href":"https:\/\/api.w.org\/{rel}","templated":true}]}}