{"id":1540,"date":"2017-11-18T20:17:41","date_gmt":"2017-11-18T20:17:41","guid":{"rendered":"http:\/\/biblian.is\/1981\/josuabok-7-kafli\/"},"modified":"2017-11-18T20:17:41","modified_gmt":"2017-11-18T20:17:41","slug":"josuabok-7-kafli","status":"publish","type":"page","link":"https:\/\/biblian.is\/1981\/josuabok-7-kafli\/","title":{"rendered":"J\u00f3s\u00faab\u00f3k 7. kafli"},"content":{"rendered":"<p><a name=\"1\"><span class=\"versanumer\">1<\/span><\/a>En \u00cdsraelsmenn f\u00f3ru sviksamlega me\u00f0 hi\u00f0 bannf\u00e6r\u00f0a. Akan Karm\u00edson, Sabd\u00edsonar, Serakssonar, af J\u00fada \u00e6ttkv\u00edsl, t\u00f3k af hinu bannf\u00e6r\u00f0a. Upptendra\u00f0ist \u00fe\u00e1 rei\u00f0i Drottins gegn \u00cdsraelsm\u00f6nnum.<a name=\"2\"><span class=\"versanumer\">2<\/span><\/a>N\u00fa sendi J\u00f3s\u00faa menn fr\u00e1 Jer\u00edk\u00f3 til A\u00ed, sem er hj\u00e1 Betaven, fyrir austan Betel, og sag\u00f0i vi\u00f0 \u00fe\u00e1: Fari\u00f0 og kanni\u00f0 landi\u00f0. Og mennirnir f\u00f3ru og k\u00f6nnu\u00f0u A\u00ed.<a name=\"3\"><span class=\"versanumer\">3<\/span><\/a>\u00deeir sneru aftur til J\u00f3s\u00faa og s\u00f6g\u00f0u vi\u00f0 hann: L\u00e1t ekki allan l\u00fd\u00f0inn fara upp \u00feanga\u00f0. H\u00e9r um bil tv\u00e6r e\u00f0a \u00ferj\u00e1r \u00fe\u00fasundir manna geta fari\u00f0 og unni\u00f0 A\u00ed. \u00d3maka eigi allan l\u00fd\u00f0inn \u00feanga\u00f0, \u00fev\u00ed a\u00f0 \u00feeir eru f\u00e1li\u00f0a\u00f0ir fyrir.<a name=\"4\"><span class=\"versanumer\">4<\/span><\/a>\u00de\u00e1 f\u00f3ru \u00feanga\u00f0 h\u00e9r um bil \u00ferj\u00e1r \u00fe\u00fasundir manns af l\u00fd\u00f0num, en \u00feeir fl\u00fd\u00f0u fyrir A\u00ed-m\u00f6nnum.<a name=\"5\"><span class=\"versanumer\">5<\/span><\/a>Og A\u00ed-menn felldu h\u00e9r um bil \u00ferj\u00e1t\u00edu og sex menn af \u00feeim og eltu \u00fe\u00e1 fr\u00e1 borgarhli\u00f0inu alla lei\u00f0 a\u00f0 grj\u00f3tn\u00e1munum og unnu sigur \u00e1 \u00feeim \u00ed hl\u00ed\u00f0inni. \u00de\u00e1 \u00e6\u00f0ra\u00f0ist l\u00fd\u00f0urinn og var\u00f0 a\u00f0 gjalti.<a name=\"6\"><span class=\"versanumer\">6<\/span><\/a>J\u00f3s\u00faa reif kl\u00e6\u00f0i s\u00edn og f\u00e9ll fram \u00e1 \u00e1sj\u00f3nu s\u00edna til jar\u00f0ar fyrir \u00f6rk Drottins og l\u00e1 \u00fear allt til kvelds, hann og \u00f6ldungar \u00cdsraels, og jusu mold yfir h\u00f6fu\u00f0 s\u00e9r.<a name=\"7\"><span class=\"versanumer\">7<\/span><\/a>Og J\u00f3s\u00faa sag\u00f0i: \u00c6, Drottinn Gu\u00f0, hv\u00ed leiddir \u00fe\u00fa l\u00fd\u00f0 \u00feennan yfir J\u00f3rdan, ef \u00fe\u00fa selur oss n\u00fa \u00ed hendur Amor\u00edtum, til \u00feess a\u00f0 \u00feeir gj\u00f6ri \u00fat af vi\u00f0 oss? \u00d3 a\u00f0 v\u00e9r hef\u00f0um l\u00e1ti\u00f0 oss \u00fea\u00f0 lynda a\u00f0 vera kyrrir hinumegin J\u00f3rdanar!<a name=\"8\"><span class=\"versanumer\">8<\/span><\/a>\u00c6, Drottinn, hva\u00f0 \u00e1 \u00e9g a\u00f0 segja, n\u00fa \u00feegar \u00cdsrael hefir or\u00f0i\u00f0 a\u00f0 fl\u00fdja fyrir \u00f3vinum s\u00ednum?<a name=\"9\"><span class=\"versanumer\">9<\/span><\/a>Og \u00feegar Kanaan\u00edtar og a\u00f0rir landsb\u00faar spyrja \u00feetta, munu \u00feeir umkringja oss og afm\u00e1 nafn vort af j\u00f6r\u00f0inni. Hva\u00f0 \u00e6tlar \u00fe\u00fa \u00fe\u00e1 a\u00f0 gj\u00f6ra til a\u00f0 halda uppi \u00fe\u00ednu mikla nafni?<a name=\"10\"><span class=\"versanumer\">10<\/span><\/a>Drottinn sag\u00f0i vi\u00f0 J\u00f3s\u00faa: R\u00eds \u00fe\u00fa upp! Hv\u00ed liggur \u00fe\u00fa h\u00e9r fram \u00e1 \u00e1sj\u00f3nu \u00fe\u00edna?<a name=\"11\"><span class=\"versanumer\">11<\/span><\/a>\u00cdsrael hefir syndga\u00f0, \u00feeir hafa rofi\u00f0 s\u00e1ttm\u00e1la minn, \u00feann er \u00e9g bau\u00f0 \u00feeim a\u00f0 halda. \u00deeir hafa teki\u00f0 af hinu bannf\u00e6r\u00f0a, \u00feeir hafa stoli\u00f0, \u00feeir hafa leynt \u00fev\u00ed og lagt \u00fea\u00f0 hj\u00e1 s\u00ednum munum.<a name=\"12\"><span class=\"versanumer\">12<\/span><\/a>Fyrir \u00fev\u00ed f\u00e1 \u00cdsraelsmenn eigi sta\u00f0ist fyrir \u00f3vinum s\u00ednum, heldur leggja \u00feeir \u00e1 fl\u00f3tta fyrir \u00feeim, \u00fev\u00ed a\u00f0 \u00feeir eru \u00ed banni. \u00c9g vil eigi vera me\u00f0 y\u00f0ur eftir \u00feetta, ef \u00fe\u00e9r ey\u00f0i\u00f0 eigi hinu bannf\u00e6r\u00f0a, sem me\u00f0al y\u00f0ar er.<a name=\"13\"><span class=\"versanumer\">13<\/span><\/a>R\u00eds \u00fe\u00fa upp, helga \u00fe\u00fa l\u00fd\u00f0inn og seg: Helgi\u00f0 y\u00f0ur til morgundagsins, \u00fev\u00ed a\u00f0 svo segir Drottinn, \u00cdsraels Gu\u00f0: Bannf\u00e6r\u00f0ir hlutir eru hj\u00e1 \u00fe\u00e9r, \u00cdsrael! \u00de\u00fa munt eigi f\u00e1 sta\u00f0ist fyrir \u00f3vinum \u00fe\u00ednum, uns \u00fe\u00e9r hafi\u00f0 komi\u00f0 hinum bannf\u00e6r\u00f0u hlutum burt fr\u00e1 y\u00f0ur.<a name=\"14\"><span class=\"versanumer\">14<\/span><\/a>\u00c1 morgun snemma skulu\u00f0 \u00fe\u00e9r leiddir ver\u00f0a fram eftir \u00e6ttkv\u00edslum y\u00f0ar, og s\u00fa \u00e6ttkv\u00edsl, sem Drottinn l\u00e6tur hlut falla \u00e1, skal ganga fram eftir kyn\u00fe\u00e1ttum, og s\u00e1 kyn\u00fe\u00e1ttur, sem Drottinn l\u00e6tur hlut falla \u00e1, skal ganga fram eftir \u00e6ttum, og af \u00feeirri \u00e6tt, sem Drottinn l\u00e6tur hlut falla \u00e1, skulu karlmennirnir ganga fram, hver \u00fat af fyrir sig.<a name=\"15\"><span class=\"versanumer\">15<\/span><\/a>En \u00feann skal brenna \u00ed eldi, sem hi\u00f0 bannf\u00e6r\u00f0a finnst hj\u00e1, svo og allt, sem hann \u00e1, \u00fev\u00ed a\u00f0 hann hefir rofi\u00f0 s\u00e1ttm\u00e1la Drottins og frami\u00f0 \u00f3h\u00e6fuverk \u00ed \u00cdsrael.<a name=\"16\"><span class=\"versanumer\">16<\/span><\/a>J\u00f3s\u00faa reis \u00e1rla morguninn eftir og leiddi \u00cdsrael fram, hverja \u00e6ttkv\u00edsl \u00fat af fyrir sig. Kom \u00fe\u00e1 upp hlutur J\u00fada \u00e6ttkv\u00edslar.<a name=\"17\"><span class=\"versanumer\">17<\/span><\/a>\u00de\u00e1 leiddi hann fram kyn\u00fe\u00e1ttu J\u00fada, og kom upp hlutur Seraks kyn\u00fe\u00e1ttar. \u00dev\u00ed n\u00e6st leiddi hann fram kyn\u00fe\u00e1tt Seraks, hverja \u00e6tt \u00fat af fyrir sig, og kom upp hlutur Sabd\u00ed \u00e6ttar.<a name=\"18\"><span class=\"versanumer\">18<\/span><\/a>S\u00ed\u00f0an leiddi hann fram \u00e6tt hans, hvern karlmann \u00fat af fyrir sig, og kom \u00fe\u00e1 upp hlutur Akans Karm\u00edsonar, Sabd\u00edsonar, Serakssonar, af J\u00fada \u00e6ttkv\u00edsl.<a name=\"19\"><span class=\"versanumer\">19<\/span><\/a>\u00de\u00e1 sag\u00f0i J\u00f3s\u00faa vi\u00f0 Akan: Sonur minn, gef \u00fe\u00fa Drottni, \u00cdsraels Gu\u00f0i, d\u00fdr\u00f0ina og gj\u00f6r j\u00e1tningu fyrir honum. Seg m\u00e9r, hva\u00f0 \u00fe\u00fa hefir gj\u00f6rt, leyn mig engu.<a name=\"20\"><span class=\"versanumer\">20<\/span><\/a>Akan svara\u00f0i J\u00f3s\u00faa og sag\u00f0i: Sannlega hefi \u00e9g syndga\u00f0 gegn Drottni, \u00cdsraels Gu\u00f0i. Svo og svo hefi \u00e9g gj\u00f6rt.<a name=\"21\"><span class=\"versanumer\">21<\/span><\/a>\u00c9g s\u00e1 me\u00f0al herfangsins fagra skikkju s\u00ednearska, tv\u00f6 hundru\u00f0 sikla silfurs, og gullst\u00f6ng eina, er v\u00f3 fimmt\u00edu sikla. \u00c9g \u00e1girntist \u00feetta og t\u00f3k \u00fea\u00f0. Og sj\u00e1, \u00fea\u00f0 er f\u00f3lgi\u00f0 \u00ed j\u00f6r\u00f0u \u00ed tjaldi m\u00ednu og silfri\u00f0 undir.<a name=\"22\"><span class=\"versanumer\">22<\/span><\/a>J\u00f3s\u00faa sendi \u00fe\u00e1 sendimenn \u00feanga\u00f0. \u00deeir runnu til tjaldsins, og sj\u00e1, \u00fea\u00f0 var f\u00f3lgi\u00f0 \u00ed tjaldi hans, og silfri\u00f0 undir.<a name=\"23\"><span class=\"versanumer\">23<\/span><\/a>Og \u00feeir t\u00f3ku \u00fea\u00f0 \u00far tjaldinu og f\u00e6r\u00f0u \u00fea\u00f0 J\u00f3s\u00faa og \u00f6llum \u00cdsraelsm\u00f6nnum og l\u00f6g\u00f0u \u00fea\u00f0 ni\u00f0ur frammi fyrir Drottni.<a name=\"24\"><span class=\"versanumer\">24<\/span><\/a>\u00de\u00e1 t\u00f3k J\u00f3s\u00faa Akan Seraksson, silfri\u00f0, skikkjuna, gullst\u00f6ngina, sonu hans og d\u00e6tur, uxa hans, asna og sau\u00f0f\u00e9, svo og tjald hans og allt, sem hann \u00e1tti, \u00ed vi\u00f0urvist alls \u00cdsraels, og f\u00f3r me\u00f0 \u00fea\u00f0 upp \u00ed Akordal.<a name=\"25\"><span class=\"versanumer\">25<\/span><\/a>\u00de\u00e1 sag\u00f0i J\u00f3s\u00faa: Hv\u00ed hefir \u00fe\u00fa stofna\u00f0 oss \u00ed \u00f3g\u00e6fu? Drottinn stofni \u00fe\u00e9r \u00ed \u00f3g\u00e6fu \u00ed dag! Og allur \u00cdsrael lamdi hann grj\u00f3ti, og \u00feeir brenndu \u00fe\u00e1 \u00ed eldi og gr\u00fdttu \u00fe\u00e1.<a name=\"26\"><span class=\"versanumer\">26<\/span><\/a>Gj\u00f6r\u00f0u \u00feeir steindys mikla yfir hann, og er h\u00fan \u00fear enn \u00ed dag. Og Drottinn l\u00e9t af hinni brennandi rei\u00f0i sinni. Fyrir \u00fev\u00ed heitir \u00feessi sta\u00f0ur Akordalur allt fram \u00e1 \u00feennan dag.<\/p>\n<div class=\"footnote1981\"><b>7.1<\/b> Svik Akans J\u00f3s 22.20; 1Kro 2.7<br \/>\n<b>7.2<\/b> Nj\u00f3snarar sendir J\u00f3s 2.1; 4M\u00f3s 13.1-20<br \/>\n<b>7.6<\/b> R\u00edfa kl\u00e6\u00f0i s\u00edn 1M\u00f3s 44.13; 1Sam 4.12; Jl 2.13; 1Makk 3.47; 4.39 \u2013 varpa s\u00e9r til jar\u00f0ar J\u00fadt 4.11; 1Makk 4.40 \u2013 jusu mold yfir h\u00f6fu\u00f0 s\u00e9r 1Sam 4.12; Neh 9.1; Esk 27.30; 2Makk 10.25; 14.15 \u2013 \u00fear til kv\u00f6lds D\u00f3m 20.23,26; 21.2; 1Sam 14.24; 2Sam 1.12<br \/>\n<b>7.7<\/b> Me\u00f0alganga 2M\u00f3s 32.11-13; 4M\u00f3s 14.13-19; 5M\u00f3s 9.26-29<br \/>\n<b>7.11<\/b> S\u00e1ttm\u00e1linn sni\u00f0gegninn 5M\u00f3s 17.2; 2Kon 18.12; H\u00f3s 6.7; 8.2 \u2013 sv\u00edkja sbr Post 5.1-11<br \/>\n<b>7.13<\/b> Helga J\u00f3s 3.5; 2M\u00f3s 19.10,22; 4M\u00f3s 11.18; 1Sam 7.1; 16.5; 1Kro 15.12<br \/>\n<b>7.15<\/b> Brenna \u00ed eldi 1M\u00f3s 38.24; 3M\u00f3s 20.14; 2.19 \u2013 \u00f3h\u00e6fuverk \u00ed \u00cdsrael 5M\u00f3s 22.21+<br \/>\n<b>7.21<\/b> \u00c9g girntist 2M\u00f3s 20.17+<br \/>\n<b>7.24<\/b> Akor-dalur J\u00f3s 15.7; H\u00f3s 2.17<br \/>\n<b>7.25<\/b> Gr\u00fdta 5M\u00f3s 13.10+<br \/>\n<b>7.26<\/b> Steindys J\u00f3s 8.29<\/div>\n","protected":false},"excerpt":{"rendered":"<p>1En \u00cdsraelsmenn f\u00f3ru sviksamlega me\u00f0 hi\u00f0 bannf\u00e6r\u00f0a. Akan Karm\u00edson, Sabd\u00edsonar, Serakssonar, af J\u00fada \u00e6ttkv\u00edsl, t\u00f3k af hinu bannf\u00e6r\u00f0a. Upptendra\u00f0ist \u00fe\u00e1 rei\u00f0i Drottins gegn \u00cdsraelsm\u00f6nnum.2N\u00fa sendi J\u00f3s\u00faa menn fr\u00e1 Jer\u00edk\u00f3 til A\u00ed, sem er hj\u00e1 Betaven, fyrir austan Betel, og sag\u00f0i vi\u00f0 \u00fe\u00e1: Fari\u00f0 og kanni\u00f0 landi\u00f0. Og mennirnir f\u00f3ru og k\u00f6nnu\u00f0u A\u00ed.3\u00deeir sneru aftur til J\u00f3s\u00faa og s\u00f6g\u00f0u vi\u00f0 hann: L\u00e1t ekki allan l\u00fd\u00f0inn fara upp \u00feanga\u00f0. H\u00e9r um bil tv\u00e6r e\u00f0a \u00ferj\u00e1r \u00fe\u00fasundir manna geta fari\u00f0 og unni\u00f0 A\u00ed. \u00d3maka eigi allan l\u00fd\u00f0inn \u00feanga\u00f0, \u00fev\u00ed a\u00f0 \u00feeir eru f\u00e1li\u00f0a\u00f0ir fyrir.4\u00de\u00e1 f\u00f3ru \u00feanga\u00f0 h\u00e9r um bil \u00ferj\u00e1r \u00fe\u00fasundir manns af <a href=\"https:\/\/biblian.is\/1981\/josuabok-7-kafli\/\"> [&#8230;]<\/a><\/p>\n","protected":false},"author":1,"featured_media":0,"parent":0,"menu_order":0,"comment_status":"open","ping_status":"open","template":"bibliukaflar.php","meta":{"footnotes":""},"class_list":["post-1540","page","type-page","status-publish","hentry"],"_links":{"self":[{"href":"https:\/\/biblian.is\/1981\/wp-json\/wp\/v2\/pages\/1540","targetHints":{"allow":["GET"]}}],"collection":[{"href":"https:\/\/biblian.is\/1981\/wp-json\/wp\/v2\/pages"}],"about":[{"href":"https:\/\/biblian.is\/1981\/wp-json\/wp\/v2\/types\/page"}],"author":[{"embeddable":true,"href":"https:\/\/biblian.is\/1981\/wp-json\/wp\/v2\/users\/1"}],"replies":[{"embeddable":true,"href":"https:\/\/biblian.is\/1981\/wp-json\/wp\/v2\/comments?post=1540"}],"version-history":[{"count":0,"href":"https:\/\/biblian.is\/1981\/wp-json\/wp\/v2\/pages\/1540\/revisions"}],"wp:attachment":[{"href":"https:\/\/biblian.is\/1981\/wp-json\/wp\/v2\/media?parent=1540"}],"curies":[{"name":"wp","href":"https:\/\/api.w.org\/{rel}","templated":true}]}}