{"id":1536,"date":"2017-11-18T20:17:41","date_gmt":"2017-11-18T20:17:41","guid":{"rendered":"http:\/\/biblian.is\/1981\/josuabok-3-kafli\/"},"modified":"2017-11-18T20:17:41","modified_gmt":"2017-11-18T20:17:41","slug":"josuabok-3-kafli","status":"publish","type":"page","link":"https:\/\/biblian.is\/1981\/josuabok-3-kafli\/","title":{"rendered":"J\u00f3s\u00faab\u00f3k 3. kafli"},"content":{"rendered":"<p><a name=\"1\"><span class=\"versanumer\">1<\/span><\/a>Morguninn eftir reis J\u00f3s\u00faa \u00e1rla. L\u00f6g\u00f0u \u00feeir n\u00fa upp fr\u00e1 Sitt\u00edm og komu a\u00f0 J\u00f3rdan, hann og allir \u00cdsraelsmenn, og voru \u00fear um n\u00f3ttina, \u00e1\u00f0ur \u00feeir f\u00e6ru yfir um.<a name=\"2\"><span class=\"versanumer\">2<\/span><\/a>En a\u00f0 \u00feremur d\u00f6gum li\u00f0num f\u00f3ru tilsj\u00f3narmennirnir um allar herb\u00fa\u00f0irnar<a name=\"3\"><span class=\"versanumer\">3<\/span><\/a>og bu\u00f0u l\u00fd\u00f0num og s\u00f6g\u00f0u: \u00deegar \u00fe\u00e9r sj\u00e1i\u00f0 s\u00e1ttm\u00e1ls\u00f6rk Drottins, Gu\u00f0s y\u00f0ar, og lev\u00edtaprestana bera hana, \u00fe\u00e1 leggi\u00f0 upp fr\u00e1 y\u00f0ar sta\u00f0 og fari\u00f0 \u00e1 eftir henni.<a name=\"4\"><span class=\"versanumer\">4<\/span><\/a>L\u00e1ti\u00f0 \u00fe\u00f3 vera um tveggja \u00fe\u00fasund \u00e1lna bil millum y\u00f0ar og hennar og komi\u00f0 ekki n\u00e6rri henni. Megi\u00f0 \u00fe\u00e9r \u00fe\u00e1 vita, hva\u00f0a veg \u00fe\u00e9r eigi\u00f0 a\u00f0 fara, \u00fev\u00ed a\u00f0 \u00fe\u00e9r hafi\u00f0 aldrei fari\u00f0 \u00feann veg \u00e1\u00f0ur.<a name=\"5\"><span class=\"versanumer\">5<\/span><\/a>\u00de\u00e1 sag\u00f0i J\u00f3s\u00faa vi\u00f0 l\u00fd\u00f0inn: Helgi\u00f0 y\u00f0ur, \u00fev\u00ed a\u00f0 \u00e1 morgun mun Drottinn gj\u00f6ra undursamlega hluti me\u00f0al y\u00f0ar.<a name=\"6\"><span class=\"versanumer\">6<\/span><\/a>Og vi\u00f0 prestana sag\u00f0i J\u00f3s\u00faa: Taki\u00f0 upp s\u00e1ttm\u00e1ls\u00f6rkina og fari\u00f0 yfir um \u00e1 undan l\u00fd\u00f0num. \u00deeir t\u00f3ku \u00fe\u00e1 upp s\u00e1ttm\u00e1ls\u00f6rkina og f\u00f3ru yfir um \u00e1 undan l\u00fd\u00f0num.<a name=\"7\"><span class=\"versanumer\">7<\/span><\/a>Drottinn sag\u00f0i vi\u00f0 J\u00f3s\u00faa: \u00cd dag mun \u00e9g taka til a\u00f0 mikla \u00feig \u00ed augs\u00fdn alls \u00cdsraels, svo a\u00f0 \u00feeir megi vita, a\u00f0 \u00e9g er me\u00f0 \u00fe\u00e9r, eins og \u00e9g var me\u00f0 M\u00f3se.<a name=\"8\"><span class=\"versanumer\">8<\/span><\/a>En bj\u00f3\u00f0 \u00fe\u00fa prestunum, sem bera s\u00e1ttm\u00e1ls\u00f6rkina, \u00e1 \u00feessa lei\u00f0: \u00deegar \u00fe\u00e9r komi\u00f0 \u00ed vatnsbr\u00fanina \u00ed J\u00f3rdan, \u00fe\u00e1 nemi\u00f0 \u00fear sta\u00f0ar \u00ed \u00e1nni.<a name=\"9\"><span class=\"versanumer\">9<\/span><\/a>Og J\u00f3s\u00faa sag\u00f0i vi\u00f0 \u00cdsraelsmenn: Komi\u00f0 hinga\u00f0 og heyri\u00f0 or\u00f0 Drottins, Gu\u00f0s y\u00f0ar!<a name=\"10\"><span class=\"versanumer\">10<\/span><\/a>Og J\u00f3s\u00faa m\u00e6lti: Af \u00feessu skulu\u00f0 \u00fe\u00e9r vita mega, a\u00f0 lifandi Gu\u00f0 er \u00e1 me\u00f0al y\u00f0ar og a\u00f0 hann vissulega mun st\u00f6kkva burt undan y\u00f0ur Kanaan\u00edtum, Het\u00edtum, Hev\u00edtum, Peres\u00edtum, G\u00edrgas\u00edtum, Amor\u00edtum og Jeb\u00fas\u00edtum:<a name=\"11\"><span class=\"versanumer\">11<\/span><\/a>Sj\u00e1, s\u00e1ttm\u00e1ls\u00f6rk hans, sem er Drottinn allrar veraldar, mun fara \u00e1 undan y\u00f0ur \u00fat \u00ed J\u00f3rdan.<a name=\"12\"><span class=\"versanumer\">12<\/span><\/a>Velji\u00f0 y\u00f0ur n\u00fa t\u00f3lf menn af \u00e6ttkv\u00edslum \u00cdsraels, einn mann af \u00e6ttkv\u00edsl hverri.<a name=\"13\"><span class=\"versanumer\">13<\/span><\/a>Og \u00feegar prestarnir, sem bera s\u00e1ttm\u00e1ls\u00f6rk Drottins, hans sem er Drottinn allrar veraldar, st\u00edga f\u00e6ti \u00ed vatn J\u00f3rdanar, \u00fe\u00e1 mun vatni\u00f0 \u00ed J\u00f3rdan st\u00f6\u00f0vast, vatni\u00f0, sem ofan a\u00f0 kemur, og standa sem veggur.<a name=\"14\"><span class=\"versanumer\">14<\/span><\/a>F\u00f3lki\u00f0 t\u00f3k sig n\u00fa upp \u00far tj\u00f6ldum s\u00ednum til \u00feess a\u00f0 fara yfir um J\u00f3rdan, og prestarnir, sem b\u00e1ru s\u00e1ttm\u00e1ls\u00f6rkina, f\u00f3ru fyrir l\u00fd\u00f0num.<a name=\"15\"><span class=\"versanumer\">15<\/span><\/a>Og er \u00feeir, sem \u00f6rkina b\u00e1ru, komu a\u00f0 J\u00f3rdan, og prestarnir, sem b\u00e1ru \u00f6rkina, dr\u00e1pu f\u00f3tum s\u00ednum \u00ed vatnsbr\u00fanina  en J\u00f3rdan fl\u00f3\u00f0i yfir alla bakka allan kornskur\u00f0art\u00edmann ,<a name=\"16\"><span class=\"versanumer\">16<\/span><\/a>\u00fe\u00e1 st\u00f3\u00f0 vatni\u00f0 kyrrt, \u00fea\u00f0 er ofan a\u00f0 kom, og h\u00f3fst upp sem veggur mj\u00f6g langt burtu, vi\u00f0 Adam, borgina, sem liggur hj\u00e1 Sartan. En \u00fea\u00f0 sem rann ni\u00f0ur til vatnsins \u00e1 sl\u00e9ttlendinu, Saltasj\u00f3s, rann allt til \u00feurr\u00f0ar. Og l\u00fd\u00f0urinn f\u00f3r yfir um gegnt Jer\u00edk\u00f3.<a name=\"17\"><span class=\"versanumer\">17<\/span><\/a>En prestarnir, sem b\u00e1ru s\u00e1ttm\u00e1ls\u00f6rk Drottins, st\u00f3\u00f0u kyrrir \u00e1 \u00feurru mitt \u00ed J\u00f3rdan, me\u00f0an allur \u00cdsrael f\u00f3r yfir um \u00e1 \u00feurru, \u00fear til er allt f\u00f3lki\u00f0 var komi\u00f0 yfir um J\u00f3rdan.<\/p>\n<div class=\"footnote1981\"><b>3.2<\/b> \u00der\u00edr dagar J\u00f3s 1.11<br \/>\n<b>3.3<\/b> Lev\u00edtaprestar 5M\u00f3s 17.9+<br \/>\n<b>3.5<\/b> Helgi\u00f0 ykkur J\u00f3s 7.13; 4M\u00f3s 11.18; 1Sam 16.5; 1Kro 15.12; sbr 2M\u00f3s 19.10,14<br \/>\n<b>3.7<\/b> \u00c9g ver\u00f0 me\u00f0 \u00fe\u00e9r 5M\u00f3s 20.1+<br \/>\n<b>3.10<\/b> Lifandi Gu\u00f0 5M\u00f3s 5.26+ &#8211; me\u00f0al ykkar 2M\u00f3s 34.9 \u2013 ry\u00f0ja burt \u00fej\u00f3\u00f0um 5M\u00f3s 4.38+<br \/>\n<b>3.12<\/b> T\u00f3lf menn J\u00f3s 4.2<br \/>\n<b>3.13<\/b> Vatni\u00f0 st\u00f6\u00f0va\u00f0ist Slm 114.3; sbr 74.15<br \/>\n<b>3.17<\/b> \u00c1 \u00feurru 2M\u00f3s 14.22; Slm 66.6<\/div>\n","protected":false},"excerpt":{"rendered":"<p>1Morguninn eftir reis J\u00f3s\u00faa \u00e1rla. L\u00f6g\u00f0u \u00feeir n\u00fa upp fr\u00e1 Sitt\u00edm og komu a\u00f0 J\u00f3rdan, hann og allir \u00cdsraelsmenn, og voru \u00fear um n\u00f3ttina, \u00e1\u00f0ur \u00feeir f\u00e6ru yfir um.2En a\u00f0 \u00feremur d\u00f6gum li\u00f0num f\u00f3ru tilsj\u00f3narmennirnir um allar herb\u00fa\u00f0irnar3og bu\u00f0u l\u00fd\u00f0num og s\u00f6g\u00f0u: \u00deegar \u00fe\u00e9r sj\u00e1i\u00f0 s\u00e1ttm\u00e1ls\u00f6rk Drottins, Gu\u00f0s y\u00f0ar, og lev\u00edtaprestana bera hana, \u00fe\u00e1 leggi\u00f0 upp fr\u00e1 y\u00f0ar sta\u00f0 og fari\u00f0 \u00e1 eftir henni.4L\u00e1ti\u00f0 \u00fe\u00f3 vera um tveggja \u00fe\u00fasund \u00e1lna bil millum y\u00f0ar og hennar og komi\u00f0 ekki n\u00e6rri henni. Megi\u00f0 \u00fe\u00e9r \u00fe\u00e1 vita, hva\u00f0a veg \u00fe\u00e9r eigi\u00f0 a\u00f0 fara, \u00fev\u00ed a\u00f0 \u00fe\u00e9r hafi\u00f0 aldrei fari\u00f0 \u00feann veg \u00e1\u00f0ur.5\u00de\u00e1 sag\u00f0i <a href=\"https:\/\/biblian.is\/1981\/josuabok-3-kafli\/\"> [&#8230;]<\/a><\/p>\n","protected":false},"author":1,"featured_media":0,"parent":0,"menu_order":0,"comment_status":"open","ping_status":"open","template":"bibliukaflar.php","meta":{"footnotes":""},"class_list":["post-1536","page","type-page","status-publish","hentry"],"_links":{"self":[{"href":"https:\/\/biblian.is\/1981\/wp-json\/wp\/v2\/pages\/1536","targetHints":{"allow":["GET"]}}],"collection":[{"href":"https:\/\/biblian.is\/1981\/wp-json\/wp\/v2\/pages"}],"about":[{"href":"https:\/\/biblian.is\/1981\/wp-json\/wp\/v2\/types\/page"}],"author":[{"embeddable":true,"href":"https:\/\/biblian.is\/1981\/wp-json\/wp\/v2\/users\/1"}],"replies":[{"embeddable":true,"href":"https:\/\/biblian.is\/1981\/wp-json\/wp\/v2\/comments?post=1536"}],"version-history":[{"count":0,"href":"https:\/\/biblian.is\/1981\/wp-json\/wp\/v2\/pages\/1536\/revisions"}],"wp:attachment":[{"href":"https:\/\/biblian.is\/1981\/wp-json\/wp\/v2\/media?parent=1536"}],"curies":[{"name":"wp","href":"https:\/\/api.w.org\/{rel}","templated":true}]}}