{"id":1532,"date":"2017-11-18T20:17:41","date_gmt":"2017-11-18T20:17:41","guid":{"rendered":"http:\/\/biblian.is\/1981\/fimmta-mosebok-33-kafli\/"},"modified":"2021-06-06T10:51:19","modified_gmt":"2021-06-06T10:51:19","slug":"fimmta-mosebok-33-kafli","status":"publish","type":"page","link":"https:\/\/biblian.is\/1981\/fimmta-mosebok-33-kafli\/","title":{"rendered":"Fimmta M\u00f3seb\u00f3k 33. kafli"},"content":{"rendered":"<p><a name=\"1\"><span class=\"versanumer\">1<\/span><\/a>\u00deessi er blessunin, er gu\u00f0sma\u00f0urinn M\u00f3se blessa\u00f0i me\u00f0 \u00cdsraelsmenn, \u00e1\u00f0ur en hann anda\u00f0ist:<a name=\"2\"><span class=\"versanumer\">2<\/span><\/a>Drottinn kom fr\u00e1 S\u00edna\u00ed og rann upp fyrir \u00feeim \u00e1 Se\u00edr. Hann l\u00e9t lj\u00f3s sitt sk\u00edna fr\u00e1 Paranfj\u00f6llum og kom fr\u00e1 hinum helgu t\u00edu \u00fe\u00fasundum, eldingarnar \u00ed h\u00e6gri hendi hans voru \u00feeim til varnar.<a name=\"3\"><span class=\"versanumer\">3<\/span><\/a>J\u00e1, hann elskar sinn l\u00fd\u00f0, allir hans heil\u00f6gu eru \u00ed hans hendi. Og \u00feeir fara eftir lei\u00f0s\u00f6gu \u00feinni, s\u00e9rhver \u00feeirra me\u00f0tekur af or\u00f0um \u00fe\u00ednum.<a name=\"4\"><span class=\"versanumer\">4<\/span><\/a>M\u00f3se setti oss l\u00f6gm\u00e1l, \u00f3\u00f0al Jakobs safna\u00f0ar.<a name=\"5\"><span class=\"versanumer\">5<\/span><\/a>Og Drottinn var\u00f0 konungur \u00ed Jesj\u00far\u00fan, \u00fe\u00e1 er h\u00f6f\u00f0ingjar l\u00fd\u00f0sins s\u00f6fnu\u00f0ust saman, \u00e6ttkv\u00edslir \u00cdsraels allar samt.<a name=\"6\"><span class=\"versanumer\">6<\/span><\/a>Lifi R\u00faben og deyi ekki, \u00feannig a\u00f0 menn hans ver\u00f0i f\u00e1ir a\u00f0 t\u00f6lu.<a name=\"7\"><span class=\"versanumer\">7<\/span><\/a>Og \u00feetta er blessunin um J\u00fada: Heyr, Drottinn, b\u00e6nir J\u00fada, og lei\u00f0 hann aftur til \u00fej\u00f3\u00f0ar sinnar, me\u00f0 h\u00f6ndum s\u00ednum hefir hann barist fyrir hana og ver \u00fe\u00fa honum hj\u00e1lp gegn fjendum hans.<a name=\"8\"><span class=\"versanumer\">8<\/span><\/a>Og um Lev\u00ed sag\u00f0i hann: T\u00famm\u00edm \u00fe\u00edn og \u00far\u00edm heyra m\u00f6nnum hollvinar \u00fe\u00edns, \u00feess er \u00fe\u00fa reyndir hj\u00e1 Massa og bar\u00f0ist gegn hj\u00e1 Mer\u00edbav\u00f6tnum,<a name=\"9\"><span class=\"versanumer\">9<\/span><\/a>heyra \u00feeim, er sag\u00f0i um f\u00f6\u00f0ur og m\u00f3\u00f0ur: \u00c9g s\u00e1 \u00feau ekki, er eigi kanna\u00f0ist vi\u00f0 br\u00e6\u00f0ur s\u00edna og leit eigi vi\u00f0 b\u00f6rnum s\u00ednum. \u00dev\u00ed a\u00f0 \u00feeir var\u00f0veittu or\u00f0 \u00feitt og h\u00e9ldu s\u00e1ttm\u00e1la \u00feinn.<a name=\"10\"><span class=\"versanumer\">10<\/span><\/a>\u00deeir kenna Jakob d\u00f3ma \u00fe\u00edna og \u00cdsrael l\u00f6gm\u00e1l \u00feitt, \u00feeir bera reykelsi fyrir vit \u00fe\u00edn og alf\u00f3rn \u00e1 altari \u00feitt.<a name=\"11\"><span class=\"versanumer\">11<\/span><\/a>Blessa, Drottinn, styrkleik hans, og l\u00e1t \u00fe\u00e9r \u00fe\u00f3knast verk handa hans. Myl sundur lendar \u00f3vina hans og \u00feeirra er hata hann, svo a\u00f0 \u00feeir f\u00e1i eigi risi\u00f0 upp aftur.<a name=\"12\"><span class=\"versanumer\">12<\/span><\/a>Um Benjam\u00edn sag\u00f0i hann: Lj\u00faflingur Drottins b\u00fdr \u00f3hultur hj\u00e1 honum. Hann verndar hann alla daga og hefir teki\u00f0 s\u00e9r b\u00f3lfestu milli h\u00e1lsa hans.<a name=\"13\"><span class=\"versanumer\">13<\/span><\/a>Um J\u00f3sef sag\u00f0i hann: Blessa\u00f0 af Drottni er land hans me\u00f0 himinsins d\u00fdrm\u00e6tustu gj\u00f6f, d\u00f6gginni, og me\u00f0 dj\u00fapinu, er undir hv\u00edlir,<a name=\"14\"><span class=\"versanumer\">14<\/span><\/a>me\u00f0 hinu d\u00fdrm\u00e6tasta, er s\u00f3lin framlei\u00f0ir, og me\u00f0 hinu d\u00fdrm\u00e6tasta, sem tunglin l\u00e1ta spretta,<a name=\"15\"><span class=\"versanumer\">15<\/span><\/a>me\u00f0 hinu besta \u00e1 hinum eldg\u00f6mlu fj\u00f6llum og me\u00f0 hinu d\u00fdrm\u00e6tasta \u00e1 hinum eil\u00edfu h\u00e6\u00f0um,<a name=\"16\"><span class=\"versanumer\">16<\/span><\/a>me\u00f0 hinu d\u00fdrm\u00e6tasta af j\u00f6r\u00f0inni og \u00f6llu \u00fev\u00ed, sem \u00e1 henni er, og me\u00f0 \u00fe\u00f3knun hans, sem bj\u00f3 \u00ed \u00feyrnirunninum. \u00deetta komi yfir h\u00f6fu\u00f0 J\u00f3sefs og \u00ed hvirfil hans, sem er h\u00f6f\u00f0ingi me\u00f0al br\u00e6\u00f0ra sinna!<a name=\"17\"><span class=\"versanumer\">17<\/span><\/a>Pr\u00fd\u00f0ilegur er frumgetinn uxi hans, og horn hans eru sem horn v\u00edsundarins. Me\u00f0 \u00feeim rekur hann \u00fej\u00f3\u00f0ir undir, allt til endimarka jar\u00f0arinnar. \u00deetta eru t\u00edu \u00fe\u00fasundir Efra\u00edms, og \u00feetta eru \u00fe\u00fasundir Manasse!<a name=\"18\"><span class=\"versanumer\">18<\/span><\/a>Um Seb\u00falon sag\u00f0i hann: Gle\u00f0st \u00fe\u00fa, Seb\u00falon, yfir s\u00e6f\u00f6rum \u00fe\u00ednum, og \u00fe\u00fa, \u00cdssakar, yfir tj\u00f6ldum \u00fe\u00ednum!<a name=\"19\"><span class=\"versanumer\">19<\/span><\/a>\u00dej\u00f3\u00f0flokkum bj\u00f3\u00f0a \u00feeir til fjallsins, \u00fear f\u00f3rna \u00feeir r\u00e9ttum f\u00f3rnum, \u00fev\u00ed a\u00f0 \u00feeir munu sj\u00faga \u00ed sig n\u00e6gtir hafsins og hina huldustu fj\u00e1rsj\u00f3\u00f0u sandsins.<a name=\"20\"><span class=\"versanumer\">20<\/span><\/a>Um Ga\u00f0 sag\u00f0i hann: Blessa\u00f0ur s\u00e9 s\u00e1, sem veitir Ga\u00f0 landr\u00fdmi! Hann hefir lagst ni\u00f0ur sem lj\u00f3nynja, og r\u00edfur sundur arm og hvirfil.<a name=\"21\"><span class=\"versanumer\">21<\/span><\/a>Hann valdi s\u00e9r landi\u00f0, er fyrst var teki\u00f0, \u00fev\u00ed a\u00f0 \u00fear var landshluti geymdur \u00e6tth\u00f6f\u00f0ingja. Og hann kom me\u00f0 h\u00f6f\u00f0ingjum l\u00fd\u00f0sins, hann framkv\u00e6mdi r\u00e9ttl\u00e6ti Drottins og d\u00f3ma hans \u00e1samt \u00cdsrael.<a name=\"22\"><span class=\"versanumer\">22<\/span><\/a>Um Dan sag\u00f0i hann: Dan er lj\u00f3nshvolpur, sem kemur st\u00f6kkvandi fr\u00e1 Basan.<a name=\"23\"><span class=\"versanumer\">23<\/span><\/a>Um Naftal\u00ed sag\u00f0i hann: Naftal\u00ed, saddur vel\u00fe\u00f3knunar og fullur af blessun Drottins, tak \u00fe\u00fa sj\u00f3 og Su\u00f0urland til eignar!<a name=\"24\"><span class=\"versanumer\">24<\/span><\/a>Um Asser sag\u00f0i hann: Blessa\u00f0astur af sonunum s\u00e9 Asser! Veri hann eftirl\u00e6ti br\u00e6\u00f0ra sinna og v\u00f6kvi f\u00f3t sinn \u00ed ol\u00edu!<a name=\"25\"><span class=\"versanumer\">25<\/span><\/a>Sl\u00e1r \u00fe\u00ednar s\u00e9u af j\u00e1rni og eir, og afl \u00feitt r\u00e9ni eigi fyrr en \u00e6vina \u00fer\u00fdtur!<a name=\"26\"><span class=\"versanumer\">26<\/span><\/a>Enginn er sem Gu\u00f0 Jesj\u00far\u00fans, er ekur yfir himininn til hj\u00e1lpar \u00fe\u00e9r og \u00e1 sk\u00fdjunum \u00ed tign sinni!<a name=\"27\"><span class=\"versanumer\">27<\/span><\/a>H\u00e6li er hinn eil\u00edfi Gu\u00f0, og hi\u00f0 ne\u00f0ra eru eil\u00edfir armar. Hann st\u00f6kkti \u00f3vinum \u00fe\u00ednum undan \u00fe\u00e9r og sag\u00f0i: Gj\u00f6rey\u00f0!<a name=\"28\"><span class=\"versanumer\">28<\/span><\/a>Og s\u00ed\u00f0an bj\u00f3 \u00cdsrael \u00f3hultur, lind Jakobs ein s\u00e9r, \u00ed landi korns og v\u00ednlagar, \u00fear sem himinninn l\u00e6tur d\u00f6gg drj\u00fapa.<a name=\"29\"><span class=\"versanumer\">29<\/span><\/a>Heill \u00fe\u00e9r, \u00cdsrael! Hver er sem \u00fe\u00fa? l\u00fd\u00f0ur, sigurs\u00e6ll fyrir hj\u00e1lp Drottins! Hann er skj\u00f6ldur \u00fe\u00edns fulltingis, og hann er sver\u00f0 tignar \u00feinnar. \u00d3vinir \u00fe\u00ednir munu smja\u00f0ra fyrir \u00fe\u00e9r, og \u00fe\u00fa munt fram bruna \u00e1 h\u00e6\u00f0um \u00feeirra.<\/p>\n<div class=\"footnote1981\"><b>33.2<\/b> Drottinn kom fr\u00e1 S\u00edna\u00ed Slm 68.18 \u2013 \u00e1 Se\u00edr D\u00f3m 5.4 \u2013 Paranfj\u00f6ll Hab 3.3<br \/>\n<b>33.3<\/b> Gu\u00f0 elskar 5M\u00f3s 4.37+ &#8211; \u00cdsrael, heil\u00f6g \u00fej\u00f3\u00f0 5M\u00f3s 7.6+<br \/>\n<b>33.5<\/b> Jesj\u00far\u00fan 5M\u00f3s 32.15+ &#8211; \u00e6ttb\u00e1lkar \u00cdsrael J\u00f3s 24<br \/>\n<b>33.6<\/b> R\u00faben 1M\u00f3s 49.3-4<br \/>\n<b>33.7<\/b> J\u00fada 1M\u00f3s 49.8-12<br \/>\n<b>33.8<\/b> Lev\u00ed 1M\u00f3s 49.5-7 \u2013 \u00far\u00edm og t\u00famm\u00edn 2M\u00f3s 28.30; Esr 2.63 \u2013 reyna 5M\u00f3s 8.2+ &#8211; Mer\u00edba 5M\u00f3s 6.16; 2M\u00f3s 17.1-7; 4M\u00f3s 20.1-13<br \/>\n<b>33.9<\/b> F\u00f3rnf\u00fdsi lev\u00edtanna 2M\u00f3s 32.26-29; sbr Matt 19.29 og hlst. \u2013 f\u00f6\u00f0ur og m\u00f3\u00f0ur Matt 10.37+<br \/>\n<b>33.10<\/b> Kenna l\u00f6g 3M\u00f3s 10.11+ ; S\u00edr 45.17 \u2013 helgisi\u00f0ir 1Sam 2.28<br \/>\n<b>33.12<\/b> Benjam\u00edn 1M\u00f3s 49.27 \u2013 s\u00e1 sem elskar Drottinn 1\u00deess 1.4; 2\u00deess 2.13<br \/>\n<b>33.13<\/b> J\u00f3sef 1M\u00f3s 49.22-26<br \/>\n<b>33.16<\/b> \u00deyrnirunni 2M\u00f3s 3.1-6<br \/>\n<b>33.17<\/b> Horn v\u00edsundarins sbr 4M\u00f3s 23.22+ ; Slm 92.11<br \/>\n<b>33.18<\/b> Seb\u00falon 1M\u00f3s 49.13 \u2013 \u00cdssakar 1M\u00f3s 49.14-15<br \/>\n<b>33.19<\/b> F\u00f3rna r\u00e9tt Slm 4.6; 51.21 \u2013 gn\u00f3tt hafsins Jes 60.5<br \/>\n<b>33.20<\/b> Ga\u00f0 1M\u00f3s 49.19 \u2013 lj\u00f3nynja 1M\u00f3s 49.9; 4M\u00f3s 24.9; 1Kro 12.9<br \/>\n<b>33.21<\/b> Landi\u00f0 sem fyrst var teki\u00f0 5M\u00f3s 3.12-17; 4M\u00f3s 32 \u2013 framfylgja 5M\u00f3s 3.18-20, J\u00f3s 4.12-13<br \/>\n<b>33.22<\/b> Dan 1M\u00f3s 49.16-18 \u2013 lj\u00f3nshvolpur 1M\u00f3s 49.9<br \/>\n<b>33.23<\/b> Naftal\u00ed 1M\u00f3s 49.21<br \/>\n<b>33.24<\/b> Asser 1M\u00f3s 49.20<br \/>\n<b>33.26<\/b> Enginn er sem Gu\u00f0 5M\u00f3s 3.24; 2M\u00f3s 15.11; sbr 5M\u00f3s 32.39+ &#8211; Jesj\u00far\u00fan 5M\u00f3s 32.15+ &#8211; sk\u00fdjin, vagn Gu\u00f0s Slm 104.3+<br \/>\n<b>33.27<\/b> H\u00e6li, athvarf Slm 90.1 \u2013 ey\u00f0a 5M\u00f3s 2.34<br \/>\n<b>33.28<\/b> \u00d3hultur 5M\u00f3s 33.12; Jer 23.6 \u2013 ein s\u00e9r 4M\u00f3s 23.9 \u2013 d\u00f6gg af himni 1M\u00f3s 27.28<br \/>\n<b>33.29<\/b> Heill Slm 1.1+ &#8211; Gu\u00f0 er skj\u00f6ldur Slm 3.4+<\/div>\n","protected":false},"excerpt":{"rendered":"<p>1\u00deessi er blessunin, er gu\u00f0sma\u00f0urinn M\u00f3se blessa\u00f0i me\u00f0 \u00cdsraelsmenn, \u00e1\u00f0ur en hann anda\u00f0ist:2Drottinn kom fr\u00e1 S\u00edna\u00ed og rann upp fyrir \u00feeim \u00e1 Se\u00edr. Hann l\u00e9t lj\u00f3s sitt sk\u00edna fr\u00e1 Paranfj\u00f6llum og kom fr\u00e1 hinum helgu t\u00edu \u00fe\u00fasundum, eldingarnar \u00ed h\u00e6gri hendi hans voru \u00feeim til varnar.3J\u00e1, hann elskar sinn l\u00fd\u00f0, allir hans heil\u00f6gu eru \u00ed hans hendi. Og \u00feeir fara eftir lei\u00f0s\u00f6gu \u00feinni, s\u00e9rhver \u00feeirra me\u00f0tekur af or\u00f0um \u00fe\u00ednum.4M\u00f3se setti oss l\u00f6gm\u00e1l, \u00f3\u00f0al Jakobs safna\u00f0ar.5Og Drottinn var\u00f0 konungur \u00ed Jesj\u00far\u00fan, \u00fe\u00e1 er h\u00f6f\u00f0ingjar l\u00fd\u00f0sins s\u00f6fnu\u00f0ust saman, \u00e6ttkv\u00edslir \u00cdsraels allar samt.6Lifi R\u00faben og deyi ekki, \u00feannig a\u00f0 menn hans ver\u00f0i f\u00e1ir <a href=\"https:\/\/biblian.is\/1981\/fimmta-mosebok-33-kafli\/\"> [&#8230;]<\/a><\/p>\n","protected":false},"author":1,"featured_media":0,"parent":0,"menu_order":0,"comment_status":"open","ping_status":"open","template":"bibliukaflar.php","meta":{"footnotes":""},"class_list":["post-1532","page","type-page","status-publish","hentry"],"_links":{"self":[{"href":"https:\/\/biblian.is\/1981\/wp-json\/wp\/v2\/pages\/1532","targetHints":{"allow":["GET"]}}],"collection":[{"href":"https:\/\/biblian.is\/1981\/wp-json\/wp\/v2\/pages"}],"about":[{"href":"https:\/\/biblian.is\/1981\/wp-json\/wp\/v2\/types\/page"}],"author":[{"embeddable":true,"href":"https:\/\/biblian.is\/1981\/wp-json\/wp\/v2\/users\/1"}],"replies":[{"embeddable":true,"href":"https:\/\/biblian.is\/1981\/wp-json\/wp\/v2\/comments?post=1532"}],"version-history":[{"count":0,"href":"https:\/\/biblian.is\/1981\/wp-json\/wp\/v2\/pages\/1532\/revisions"}],"wp:attachment":[{"href":"https:\/\/biblian.is\/1981\/wp-json\/wp\/v2\/media?parent=1532"}],"curies":[{"name":"wp","href":"https:\/\/api.w.org\/{rel}","templated":true}]}}