{"id":1528,"date":"2017-11-18T20:17:41","date_gmt":"2017-11-18T20:17:41","guid":{"rendered":"http:\/\/biblian.is\/1981\/fimmta-mosebok-29-kafli\/"},"modified":"2021-06-06T10:51:17","modified_gmt":"2021-06-06T10:51:17","slug":"fimmta-mosebok-29-kafli","status":"publish","type":"page","link":"https:\/\/biblian.is\/1981\/fimmta-mosebok-29-kafli\/","title":{"rendered":"Fimmta M\u00f3seb\u00f3k 29. kafli"},"content":{"rendered":"<p><a name=\"1\"><span class=\"versanumer\">1<\/span><\/a>\u00deessi eru or\u00f0 s\u00e1ttm\u00e1lans, sem Drottinn bau\u00f0 M\u00f3se a\u00f0 gj\u00f6ra vi\u00f0 \u00cdsraelsmenn \u00ed M\u00f3abslandi, auk s\u00e1ttm\u00e1lans, sem hann gj\u00f6r\u00f0i vi\u00f0 \u00fe\u00e1 hj\u00e1 H\u00f3reb.<a name=\"2\"><span class=\"versanumer\">2<\/span><\/a>M\u00f3se kalla\u00f0i saman allan \u00cdsrael og sag\u00f0i vi\u00f0 \u00fe\u00e1: \u00de\u00e9r hafi\u00f0 s\u00e9\u00f0 allt \u00fea\u00f0, sem Drottinn gj\u00f6r\u00f0i fyrir augum y\u00f0ar \u00ed Egyptalandi vi\u00f0 Fara\u00f3 og alla \u00fej\u00f3na hans og allt land hans,<a name=\"3\"><span class=\"versanumer\">3<\/span><\/a>hin miklu m\u00e1ttarverk, er \u00fe\u00fa hefir s\u00e9\u00f0 me\u00f0 eigin augum, hin miklu t\u00e1kn og undur.<a name=\"4\"><span class=\"versanumer\">4<\/span><\/a>En allt fram \u00e1 \u00feennan dag hefir Drottinn ekki gefi\u00f0 y\u00f0ur hjarta til a\u00f0 skilja me\u00f0, augu til a\u00f0 sj\u00e1 e\u00f0a eyru til a\u00f0 heyra.<a name=\"5\"><span class=\"versanumer\">5<\/span><\/a>\u00c9g leiddi y\u00f0ur \u00ed fj\u00f6rut\u00edu \u00e1r um ey\u00f0im\u00f6rkina. F\u00f6t y\u00f0ar slitnu\u00f0u ekki \u00e1 y\u00f0ur, og sk\u00f3r \u00fe\u00ednir slitnu\u00f0u ekki \u00e1 f\u00f3tum \u00fe\u00e9r,<a name=\"6\"><span class=\"versanumer\">6<\/span><\/a>brau\u00f0 \u00e1tu\u00f0 \u00fe\u00e9r ekki, og v\u00edn e\u00f0a \u00e1fengan drykk drukku\u00f0 \u00fe\u00e9r ekki, til \u00feess a\u00f0 \u00fe\u00e9r m\u00e6ttu\u00f0 skilja, a\u00f0 \u00e9g er Drottinn, Gu\u00f0 y\u00f0ar.<a name=\"7\"><span class=\"versanumer\">7<\/span><\/a>Er \u00fe\u00e9r komu\u00f0 hinga\u00f0, og S\u00edhon, konungur \u00ed Hesbon, og \u00d3g, konungur \u00ed Basan, f\u00f3ru \u00ed m\u00f3ti oss til orustu, \u00fe\u00e1 unnum v\u00e9r sigur \u00e1 \u00feeim<a name=\"8\"><span class=\"versanumer\">8<\/span><\/a>og t\u00f3kum land \u00feeirra og g\u00e1fum \u00fea\u00f0 R\u00faben\u00edtum, Ga\u00f0\u00edtum og h\u00e1lfri \u00e6ttkv\u00edsl Manasse til eignar.<a name=\"9\"><span class=\"versanumer\">9<\/span><\/a>Var\u00f0veiti\u00f0 \u00fev\u00ed or\u00f0 \u00feessa s\u00e1ttm\u00e1la og breyti\u00f0 eftir \u00feeim, til \u00feess a\u00f0 y\u00f0ur l\u00e1nist vel allt, sem \u00fe\u00e9r gj\u00f6ri\u00f0.<a name=\"10\"><span class=\"versanumer\">10<\/span><\/a>\u00de\u00e9r standi\u00f0 \u00ed dag allir frammi fyrir Drottni, Gu\u00f0i y\u00f0ar: h\u00f6fu\u00f0smenn y\u00f0ar, \u00e6ttkv\u00edslir y\u00f0ar, \u00f6ldungar y\u00f0ar, tilsj\u00f3narmenn y\u00f0ar, allir karlmenn \u00ed \u00cdsrael,<a name=\"11\"><span class=\"versanumer\">11<\/span><\/a>b\u00f6rn y\u00f0ar og konur og \u00fatlendingar \u00fe\u00ednir, sem eru \u00ed herb\u00fa\u00f0um \u00fe\u00ednum, b\u00e6\u00f0i vi\u00f0arh\u00f6ggsmenn og vatnsberar \u00fe\u00ednir,<a name=\"12\"><span class=\"versanumer\">12<\/span><\/a>til \u00feess a\u00f0 gangast undir s\u00e1ttm\u00e1la Drottins, Gu\u00f0s \u00fe\u00edns, og \u00ed ei\u00f0fest samf\u00e9lag vi\u00f0 hann, er Drottinn Gu\u00f0 \u00feinn gj\u00f6rir vi\u00f0 \u00feig \u00ed dag,<a name=\"13\"><span class=\"versanumer\">13<\/span><\/a>til \u00feess a\u00f0 hann gj\u00f6ri \u00feig \u00ed dag a\u00f0 s\u00ednum l\u00fd\u00f0 og hann s\u00e9 \u00feinn Gu\u00f0, eins og hann hefir heiti\u00f0 \u00fe\u00e9r og eins og hann hefir svari\u00f0 fe\u00f0rum \u00fe\u00ednum, Abraham, \u00cdsak og Jakob.<a name=\"14\"><span class=\"versanumer\">14<\/span><\/a>En \u00e9g gj\u00f6ri ekki \u00feennan s\u00e1ttm\u00e1la og \u00feetta ei\u00f0festa samf\u00e9lag vi\u00f0 y\u00f0ur eina,<a name=\"15\"><span class=\"versanumer\">15<\/span><\/a>heldur b\u00e6\u00f0i vi\u00f0 \u00fe\u00e1, sem standa h\u00e9r me\u00f0 oss \u00ed dag frammi fyrir Drottni Gu\u00f0i vorum, og einnig vi\u00f0 \u00fe\u00e1, sem ekki eru h\u00e9r me\u00f0 oss \u00ed dag.<a name=\"16\"><span class=\"versanumer\">16<\/span><\/a>\u00de\u00e9r viti\u00f0 sj\u00e1lfir, a\u00f0 v\u00e9r bjuggum \u00e1 Egyptalandi og hvernig v\u00e9r komumst mitt \u00ed gegnum \u00fe\u00e6r \u00fej\u00f3\u00f0ir, er \u00fe\u00e9r ur\u00f0u\u00f0 a\u00f0 fara gegnum.<a name=\"17\"><span class=\"versanumer\">17<\/span><\/a>Og \u00fe\u00e9r s\u00e1u\u00f0 vi\u00f0urstygg\u00f0ir \u00feeirra og skur\u00f0go\u00f0 \u00feeirra \u00far tr\u00e9 og steinum, silfri og gulli, sem hj\u00e1 \u00feeim voru.<a name=\"18\"><span class=\"versanumer\">18<\/span><\/a>A\u00f0eins a\u00f0 eigi s\u00e9 me\u00f0al y\u00f0ar karl e\u00f0a kona e\u00f0a heimili e\u00f0a \u00e6ttkv\u00edsl, sem \u00ed dag sn\u00fai hjarta s\u00ednu fr\u00e1 Drottni Gu\u00f0i vorum og gangi a\u00f0 d\u00fdrka gu\u00f0i \u00feessara \u00fej\u00f3\u00f0a! A\u00f0eins a\u00f0 eigi s\u00e9 me\u00f0al y\u00f0ar r\u00f3t, sem beri eitur og malurt a\u00f0 \u00e1vexti!<a name=\"19\"><span class=\"versanumer\">19<\/span><\/a>enginn sem telji sig s\u00e6lan \u00ed hjarta s\u00ednu og segi, er hann heyrir or\u00f0 \u00feessa ei\u00f0festa s\u00e1ttm\u00e1ls: M\u00e9r mun vel farnast, \u00fe\u00f3tt \u00e9g gangi fram \u00ed \u00ferj\u00f3sku hjarta m\u00edns. Sl\u00edkt mundi lei\u00f0a til \u00feess, a\u00f0 hi\u00f0 v\u00f6kva\u00f0a yr\u00f0i afm\u00e1\u00f0 \u00e1samt hinu \u00feurra.<a name=\"20\"><span class=\"versanumer\">20<\/span><\/a>Drottinn mun eigi vilja fyrirgefa honum, heldur mun rei\u00f0i Drottins og vandl\u00e6ting \u00fe\u00e1 b\u00e1last gegn sl\u00edkum manni, og \u00f6ll b\u00f6lvunin, sem ritu\u00f0 er \u00ed \u00feessari b\u00f3k, mun \u00fe\u00e1 \u00e1 honum hv\u00edla, og Drottinn mun afm\u00e1 nafn hans af j\u00f6r\u00f0inni.<a name=\"21\"><span class=\"versanumer\">21<\/span><\/a>Og Drottinn mun skilja sl\u00edka \u00e6ttkv\u00edsl \u00far \u00f6llum \u00e6ttkv\u00edslum \u00cdsraels henni til gl\u00f6tunar, samkv\u00e6mt \u00f6llum b\u00f6lvunum s\u00e1ttm\u00e1lans, sem rita\u00f0ur er \u00ed \u00feessari l\u00f6gm\u00e1lsb\u00f3k.<a name=\"22\"><span class=\"versanumer\">22<\/span><\/a>Hin komandi kynsl\u00f3\u00f0, b\u00f6rn y\u00f0ar, sem upp munu vaxa eftir y\u00f0ur, og \u00fatlendir menn, sem koma munu af fjarl\u00e6gu landi, munu segja, er \u00feeir sj\u00e1 pl\u00e1gur \u00fe\u00e6r og s\u00f3ttir, er Drottinn hefir lagt \u00e1 land \u00feetta,<a name=\"23\"><span class=\"versanumer\">23<\/span><\/a>landi\u00f0 er allt or\u00f0i\u00f0 a\u00f0 brennisteini, salti og brunaskellum, \u00fear ver\u00f0ur eigi s\u00e1\u00f0 og ekkert sprettur \u00fear og engin jurt kemur \u00fear upp \u00far j\u00f6r\u00f0inni, en allt er umturna\u00f0 eins og S\u00f3d\u00f3ma og G\u00f3morra, Adma og Seb\u00f3\u00edm, er Drottinn umturna\u00f0i \u00ed rei\u00f0i sinni og heift,<a name=\"24\"><span class=\"versanumer\">24<\/span><\/a>j\u00e1, allar \u00fej\u00f3\u00f0ir munu segja: Hvers vegna hefir Drottinn fari\u00f0 svo me\u00f0 \u00feetta land? Hvernig stendur \u00e1 \u00feessari miklu ofsarei\u00f0i?<a name=\"25\"><span class=\"versanumer\">25<\/span><\/a>\u00de\u00e1 munu menn svara: Af \u00fev\u00ed a\u00f0 \u00feeir yfirg\u00e1fu s\u00e1ttm\u00e1la Drottins, Gu\u00f0s fe\u00f0ra sinna, sem hann gj\u00f6r\u00f0i vi\u00f0 \u00fe\u00e1, er hann leiddi \u00fe\u00e1 af Egyptalandi,<a name=\"26\"><span class=\"versanumer\">26<\/span><\/a>en gengu a\u00f0 d\u00fdrka a\u00f0ra gu\u00f0i og falla fram fyrir \u00feeim, gu\u00f0i, er \u00feeir \u00feekktu eigi og hann haf\u00f0i eigi \u00fathluta\u00f0 \u00feeim.<a name=\"27\"><span class=\"versanumer\">27<\/span><\/a>Fyrir \u00fev\u00ed upptendra\u00f0ist rei\u00f0i Drottins gegn landi \u00feessu, svo a\u00f0 hann l\u00e9t yfir \u00fe\u00e1 koma alla \u00fe\u00e1 b\u00f6lvun, sem ritu\u00f0 er \u00ed \u00feessari b\u00f3k.<a name=\"28\"><span class=\"versanumer\">28<\/span><\/a>Og Drottinn sleit \u00fe\u00e1 upp \u00far landi \u00feeirra \u00ed rei\u00f0i og heift og mikilli gremju og \u00feeytti \u00feeim \u00ed anna\u00f0 land, og er svo enn \u00ed dag.<a name=\"29\"><span class=\"versanumer\">29<\/span><\/a>Hinir leyndu hlutir heyra Drottni Gu\u00f0i vorum, en \u00fea\u00f0, sem opinbera\u00f0 er, heyrir oss og b\u00f6rnum vorum \u00e6vinlega, svo a\u00f0 v\u00e9r megum breyta eftir \u00f6llum or\u00f0um l\u00f6gm\u00e1ls \u00feessa.<\/p>\n<div class=\"footnote1981\"><b>29.1<\/b> Allur \u00cdsrael 5M\u00f3s 1.1+<br \/>\n<b>29.2<\/b> T\u00e1kn og m\u00e1tarverk 5M\u00f3s 4.34+<br \/>\n<b>29.3<\/b> Augu til a\u00f0 sj\u00e1 R\u00f3m 11.8+<br \/>\n<b>29.4<\/b> \u00cd ey\u00f0im\u00f6rkinni 5M\u00f3s 2.7; 8.2+ &#8211; f\u00f6t slitnu\u00f0u ekki 5M\u00f3s 8.4<br \/>\n<b>29.6<\/b> S\u00edhon, \u00d3g 5M\u00f3s 1.4+<br \/>\n<b>29.7<\/b> R\u00faben, Ga\u00f0, Manasse 5M\u00f3s 3.12-17<br \/>\n<b>29.8<\/b> Halda og breyta eftir 5M\u00f3s 5.1+<br \/>\n<b>29.9<\/b> Frammi fyrir Drottni 5M\u00f3s 4.10+<br \/>\n<b>29.12<\/b> \u00cdsrael, \u00fej\u00f3\u00f0 Gu\u00f0s 5M\u00f3s 7.6+<br \/>\n<b>29.16<\/b> Skur\u00f0go\u00f0 5M\u00f3s 4.28+<br \/>\n<b>29.17<\/b> D\u00fdrka gu\u00f0i &#8230; 5M\u00f3s 13.7,8,14; 29.25 \u2013 eitur og malurt Am 5.7; 6.12; sbr Post 8.23; Heb 12.15<br \/>\n<b>29.18<\/b> M\u00e9r farnast vel L\u00fak 12.19<br \/>\n<b>29.19<\/b> Vandl\u00e6ting 2M\u00f3s 20.5 \u2013 \u00f6ll b\u00f6lvunin, sem &#8230; Opb 22.18 \u2013 afm\u00e1 nafn 5M\u00f3s 9.14+<br \/>\n<b>29.20<\/b> L\u00f6gm\u00e1lsb\u00f3kin 5M\u00f3s 28.61+<br \/>\n<b>29.21<\/b> Pl\u00e1gur 5M\u00f3s 28.59<br \/>\n<b>29.22<\/b> Adma, Seb\u00f3\u00edm H\u00f3s 11.8<br \/>\n<b>29.24<\/b> Yfirgefa s\u00e1ttm\u00e1lann 1Kon 19.10; Jer 22.9 \u2013 Gu\u00f0 fe\u00f0ranna 5M\u00f3s 1.11+<br \/>\n<b>29.25<\/b> A\u00f0rir gu\u00f0ir 5M\u00f3s 6.14+ &#8211; \u00f3\u00feekktir gu\u00f0ir 5M\u00f3s 28.36+ &#8211; ekki fengi\u00f0 \u00feeim 5M\u00f3s 4.19<br \/>\n<b>29.27<\/b> Reif \u00fe\u00e1 upp 1Kon 14.15; Jer 12.14<br \/>\n<b>29.28<\/b> \u00c1kv\u00e6\u00f0i \u00feessa l\u00f6gm\u00e1ls 5M\u00f3s 27.3+<\/div>\n","protected":false},"excerpt":{"rendered":"<p>1\u00deessi eru or\u00f0 s\u00e1ttm\u00e1lans, sem Drottinn bau\u00f0 M\u00f3se a\u00f0 gj\u00f6ra vi\u00f0 \u00cdsraelsmenn \u00ed M\u00f3abslandi, auk s\u00e1ttm\u00e1lans, sem hann gj\u00f6r\u00f0i vi\u00f0 \u00fe\u00e1 hj\u00e1 H\u00f3reb.2M\u00f3se kalla\u00f0i saman allan \u00cdsrael og sag\u00f0i vi\u00f0 \u00fe\u00e1: \u00de\u00e9r hafi\u00f0 s\u00e9\u00f0 allt \u00fea\u00f0, sem Drottinn gj\u00f6r\u00f0i fyrir augum y\u00f0ar \u00ed Egyptalandi vi\u00f0 Fara\u00f3 og alla \u00fej\u00f3na hans og allt land hans,3hin miklu m\u00e1ttarverk, er \u00fe\u00fa hefir s\u00e9\u00f0 me\u00f0 eigin augum, hin miklu t\u00e1kn og undur.4En allt fram \u00e1 \u00feennan dag hefir Drottinn ekki gefi\u00f0 y\u00f0ur hjarta til a\u00f0 skilja me\u00f0, augu til a\u00f0 sj\u00e1 e\u00f0a eyru til a\u00f0 heyra.5\u00c9g leiddi y\u00f0ur \u00ed fj\u00f6rut\u00edu \u00e1r um ey\u00f0im\u00f6rkina. F\u00f6t <a href=\"https:\/\/biblian.is\/1981\/fimmta-mosebok-29-kafli\/\"> [&#8230;]<\/a><\/p>\n","protected":false},"author":1,"featured_media":0,"parent":0,"menu_order":0,"comment_status":"open","ping_status":"open","template":"bibliukaflar.php","meta":{"footnotes":""},"class_list":["post-1528","page","type-page","status-publish","hentry"],"_links":{"self":[{"href":"https:\/\/biblian.is\/1981\/wp-json\/wp\/v2\/pages\/1528","targetHints":{"allow":["GET"]}}],"collection":[{"href":"https:\/\/biblian.is\/1981\/wp-json\/wp\/v2\/pages"}],"about":[{"href":"https:\/\/biblian.is\/1981\/wp-json\/wp\/v2\/types\/page"}],"author":[{"embeddable":true,"href":"https:\/\/biblian.is\/1981\/wp-json\/wp\/v2\/users\/1"}],"replies":[{"embeddable":true,"href":"https:\/\/biblian.is\/1981\/wp-json\/wp\/v2\/comments?post=1528"}],"version-history":[{"count":0,"href":"https:\/\/biblian.is\/1981\/wp-json\/wp\/v2\/pages\/1528\/revisions"}],"wp:attachment":[{"href":"https:\/\/biblian.is\/1981\/wp-json\/wp\/v2\/media?parent=1528"}],"curies":[{"name":"wp","href":"https:\/\/api.w.org\/{rel}","templated":true}]}}