{"id":1526,"date":"2017-11-18T20:17:37","date_gmt":"2017-11-18T20:17:37","guid":{"rendered":"http:\/\/biblian.is\/1981\/fimmta-mosebok-27-kafli\/"},"modified":"2021-06-06T10:51:16","modified_gmt":"2021-06-06T10:51:16","slug":"fimmta-mosebok-27-kafli","status":"publish","type":"page","link":"https:\/\/biblian.is\/1981\/fimmta-mosebok-27-kafli\/","title":{"rendered":"Fimmta M\u00f3seb\u00f3k 27. kafli"},"content":{"rendered":"<p><a name=\"1\"><span class=\"versanumer\">1<\/span><\/a>M\u00f3se og \u00f6ldungar \u00cdsraels bu\u00f0u l\u00fd\u00f0num og s\u00f6g\u00f0u: Var\u00f0veiti\u00f0 allar \u00fe\u00e6r skipanir, sem \u00e9g legg fyrir y\u00f0ur \u00ed dag.<a name=\"2\"><span class=\"versanumer\">2<\/span><\/a>Og \u00feegar \u00fe\u00e9r eru\u00f0 komnir yfir J\u00f3rdan inn \u00ed landi\u00f0, sem Drottinn Gu\u00f0 \u00feinn gefur \u00fe\u00e9r, \u00fe\u00e1 skalt \u00fe\u00fa reisa upp st\u00f3ra steina og strj\u00faka \u00fe\u00e1 utan kalki<a name=\"3\"><span class=\"versanumer\">3<\/span><\/a>og rita \u00e1 \u00fe\u00e1 \u00f6ll or\u00f0 l\u00f6gm\u00e1ls \u00feessa, \u00fe\u00e1 er \u00fe\u00fa ert kominn yfir um, til \u00feess a\u00f0 \u00fe\u00fa komist inn \u00ed landi\u00f0, sem Drottinn Gu\u00f0 \u00feinn gefur \u00fe\u00e9r, land sem fl\u00fdtur \u00ed mj\u00f3lk og hunangi, eins og Drottinn, Gu\u00f0 fe\u00f0ra \u00feinna, hefir heiti\u00f0 \u00fe\u00e9r.<a name=\"4\"><span class=\"versanumer\">4<\/span><\/a>Og \u00feegar \u00fe\u00e9r eru\u00f0 komnir yfir J\u00f3rdan, \u00fe\u00e1 skulu\u00f0 \u00fe\u00e9r reisa upp \u00feessa steina, sem \u00e9g hefi m\u00e6lt fyrir um \u00ed dag, \u00e1 Ebalfjalli og strj\u00faka \u00fe\u00e1 utan kalki.<a name=\"5\"><span class=\"versanumer\">5<\/span><\/a>\u00de\u00fa skalt og reisa Drottni Gu\u00f0i \u00fe\u00ednum \u00fear altari, altari af steinum. \u00de\u00fa m\u00e1tt ekki bera a\u00f0 \u00feeim j\u00e1rnt\u00f3l.<a name=\"6\"><span class=\"versanumer\">6<\/span><\/a>Af \u00f3h\u00f6ggnum steinum skalt \u00fe\u00fa reisa altari Drottins Gu\u00f0s \u00fe\u00edns, og \u00e1 \u00fev\u00ed skalt \u00fe\u00fa f\u00f3rna Drottni Gu\u00f0i \u00fe\u00ednum brennif\u00f3rnum.<a name=\"7\"><span class=\"versanumer\">7<\/span><\/a>Og \u00fe\u00fa skalt sl\u00e1tra heillaf\u00f3rnum og eta \u00fe\u00e6r \u00fear og gle\u00f0jast frammi fyrir Drottni Gu\u00f0i \u00fe\u00ednum.<a name=\"8\"><span class=\"versanumer\">8<\/span><\/a>Og \u00fe\u00fa skalt rita \u00e1 steinana \u00f6ll or\u00f0 \u00feessa l\u00f6gm\u00e1ls mj\u00f6g greinilega.<a name=\"9\"><span class=\"versanumer\">9<\/span><\/a>M\u00f3se og lev\u00edtaprestarnir t\u00f6lu\u00f0u til alls \u00cdsraels og s\u00f6g\u00f0u: Ver hlj\u00f3\u00f0ur og hl\u00fd\u00f0 \u00e1, \u00cdsrael! \u00cd dag ert \u00fe\u00fa or\u00f0inn l\u00fd\u00f0ur Drottins, Gu\u00f0s \u00fe\u00edns.<a name=\"10\"><span class=\"versanumer\">10<\/span><\/a>Fyrir \u00fev\u00ed skalt \u00fe\u00fa hl\u00fd\u00f0a raustu Drottins Gu\u00f0s \u00fe\u00edns og halda skipanir hans og l\u00f6g, sem \u00e9g legg fyrir \u00feig \u00ed dag.<a name=\"11\"><span class=\"versanumer\">11<\/span><\/a>\u00deennan sama dag bau\u00f0 M\u00f3se l\u00fd\u00f0num og sag\u00f0i:<a name=\"12\"><span class=\"versanumer\">12<\/span><\/a>\u00deessir skulu standa \u00e1 Gar\u00eds\u00edmfjalli til \u00feess a\u00f0 blessa l\u00fd\u00f0inn, \u00feegar \u00fe\u00e9r eru\u00f0 komnir yfir J\u00f3rdan: S\u00edmeon, Lev\u00ed, J\u00fada, \u00cdssakar, J\u00f3sef og Benjam\u00edn.<a name=\"13\"><span class=\"versanumer\">13<\/span><\/a>Og \u00feessir skulu standa \u00e1 Ebalfjalli til a\u00f0 l\u00fdsa b\u00f6lvan: R\u00faben, Ga\u00f0, Asser, Seb\u00falon, Dan og Naftal\u00ed.<a name=\"14\"><span class=\"versanumer\">14<\/span><\/a>Lev\u00edtarnir skulu taka til m\u00e1ls og segja me\u00f0 h\u00e1rri raustu vi\u00f0 alla \u00cdsraelsmenn:<a name=\"15\"><span class=\"versanumer\">15<\/span><\/a>B\u00f6lva\u00f0ur er s\u00e1 ma\u00f0ur, sem b\u00fdr til skur\u00f0go\u00f0 e\u00f0a steypt l\u00edkneski, andstygg\u00f0 Drottni, handaverk smi\u00f0s, og reisir \u00fea\u00f0 \u00e1 laun! Og allur l\u00fd\u00f0urinn skal svara: Amen.<a name=\"16\"><span class=\"versanumer\">16<\/span><\/a>B\u00f6lva\u00f0ur er s\u00e1, sem \u00f3vir\u00f0ir f\u00f6\u00f0ur sinn e\u00f0a m\u00f3\u00f0ur s\u00edna! Og allur l\u00fd\u00f0urinn skal segja: Amen.<a name=\"17\"><span class=\"versanumer\">17<\/span><\/a>B\u00f6lva\u00f0ur er s\u00e1, sem f\u00e6rir \u00far sta\u00f0 landamerki n\u00e1unga s\u00edns! Og allur l\u00fd\u00f0urinn skal segja: Amen.<a name=\"18\"><span class=\"versanumer\">18<\/span><\/a>B\u00f6lva\u00f0ur er s\u00e1, sem lei\u00f0ir blindan mann af r\u00e9ttri lei\u00f0! Og allur l\u00fd\u00f0urinn skal segja: Amen.<a name=\"19\"><span class=\"versanumer\">19<\/span><\/a>B\u00f6lva\u00f0ur er s\u00e1, sem hallar r\u00e9tti \u00fatlends manns, muna\u00f0arleysingja e\u00f0a ekkju! Og allur l\u00fd\u00f0urinn skal segja: Amen.<a name=\"20\"><span class=\"versanumer\">20<\/span><\/a>B\u00f6lva\u00f0ur er s\u00e1, sem leggst me\u00f0 konu f\u00f6\u00f0ur s\u00edns, \u00fev\u00ed a\u00f0 hann hefir flett upp \u00e1brei\u00f0u f\u00f6\u00f0ur s\u00edns! Og allur l\u00fd\u00f0urinn skal segja: Amen.<a name=\"21\"><span class=\"versanumer\">21<\/span><\/a>B\u00f6lva\u00f0ur er s\u00e1, sem hefir samlag vi\u00f0 nokkra skepnu! Og allur l\u00fd\u00f0urinn skal segja: Amen.<a name=\"22\"><span class=\"versanumer\">22<\/span><\/a>B\u00f6lva\u00f0ur er s\u00e1, sem leggst me\u00f0 systur sinni, hvort heldur h\u00fan er d\u00f3ttir f\u00f6\u00f0ur hans e\u00f0a d\u00f3ttir m\u00f3\u00f0ur hans! Og allur l\u00fd\u00f0urinn skal segja: Amen.<a name=\"23\"><span class=\"versanumer\">23<\/span><\/a>B\u00f6lva\u00f0ur er s\u00e1, sem leggst me\u00f0 tengdam\u00f3\u00f0ur sinni! Og allur l\u00fd\u00f0urinn skal segja: Amen.<a name=\"24\"><span class=\"versanumer\">24<\/span><\/a>B\u00f6lva\u00f0ur er s\u00e1, sem vegur n\u00e1unga sinn \u00e1 laun! Og allur l\u00fd\u00f0urinn skal segja: Amen.<a name=\"25\"><span class=\"versanumer\">25<\/span><\/a>B\u00f6lva\u00f0ur er s\u00e1, sem l\u00e6tur m\u00fata s\u00e9r til \u00feess a\u00f0 vega saklausan mann! Og allur l\u00fd\u00f0urinn skal segja: Amen.<a name=\"26\"><span class=\"versanumer\">26<\/span><\/a>B\u00f6lva\u00f0ur er s\u00e1, sem eigi heldur \u00ed gildi or\u00f0um \u00feessa l\u00f6gm\u00e1ls me\u00f0 \u00fev\u00ed a\u00f0 breyta eftir \u00feeim! Og allur l\u00fd\u00f0urinn skal segja: Amen.<\/p>\n<div class=\"footnote1981\"><b>27.1<\/b> Fyrirm\u00e6li 5M\u00f3s 4.2+ ; 5.31+<br \/>\n<b>27.3<\/b> Gu\u00f0 fe\u00f0ranna 5M\u00f3s 1.11+ &#8211; \u00f6ll \u00e1kv\u00e6\u00f0i \u00feessa l\u00f6gm\u00e1ls 5M\u00f3s 17.19, 28.58; 29.28; 31.12; 32.46<br \/>\n<b>27.5<\/b> Altari 2M\u00f3s 20.25; J\u00f3s 8.31<br \/>\n<b>27.7<\/b> Gle\u00f0jast 5M\u00f3s 12.7+<br \/>\n<b>27.8<\/b> Sk\u00fdra l\u00f6gm\u00e1li\u00f0 5M\u00f3s 1.5<br \/>\n<b>27.9<\/b> Lev\u00edtaprestar 5M\u00f3s 17.9+ &#8211; allur \u00cdsrael 5M\u00f3s 1.1+ &#8211; hl\u00fd\u00f0 \u00e1, \u00cdsrael 5M\u00f3s 4.1+ &#8211; \u00fej\u00f3\u00f0 Drottins sbr 5M\u00f3s 26.17-19<br \/>\n<b>27.10<\/b> Hl\u00fd\u00f0a r\u00f6dd Drottins 5M\u00f3s 4.30+<br \/>\n<b>27.15<\/b> Steypt l\u00edkneski 3M\u00f3s 19.4+ &#8211; Drottni vi\u00f0urstygg\u00f0 5M\u00f3s 7.25+<br \/>\n<b>27.16<\/b> \u00d3vir\u00f0a foreldra s\u00edna 2M\u00f3s 21.17+ ; sbr 3M\u00f3s 19.3+<br \/>\n<b>27.17<\/b> Landamerki 5M\u00f3s 19.14<br \/>\n<b>27.18<\/b> Hj\u00e1lpa blindum 3M\u00f3s 19.14+<br \/>\n<b>27.19<\/b> Ekki halla r\u00e9tti 5M\u00f3s 16.19; 24.17 \u2013 a\u00f0komuma\u00f0ur, muna\u00f0arleysingi, ekkja 5M\u00f3s 10.18+<br \/>\n<b>27.20<\/b> Me\u00f0 konu f\u00f6\u00f0ur s\u00edns 3M\u00f3s 18.8+<br \/>\n<b>27.21<\/b> Samr\u00e6\u00f0i vi\u00f0 skepnu 3M\u00f3s 18.23+<br \/>\n<b>27.22<\/b> Me\u00f0 systur sinni 3M\u00f3s 18.9+<br \/>\n<b>27.23<\/b> Me\u00f0 tengdam\u00f3\u00f0ur sinni 3M\u00f3s 18.17+<br \/>\n<b>27.24<\/b> Vega 2M\u00f3s 21.12; 3M\u00f3s 24.17; sbr 5M\u00f3s 5.17; 2M\u00f3s 20.13<br \/>\n<b>27.25<\/b> M\u00fata 2M\u00f3s 23.8+ ; sbr 5M\u00f3s 10.17<br \/>\n<b>27.26<\/b> Vir\u00f0a l\u00f6gm\u00e1li\u00f0 2Kon 23.24; Gal 3.10<\/div>\n","protected":false},"excerpt":{"rendered":"<p>1M\u00f3se og \u00f6ldungar \u00cdsraels bu\u00f0u l\u00fd\u00f0num og s\u00f6g\u00f0u: Var\u00f0veiti\u00f0 allar \u00fe\u00e6r skipanir, sem \u00e9g legg fyrir y\u00f0ur \u00ed dag.2Og \u00feegar \u00fe\u00e9r eru\u00f0 komnir yfir J\u00f3rdan inn \u00ed landi\u00f0, sem Drottinn Gu\u00f0 \u00feinn gefur \u00fe\u00e9r, \u00fe\u00e1 skalt \u00fe\u00fa reisa upp st\u00f3ra steina og strj\u00faka \u00fe\u00e1 utan kalki3og rita \u00e1 \u00fe\u00e1 \u00f6ll or\u00f0 l\u00f6gm\u00e1ls \u00feessa, \u00fe\u00e1 er \u00fe\u00fa ert kominn yfir um, til \u00feess a\u00f0 \u00fe\u00fa komist inn \u00ed landi\u00f0, sem Drottinn Gu\u00f0 \u00feinn gefur \u00fe\u00e9r, land sem fl\u00fdtur \u00ed mj\u00f3lk og hunangi, eins og Drottinn, Gu\u00f0 fe\u00f0ra \u00feinna, hefir heiti\u00f0 \u00fe\u00e9r.4Og \u00feegar \u00fe\u00e9r eru\u00f0 komnir yfir J\u00f3rdan, \u00fe\u00e1 skulu\u00f0 \u00fe\u00e9r reisa <a href=\"https:\/\/biblian.is\/1981\/fimmta-mosebok-27-kafli\/\"> [&#8230;]<\/a><\/p>\n","protected":false},"author":1,"featured_media":0,"parent":0,"menu_order":0,"comment_status":"open","ping_status":"open","template":"bibliukaflar.php","meta":{"footnotes":""},"class_list":["post-1526","page","type-page","status-publish","hentry"],"_links":{"self":[{"href":"https:\/\/biblian.is\/1981\/wp-json\/wp\/v2\/pages\/1526","targetHints":{"allow":["GET"]}}],"collection":[{"href":"https:\/\/biblian.is\/1981\/wp-json\/wp\/v2\/pages"}],"about":[{"href":"https:\/\/biblian.is\/1981\/wp-json\/wp\/v2\/types\/page"}],"author":[{"embeddable":true,"href":"https:\/\/biblian.is\/1981\/wp-json\/wp\/v2\/users\/1"}],"replies":[{"embeddable":true,"href":"https:\/\/biblian.is\/1981\/wp-json\/wp\/v2\/comments?post=1526"}],"version-history":[{"count":0,"href":"https:\/\/biblian.is\/1981\/wp-json\/wp\/v2\/pages\/1526\/revisions"}],"wp:attachment":[{"href":"https:\/\/biblian.is\/1981\/wp-json\/wp\/v2\/media?parent=1526"}],"curies":[{"name":"wp","href":"https:\/\/api.w.org\/{rel}","templated":true}]}}