{"id":1519,"date":"2017-11-18T20:17:37","date_gmt":"2017-11-18T20:17:37","guid":{"rendered":"http:\/\/biblian.is\/1981\/fimmta-mosebok-20-kafli\/"},"modified":"2021-06-06T10:51:13","modified_gmt":"2021-06-06T10:51:13","slug":"fimmta-mosebok-20-kafli","status":"publish","type":"page","link":"https:\/\/biblian.is\/1981\/fimmta-mosebok-20-kafli\/","title":{"rendered":"Fimmta M\u00f3seb\u00f3k 20. kafli"},"content":{"rendered":"<p><a name=\"1\"><span class=\"versanumer\">1<\/span><\/a>\u00deegar \u00fe\u00fa fer \u00ed herna\u00f0 vi\u00f0 \u00f3vini \u00fe\u00edna og \u00fe\u00fa s\u00e9r hesta og vagna og li\u00f0fleiri her en \u00fe\u00fa ert, \u00fe\u00e1 skalt \u00fe\u00fa ekki \u00f3ttast \u00fe\u00e1, \u00fev\u00ed a\u00f0 Drottinn Gu\u00f0 \u00feinn er me\u00f0 \u00fe\u00e9r, hann sem leiddi \u00feig burt af Egyptalandi.<a name=\"2\"><span class=\"versanumer\">2<\/span><\/a>Og \u00feegar a\u00f0 \u00fev\u00ed er komi\u00f0, a\u00f0 \u00fe\u00e9r leggi\u00f0 til orustu, \u00fe\u00e1 skal presturinn ganga fram og m\u00e6la til l\u00fd\u00f0sins<a name=\"3\"><span class=\"versanumer\">3<\/span><\/a>og segja vi\u00f0 \u00fe\u00e1: Heyr, \u00cdsrael! \u00de\u00e9r leggi\u00f0 \u00ed dag til orustu vi\u00f0 \u00f3vini y\u00f0ar. L\u00e1ti\u00f0 ekki hugfallast, \u00f3ttist ekki, skelfist ekki og hr\u00e6\u00f0ist \u00fe\u00e1 ekki,<a name=\"4\"><span class=\"versanumer\">4<\/span><\/a>\u00fev\u00ed a\u00f0 Drottinn Gu\u00f0 y\u00f0ar fer me\u00f0 y\u00f0ur til \u00feess a\u00f0 berjast fyrir y\u00f0ur vi\u00f0 \u00f3vini y\u00f0ar og veita y\u00f0ur fulltingi.<a name=\"5\"><span class=\"versanumer\">5<\/span><\/a>\u00dev\u00ed n\u00e6st skulu tilsj\u00f3narmennirnir m\u00e6la til l\u00fd\u00f0sins og segja: Hver s\u00e1 ma\u00f0ur, er reist hefir n\u00fdtt h\u00fas, en hefir ekki v\u00edgt \u00fea\u00f0, skal fara og sn\u00faa heim aftur, svo a\u00f0 hann falli ekki \u00ed orustunni og annar ma\u00f0ur v\u00edgi \u00fea\u00f0.<a name=\"6\"><span class=\"versanumer\">6<\/span><\/a>Hver s\u00e1 ma\u00f0ur, sem planta\u00f0 hefir v\u00edngar\u00f0, en hefir engar hans nytjar haft, skal fara og sn\u00faa heim aftur, svo a\u00f0 hann falli ekki \u00ed orustunni og annar ma\u00f0ur hafi hans not.<a name=\"7\"><span class=\"versanumer\">7<\/span><\/a>Hver s\u00e1 ma\u00f0ur, er fastna\u00f0 hefir s\u00e9r konu, en hefir ekki enn gengi\u00f0 a\u00f0 eiga hana, skal fara og sn\u00faa heim aftur, svo a\u00f0 hann falli ekki \u00ed orustunni og annar ma\u00f0ur gangi a\u00f0 eiga hana.<a name=\"8\"><span class=\"versanumer\">8<\/span><\/a>Enn fremur skulu tilsj\u00f3narmennirnir m\u00e6la til l\u00fd\u00f0sins og segja: Hver s\u00e1 ma\u00f0ur, sem hr\u00e6ddur er og hugdeigur, skal fara og sn\u00faa heim aftur, svo a\u00f0 br\u00e6\u00f0rum hans fallist ekki hugur eins og honum.<a name=\"9\"><span class=\"versanumer\">9<\/span><\/a>Og er tilsj\u00f3narmennirnir hafa loki\u00f0 \u00fev\u00ed a\u00f0 m\u00e6la til l\u00fd\u00f0sins, skal skipa hersh\u00f6f\u00f0ingja yfir li\u00f0i\u00f0.<a name=\"10\"><span class=\"versanumer\">10<\/span><\/a>\u00deegar \u00fe\u00fa b\u00fdst til a\u00f0 herja \u00e1 borg, \u00fe\u00e1 skalt \u00fe\u00fa bj\u00f3\u00f0a henni fri\u00f0.<a name=\"11\"><span class=\"versanumer\">11<\/span><\/a>Og ef h\u00fan veitir fri\u00f0samleg andsv\u00f6r og l\u00fdkur upp fyrir \u00fe\u00e9r, \u00fe\u00e1 skal allur l\u00fd\u00f0urinn, sem \u00ed henni finnst, vera \u00fe\u00e9r \u00e1nau\u00f0ugur og \u00fej\u00f3na \u00fe\u00e9r.<a name=\"12\"><span class=\"versanumer\">12<\/span><\/a>En vilji h\u00fan ekki gj\u00f6ra fri\u00f0 vi\u00f0 \u00feig, heldur eiga \u00f3fri\u00f0 vi\u00f0 \u00feig, \u00fe\u00e1 skalt \u00fe\u00fa setjast um hana,<a name=\"13\"><span class=\"versanumer\">13<\/span><\/a>og \u00feegar Drottinn Gu\u00f0 \u00feinn gefur hana \u00ed hendur \u00fe\u00e9r, skalt \u00fe\u00fa dey\u00f0a me\u00f0 sver\u00f0seggjum allt karlkyn, sem \u00ed henni er,<a name=\"14\"><span class=\"versanumer\">14<\/span><\/a>en konum, b\u00f6rnum og f\u00e9na\u00f0i og \u00f6llu, sem er \u00ed borginni, \u00f6llu herfanginu, m\u00e1tt \u00fe\u00fa r\u00e6na handa \u00fe\u00e9r og neyta herfangs \u00f3vina \u00feinna, \u00feess er Drottinn Gu\u00f0 \u00feinn gefur \u00fe\u00e9r.<a name=\"15\"><span class=\"versanumer\">15<\/span><\/a>Svo skalt \u00fe\u00fa fara me\u00f0 allar \u00fe\u00e6r borgir, sem eru mj\u00f6g \u00ed fjarska vi\u00f0 \u00feig og ekki eru af borgum \u00feessara \u00fej\u00f3\u00f0a.<a name=\"16\"><span class=\"versanumer\">16<\/span><\/a>En \u00ed borgum \u00feessara \u00fej\u00f3\u00f0a, sem Drottinn Gu\u00f0 \u00feinn gefur \u00fe\u00e9r til eignar, skalt \u00fe\u00fa enga mannss\u00e1l l\u00e1ta l\u00edfi halda.<a name=\"17\"><span class=\"versanumer\">17<\/span><\/a>Miklu fremur skalt \u00fe\u00fa gj\u00f6rey\u00f0a \u00feeim: Het\u00edtum, Amor\u00edtum, Kanaan\u00edtum, Peres\u00edtum, Hev\u00edtum og Jeb\u00fas\u00edtum, eins og Drottinn Gu\u00f0 \u00feinn hefir fyrir \u00feig lagt,<a name=\"18\"><span class=\"versanumer\">18<\/span><\/a>til \u00feess a\u00f0 \u00feeir kenni y\u00f0ur ekki a\u00f0 taka upp allar \u00fe\u00e6r sv\u00edvir\u00f0ingar, er \u00feeir hafa \u00ed frammi haft gu\u00f0um s\u00ednum til vegsemdar, og \u00fe\u00e9r syndgi\u00f0 gegn Drottni Gu\u00f0i y\u00f0ar.<a name=\"19\"><span class=\"versanumer\">19<\/span><\/a>\u00deegar \u00fe\u00fa ver\u00f0ur a\u00f0 sitja lengi um einhverja borg til \u00feess a\u00f0 taka hana herskildi, \u00fe\u00e1 skalt \u00fe\u00fa ekki spilla trj\u00e1m hennar me\u00f0 \u00fev\u00ed a\u00f0 bera a\u00f0 \u00feeim exi, \u00fev\u00ed a\u00f0 \u00fe\u00fa getur eti\u00f0 af \u00feeim aldinin, og \u00fe\u00fa skalt ekki h\u00f6ggva \u00feau, \u00fev\u00ed a\u00f0 hvort munu tr\u00e9 merkurinnar vera menn, svo a\u00f0 \u00feau \u00feurfi a\u00f0 vera \u00ed ums\u00e1t \u00feinni?<a name=\"20\"><span class=\"versanumer\">20<\/span><\/a>\u00deau tr\u00e9 ein, er \u00fe\u00fa veist a\u00f0 eigi bera \u00e6t aldin, \u00feeim m\u00e1tt \u00fe\u00fa spilla og h\u00f6ggva \u00feau til \u00feess a\u00f0 reisa \u00far \u00feeim hervirki gegn borg \u00feeirri, er \u00e1 \u00ed \u00f3fri\u00f0i vi\u00f0 \u00feig, uns h\u00fan fellur.<\/p>\n<div class=\"footnote1981\"><b>20.1<\/b> \u00d3vinurinn betur vopna\u00f0ur J\u00f3s 17.16; D\u00f3m 1.19 \u2013 ekki \u00f3ttast \u00f3vininn 5M\u00f3s 3.2+ &#8211; Drottinn er me\u00f0 \u00fe\u00e9r 5M\u00f3s 31.23; 2M\u00f3s 3.12; J\u00f3s 1.5; 3.7; sbr 5M\u00f3s 1.42; 31.8; J\u00f3s 1.9,17; 6.27<br \/>\n<b>20.3<\/b> L\u00e1ti\u00f0 ekki hugfallast 5M\u00f3s 1.29+ &#8211; heyr \u00cdsrael 5M\u00f3s 4.1+<br \/>\n<b>20.4<\/b> Drottinn berst fyrir \u00cdsrael 5M\u00f3s 3.22+<br \/>\n<b>20.5<\/b> N\u00fdtt h\u00fas 5M\u00f3s 28.30; sbr L\u00fak 14.18-20<br \/>\n<b>20.7<\/b> Heitmey 5M\u00f3s 28.30<br \/>\n<b>20.8<\/b> Hr\u00e6ddur D\u00f3m 7.3<br \/>\n<b>20.10<\/b> Bj\u00f3\u00f0a fri\u00f0 D\u00f3m 21.13<br \/>\n<b>20.11<\/b> Vinna  kva\u00f0avinnu J\u00f3s 9.18-27; 16.10; D\u00f3m 1.28-35; 1Kon 9.21<br \/>\n<b>20.13<\/b> Allt karlkyn 4M\u00f3s 31.7<br \/>\n<b>20.14<\/b> R\u00e1nsfengur 5M\u00f3s 2.35+<br \/>\n<b>20.16<\/b> A\u00f0 erf\u00f0ahluta 5M\u00f3s 3.20+<br \/>\n<b>20.18<\/b> For\u00f0ast venjur Kanaan\u00edta 3M\u00f3s 18.3+<\/div>\n","protected":false},"excerpt":{"rendered":"<p>1\u00deegar \u00fe\u00fa fer \u00ed herna\u00f0 vi\u00f0 \u00f3vini \u00fe\u00edna og \u00fe\u00fa s\u00e9r hesta og vagna og li\u00f0fleiri her en \u00fe\u00fa ert, \u00fe\u00e1 skalt \u00fe\u00fa ekki \u00f3ttast \u00fe\u00e1, \u00fev\u00ed a\u00f0 Drottinn Gu\u00f0 \u00feinn er me\u00f0 \u00fe\u00e9r, hann sem leiddi \u00feig burt af Egyptalandi.2Og \u00feegar a\u00f0 \u00fev\u00ed er komi\u00f0, a\u00f0 \u00fe\u00e9r leggi\u00f0 til orustu, \u00fe\u00e1 skal presturinn ganga fram og m\u00e6la til l\u00fd\u00f0sins3og segja vi\u00f0 \u00fe\u00e1: Heyr, \u00cdsrael! \u00de\u00e9r leggi\u00f0 \u00ed dag til orustu vi\u00f0 \u00f3vini y\u00f0ar. L\u00e1ti\u00f0 ekki hugfallast, \u00f3ttist ekki, skelfist ekki og hr\u00e6\u00f0ist \u00fe\u00e1 ekki,4\u00fev\u00ed a\u00f0 Drottinn Gu\u00f0 y\u00f0ar fer me\u00f0 y\u00f0ur til \u00feess a\u00f0 berjast fyrir y\u00f0ur vi\u00f0 \u00f3vini <a href=\"https:\/\/biblian.is\/1981\/fimmta-mosebok-20-kafli\/\"> [&#8230;]<\/a><\/p>\n","protected":false},"author":1,"featured_media":0,"parent":0,"menu_order":0,"comment_status":"open","ping_status":"open","template":"bibliukaflar.php","meta":{"footnotes":""},"class_list":["post-1519","page","type-page","status-publish","hentry"],"_links":{"self":[{"href":"https:\/\/biblian.is\/1981\/wp-json\/wp\/v2\/pages\/1519","targetHints":{"allow":["GET"]}}],"collection":[{"href":"https:\/\/biblian.is\/1981\/wp-json\/wp\/v2\/pages"}],"about":[{"href":"https:\/\/biblian.is\/1981\/wp-json\/wp\/v2\/types\/page"}],"author":[{"embeddable":true,"href":"https:\/\/biblian.is\/1981\/wp-json\/wp\/v2\/users\/1"}],"replies":[{"embeddable":true,"href":"https:\/\/biblian.is\/1981\/wp-json\/wp\/v2\/comments?post=1519"}],"version-history":[{"count":0,"href":"https:\/\/biblian.is\/1981\/wp-json\/wp\/v2\/pages\/1519\/revisions"}],"wp:attachment":[{"href":"https:\/\/biblian.is\/1981\/wp-json\/wp\/v2\/media?parent=1519"}],"curies":[{"name":"wp","href":"https:\/\/api.w.org\/{rel}","templated":true}]}}