{"id":1511,"date":"2017-11-18T20:17:37","date_gmt":"2017-11-18T20:17:37","guid":{"rendered":"http:\/\/biblian.is\/1981\/fimmta-mosebok-12-kafli\/"},"modified":"2021-06-06T10:51:09","modified_gmt":"2021-06-06T10:51:09","slug":"fimmta-mosebok-12-kafli","status":"publish","type":"page","link":"https:\/\/biblian.is\/1981\/fimmta-mosebok-12-kafli\/","title":{"rendered":"Fimmta M\u00f3seb\u00f3k 12. kafli"},"content":{"rendered":"<p><a name=\"1\"><span class=\"versanumer\">1<\/span><\/a>\u00deetta eru l\u00f6g \u00feau og \u00e1kv\u00e6\u00f0i, sem \u00fe\u00e9r skulu\u00f0 g\u00e6ta a\u00f0 breyta eftir \u00ed landi \u00fev\u00ed, sem Drottinn, Gu\u00f0 fe\u00f0ra \u00feinna, gefur \u00fe\u00e9r til eignar, alla \u00fe\u00e1 daga sem \u00fe\u00e9r lifi\u00f0 \u00e1 j\u00f6r\u00f0inni.<a name=\"2\"><span class=\"versanumer\">2<\/span><\/a>\u00de\u00e9r skulu\u00f0 gj\u00f6rey\u00f0a alla \u00fe\u00e1 sta\u00f0i, \u00fear sem \u00fej\u00f3\u00f0irnar, er \u00fe\u00e9r leggi\u00f0 undir y\u00f0ur, hafa d\u00fdrka\u00f0 gu\u00f0i s\u00edna, \u00e1 h\u00e1um fj\u00f6llum, \u00e1 h\u00e6\u00f0um og undir hverju gr\u00e6nu tr\u00e9.<a name=\"3\"><span class=\"versanumer\">3<\/span><\/a>\u00de\u00e9r skulu\u00f0 r\u00edfa ni\u00f0ur \u00f6lturu \u00feeirra, brj\u00f3ta \u00ed sundur merkissteina \u00feeirra, brenna as\u00e9rur \u00feeirra \u00ed eldi, h\u00f6ggva sundur skur\u00f0l\u00edkneski gu\u00f0a \u00feeirra og afm\u00e1 nafn \u00feeirra \u00far \u00feeim sta\u00f0.<a name=\"4\"><span class=\"versanumer\">4<\/span><\/a>Eigi skulu\u00f0 \u00fe\u00e9r svo breyta vi\u00f0 Drottin Gu\u00f0 y\u00f0ar,<a name=\"5\"><span class=\"versanumer\">5<\/span><\/a>heldur skulu\u00f0 \u00fe\u00e9r leita til \u00feess sta\u00f0ar, sem Drottinn Gu\u00f0 y\u00f0ar mun til velja \u00far \u00f6llum kynkv\u00edslum y\u00f0ar til \u00feess a\u00f0 l\u00e1ta nafn sitt b\u00faa \u00fear, og \u00feanga\u00f0 skalt \u00fe\u00fa fara.<a name=\"6\"><span class=\"versanumer\">6<\/span><\/a>\u00deanga\u00f0 skulu\u00f0 \u00fe\u00e9r f\u00e6ra brennif\u00f3rnir y\u00f0ar og sl\u00e1turf\u00f3rnir, t\u00edundir y\u00f0ar og \u00fea\u00f0, sem \u00fe\u00e9r f\u00e6ri\u00f0 a\u00f0 f\u00f3rnargj\u00f6f, heitf\u00f3rnir y\u00f0ar og sj\u00e1lfviljaf\u00f3rnir, og frumbur\u00f0i nautgripa y\u00f0ar og sau\u00f0f\u00e9na\u00f0ar.<a name=\"7\"><span class=\"versanumer\">7<\/span><\/a>Og \u00fear skulu\u00f0 \u00fe\u00e9r halda f\u00f3rnarm\u00e1lt\u00ed\u00f0 frammi fyrir Drottni Gu\u00f0i y\u00f0ar og gle\u00f0ja y\u00f0ur \u00e1samt fj\u00f6lskyldum y\u00f0ar yfir \u00f6llu \u00fev\u00ed, er \u00fe\u00e9r hafi\u00f0 afla\u00f0, yfir \u00fev\u00ed, sem Drottinn Gu\u00f0 \u00feinn hefir blessa\u00f0 \u00feig me\u00f0.<a name=\"8\"><span class=\"versanumer\">8<\/span><\/a>\u00de\u00e9r megi\u00f0 ekki heg\u00f0a y\u00f0ur \u00fe\u00e1 eins og v\u00e9r heg\u00f0um oss h\u00e9r n\u00fa, er hver gj\u00f6rir \u00fea\u00f0, sem honum gott \u00feykir,<a name=\"9\"><span class=\"versanumer\">9<\/span><\/a>\u00fev\u00ed a\u00f0 \u00fe\u00e9r eru\u00f0 ekki enn komnir \u00e1 hv\u00edldarsta\u00f0inn n\u00e9 til arfleif\u00f0arinnar, sem Drottinn Gu\u00f0 \u00feinn gefur \u00fe\u00e9r.<a name=\"10\"><span class=\"versanumer\">10<\/span><\/a>En \u00feegar \u00fe\u00e9r eru\u00f0 komnir yfir J\u00f3rdan og hafi\u00f0 setst a\u00f0 \u00ed landinu, sem Drottinn Gu\u00f0 y\u00f0ar l\u00e6tur y\u00f0ur f\u00e1 til eignar, og \u00feegar hann hefir veitt y\u00f0ur fri\u00f0 fyrir \u00f6llum \u00f3vinum y\u00f0ar allt \u00ed kring og \u00fe\u00e9r b\u00fai\u00f0 \u00f3hultir,<a name=\"11\"><span class=\"versanumer\">11<\/span><\/a>\u00fe\u00e1 skal s\u00e1 sta\u00f0ur, er Drottinn Gu\u00f0 y\u00f0ar velur til \u00feess a\u00f0 l\u00e1ta nafn sitt b\u00faa \u00fear, vera sta\u00f0urinn, sem \u00fe\u00e9r f\u00e6ri\u00f0 til allt sem \u00e9g b\u00fd\u00f0 y\u00f0ur: brennif\u00f3rnir y\u00f0ar og sl\u00e1turf\u00f3rnir, t\u00edundir y\u00f0ar og \u00fea\u00f0 sem \u00fe\u00e9r f\u00e6ri\u00f0 a\u00f0 f\u00f3rnargj\u00f6f og allar \u00fatvaldar heitf\u00f3rnir y\u00f0ar, er \u00fe\u00e9r heiti\u00f0 Drottni.<a name=\"12\"><span class=\"versanumer\">12<\/span><\/a>Og \u00fe\u00e9r skulu\u00f0 gle\u00f0jast frammi fyrir Drottni Gu\u00f0i y\u00f0ar, \u00fe\u00e9r og synir y\u00f0ar og d\u00e6tur, \u00fer\u00e6lar y\u00f0ar og amb\u00e1ttir, \u00e1samt lev\u00edtunum, sem eru innan borgarhli\u00f0a y\u00f0ar, \u00fev\u00ed a\u00f0 \u00feeir hafa eigi hlutskipti n\u00e9 \u00f3\u00f0al me\u00f0 y\u00f0ur.<a name=\"13\"><span class=\"versanumer\">13<\/span><\/a>G\u00e6t \u00fe\u00edn, a\u00f0 \u00fe\u00fa f\u00f3rnir ekki brennif\u00f3rnum \u00fe\u00ednum \u00e1 hverjum \u00feeim sta\u00f0, er \u00fe\u00e9r r\u00e6\u00f0ur vi\u00f0 a\u00f0 horfa,<a name=\"14\"><span class=\"versanumer\">14<\/span><\/a>heldur \u00e1 \u00feeim sta\u00f0, er Drottinn velur \u00ed einhverri af kynkv\u00edslum \u00fe\u00ednum. \u00dear skalt \u00fe\u00fa f\u00f3rna brennif\u00f3rnum \u00fe\u00ednum og \u00fear skalt \u00fe\u00fa gj\u00f6ra allt \u00fea\u00f0, sem \u00e9g b\u00fd\u00f0 \u00fe\u00e9r.<a name=\"15\"><span class=\"versanumer\">15<\/span><\/a>\u00de\u00f3 m\u00e1tt \u00fe\u00fa sl\u00e1tra og eta kj\u00f6t eftir eigin vild \u00feinni innan allra borgarhli\u00f0a \u00feinna, eftir \u00feeirri blessun, er Drottinn Gu\u00f0 \u00feinn gefur \u00fe\u00e9r. B\u00e6\u00f0i \u00f3hreinn ma\u00f0ur og hreinn mega eta \u00fea\u00f0, sem v\u00e6ri \u00fea\u00f0 sk\u00f3gargeit e\u00f0a hj\u00f6rtur.<a name=\"16\"><span class=\"versanumer\">16<\/span><\/a>&#8222;A\u00f0eins megi\u00f0 \u00fe\u00e9r ekki eta bl\u00f3\u00f0i\u00f0; \u00fe\u00fa skalt hella \u00fev\u00ed \u00e1 j\u00f6r\u00f0ina sem vatni.&#8220;<a name=\"17\"><span class=\"versanumer\">17<\/span><\/a>\u00de\u00fa m\u00e1tt eigi eta innan borgarhli\u00f0a \u00feinna t\u00edund af korni \u00fe\u00ednu, aldinlegi \u00fe\u00ednum og ol\u00edu \u00feinni, n\u00e9 frumbur\u00f0i nautgripa \u00feinna og sau\u00f0f\u00e9na\u00f0ar, n\u00e9 nokku\u00f0 af heitf\u00f3rnum \u00fe\u00ednum, er \u00fe\u00fa hefir heiti\u00f0, n\u00e9 sj\u00e1lfviljaf\u00f3rnir \u00fe\u00ednar, n\u00e9 nokku\u00f0, sem \u00fe\u00fa f\u00e6rir a\u00f0 f\u00f3rnargj\u00f6f,<a name=\"18\"><span class=\"versanumer\">18<\/span><\/a>heldur skalt \u00fe\u00fa eta \u00fea\u00f0 frammi fyrir Drottni Gu\u00f0i \u00fe\u00ednum, \u00e1 \u00feeim sta\u00f0, sem Drottinn Gu\u00f0 \u00feinn velur, \u00fe\u00fa og sonur \u00feinn og d\u00f3ttir \u00fe\u00edn og \u00fer\u00e6ll \u00feinn og amb\u00e1tt \u00fe\u00edn og lev\u00edtinn, sem er innan borgarhli\u00f0a \u00feinna, og \u00fe\u00fa skalt gle\u00f0jast frammi fyrir Drottni Gu\u00f0i \u00fe\u00ednum yfir \u00f6llu \u00fev\u00ed, sem \u00fe\u00fa hefir afla\u00f0.<a name=\"19\"><span class=\"versanumer\">19<\/span><\/a>G\u00e6t \u00fe\u00edn, a\u00f0 \u00fe\u00fa setjir ekki lev\u00edtana hj\u00e1 alla \u00fe\u00e1 daga, sem \u00fe\u00fa lifir \u00ed landi \u00fe\u00ednu.<a name=\"20\"><span class=\"versanumer\">20<\/span><\/a>\u00deegar Drottinn Gu\u00f0 \u00feinn f\u00e6rir \u00fat landamerki \u00fe\u00edn, eins og hann hefir heiti\u00f0 \u00fe\u00e9r, og \u00fe\u00fa segir: \u00c9g vil eta kj\u00f6t! af \u00fev\u00ed a\u00f0 \u00feig lystir a\u00f0 eta kj\u00f6t, \u00fe\u00e1 m\u00e1tt \u00fe\u00fa eta kj\u00f6t, eins og \u00feig lystir.<a name=\"21\"><span class=\"versanumer\">21<\/span><\/a>Ef s\u00e1 sta\u00f0ur, sem Drottinn Gu\u00f0 \u00feinn velur til \u00feess a\u00f0 l\u00e1ta nafn sitt b\u00faa \u00fear, er mj\u00f6g langt \u00ed burtu fr\u00e1 \u00fe\u00e9r, \u00fe\u00e1 skalt \u00fe\u00fa sl\u00e1tra af nautum \u00fe\u00ednum og sau\u00f0um, sem Drottinn hefir gefi\u00f0 \u00fe\u00e9r, eins og \u00e9g hefi fyrir \u00feig lagt, og \u00fe\u00fa skalt eta \u00fea\u00f0 innan borgarhli\u00f0a \u00feinna eins og \u00feig lystir.<a name=\"22\"><span class=\"versanumer\">22<\/span><\/a>&#8222;A\u00f0eins skalt \u00fe\u00fa eta \u00fea\u00f0 eins og menn eta sk\u00f3gargeit e\u00f0a hj\u00f6rt; b\u00e6\u00f0i \u00f3hreinn ma\u00f0ur og hreinn mega eta \u00fea\u00f0.&#8220;<a name=\"23\"><span class=\"versanumer\">23<\/span><\/a>\u00de\u00f3 skalt \u00fe\u00fa varast \u00fea\u00f0 grandg\u00e6filega a\u00f0 neyta bl\u00f3\u00f0sins, \u00fev\u00ed a\u00f0 bl\u00f3\u00f0i\u00f0 er l\u00edfi\u00f0, og \u00fe\u00fa skalt ekki eta l\u00edfi\u00f0 me\u00f0 kj\u00f6tinu.<a name=\"24\"><span class=\"versanumer\">24<\/span><\/a>\u00de\u00fa skalt ekki neyta \u00feess, \u00fe\u00fa skalt hella \u00fev\u00ed \u00e1 j\u00f6r\u00f0ina sem vatni.<a name=\"25\"><span class=\"versanumer\">25<\/span><\/a>\u00de\u00fa skalt ekki neyta \u00feess, svo a\u00f0 \u00fe\u00e9r vegni vel og b\u00f6rnum \u00fe\u00ednum eftir \u00feig, er \u00fe\u00fa gj\u00f6rir \u00fea\u00f0 sem r\u00e9tt er \u00ed augum Drottins.<a name=\"26\"><span class=\"versanumer\">26<\/span><\/a>En helgigjafir \u00fe\u00ednar, \u00fe\u00e6r er \u00fe\u00e9r ber a\u00f0 f\u00e6ra, og heitf\u00f3rnir \u00fe\u00ednar skalt \u00fe\u00fa taka og fara me\u00f0 \u00fe\u00e6r til \u00feess sta\u00f0ar, sem Drottinn velur.<a name=\"27\"><span class=\"versanumer\">27<\/span><\/a>Og \u00fe\u00fa skalt fram bera brennif\u00f3rnir \u00fe\u00ednar, kj\u00f6ti\u00f0 og bl\u00f3\u00f0i\u00f0, \u00e1 altari Drottins Gu\u00f0s \u00fe\u00edns, og bl\u00f3\u00f0inu \u00far sl\u00e1turf\u00f3rnum \u00fe\u00ednum skal hella \u00e1 altari Drottins Gu\u00f0s \u00fe\u00edns, en kj\u00f6ti\u00f0 skalt \u00fe\u00fa eta.<a name=\"28\"><span class=\"versanumer\">28<\/span><\/a>Var\u00f0veit \u00fe\u00fa og hl\u00fd\u00f0 \u00fe\u00fa \u00f6llum \u00feessum bo\u00f0or\u00f0um, sem \u00e9g legg fyrir \u00feig, svo a\u00f0 \u00fe\u00e9r vegni vel og b\u00f6rnum \u00fe\u00ednum eftir \u00feig \u00e6vinlega, er \u00fe\u00fa gj\u00f6rir \u00fea\u00f0, sem gott er og r\u00e9tt \u00ed augum Drottins Gu\u00f0s \u00fe\u00edns.<a name=\"29\"><span class=\"versanumer\">29<\/span><\/a>\u00deegar Drottinn Gu\u00f0 \u00feinn uppr\u00e6tir \u00fe\u00e6r \u00fej\u00f3\u00f0ir fyrir \u00fe\u00e9r, er \u00fe\u00fa heldur n\u00fa til, til \u00feess a\u00f0 leggja \u00fe\u00e6r undir \u00feig, og er \u00fe\u00fa hefir lagt \u00fe\u00e6r undir \u00feig og ert setstur a\u00f0 \u00ed landi \u00feeirra,<a name=\"30\"><span class=\"versanumer\">30<\/span><\/a>\u00fe\u00e1 g\u00e6t \u00fe\u00edn, a\u00f0 \u00fe\u00fa freistist ekki til \u00feess a\u00f0 taka upp si\u00f0u \u00feeirra, eftir a\u00f0 \u00feeir eru eyddir burt fr\u00e1 \u00fe\u00e9r, og a\u00f0 \u00fe\u00fa farir ekki a\u00f0 spyrjast fyrir um gu\u00f0i \u00feeirra og segja: Hvernig d\u00fdrku\u00f0u \u00feessar \u00fej\u00f3\u00f0ir gu\u00f0i s\u00edna, svo a\u00f0 \u00e9g geti og fari\u00f0 eins a\u00f0?<a name=\"31\"><span class=\"versanumer\">31<\/span><\/a>\u00de\u00fa skalt eigi breyta svo vi\u00f0 Drottin Gu\u00f0 \u00feinn, \u00fev\u00ed a\u00f0 allt sem andstyggilegt er Drottni, \u00fea\u00f0 er hann hatar, hafa \u00fe\u00e6r gj\u00f6rt til hei\u00f0urs gu\u00f0um s\u00ednum, \u00fev\u00ed a\u00f0 jafnvel sonu s\u00edna og d\u00e6tur hafa \u00fe\u00e6r brennt \u00ed eldi til hei\u00f0urs gu\u00f0um s\u00ednum.<a name=\"32\"><span class=\"versanumer\">32<\/span><\/a>\u00de\u00e9r skulu\u00f0 g\u00e6ta \u00feess a\u00f0 halda \u00f6ll \u00feau bo\u00f0or\u00f0, sem \u00e9g legg fyrir y\u00f0ur. \u00de\u00fa skalt engu auka vi\u00f0 \u00feau n\u00e9 heldur draga nokku\u00f0 undan.<\/p>\n<div class=\"footnote1981\"><b>12.1<\/b> Gu\u00f0 fe\u00f0ranna 5M\u00f3s 1.11+ &#8211; fylgja 5M\u00f3s 5.1+<br \/>\n<b>12.2<\/b> H\u00f3lar og gr\u00e6n tr\u00e9 2Kon 16.4; 17.10; Jer 2.20; 3.6; Esk 6.13; sbr Jes 57.5<br \/>\n<b>12.3<\/b> Skur\u00f0go\u00f0ad\u00fdrkun 5M\u00f3s 7.5+<br \/>\n<b>12.5<\/b> Gu\u00f0 velur 5M\u00f3s 15.20; 16.16; 17.8; 31.11; J\u00f3s 9.27 \u2013 nafn sitt 5M\u00f3s 12.5-27; 14.23-24; 16.2,16; sbr 1Kon 9.3; 11.36; Esr 6.12; Neh 1.9; Jer 7.12<br \/>\n<b>12.6<\/b> Gefa Drottni (f\u00f3rn) S\u00edr 35.12<br \/>\n<b>12.7<\/b> F\u00f3rnarm\u00e1lt\u00ed\u00f0 5M\u00f3s 12.18; 14.23,26; 15.20 \u2013 gle\u00f0jast 5M\u00f3s 12.18; 14.26; 16.11,14<br \/>\n<b>12.9-10<\/b> Hv\u00edld 5M\u00f3s 3.20+ &#8211; fri\u00f0ur fyrir \u00f3vinum 5M\u00f3s 25.19; 2Sam 7.1<br \/>\n<b>12.11<\/b> \u00c9g b\u00fd\u00f0 ykkur 5M\u00f3s 4.2+<br \/>\n<b>12.12<\/b> Lev\u00edtar 5M\u00f3s 33.8-11 \u2013 erf\u00f0aland 4 M\u00f3s 18.20+<br \/>\n<b>12.15<\/b> Sl\u00e1tra d\u00fdrum 5M\u00f3s 12.21; sbr 3M\u00f3s 17.3-4<br \/>\n<b>12.16<\/b> Bl\u00f3\u00f0 5M\u00f3s 12.23; 1M\u00f3s 9.4; 3M\u00f3s 3.17; Post 15.29 \u2013 bl\u00f3\u00f0 d\u00fdra 3M\u00f3s 17.13+<br \/>\n<b>12.17-19<\/b> T\u00edund 5M\u00f3s 14.22-29<br \/>\n<b>12.19<\/b> Umhyggja fyrir lev\u00edtum 5M\u00f3s 14.27; sbr 26.12<br \/>\n<b>12.23<\/b> Bl\u00f3\u00f0i\u00f0 er l\u00edfi\u00f0 3M\u00f3s 17.11+<br \/>\n<b>12.25<\/b> A\u00f0 \u00fe\u00e9r vegni vel 5M\u00f3s 4.40+ &#8211; gera r\u00e9tt 5M\u00f3s 6.18+<br \/>\n<b>12.28<\/b> \u00c9g set \u00fe\u00e9r 5M\u00f3s 4.2+<br \/>\n<b>12.29<\/b> Land til eignar 5M\u00f3s 1.21+ &#8211; til a\u00f0 vinna 5M\u00f3s 4.38+<br \/>\n<b>12.30<\/b> \u00c1netjast ekki 5M\u00f3s 7.25 \u2013 \u00fej\u00f3na gu\u00f0um 5M\u00f3s 7.16+ ; 2Kon 17.25-28<br \/>\n<b>12.31<\/b> Vi\u00f0urstyggilegt fyrir Drottni 5M\u00f3s 7.25+ ; sbr 3M\u00f3s 18.26-30 \u2013 f\u00f3rna b\u00f6rnum 3M\u00f3s 18.21+<\/div>\n","protected":false},"excerpt":{"rendered":"<p>1\u00deetta eru l\u00f6g \u00feau og \u00e1kv\u00e6\u00f0i, sem \u00fe\u00e9r skulu\u00f0 g\u00e6ta a\u00f0 breyta eftir \u00ed landi \u00fev\u00ed, sem Drottinn, Gu\u00f0 fe\u00f0ra \u00feinna, gefur \u00fe\u00e9r til eignar, alla \u00fe\u00e1 daga sem \u00fe\u00e9r lifi\u00f0 \u00e1 j\u00f6r\u00f0inni.2\u00de\u00e9r skulu\u00f0 gj\u00f6rey\u00f0a alla \u00fe\u00e1 sta\u00f0i, \u00fear sem \u00fej\u00f3\u00f0irnar, er \u00fe\u00e9r leggi\u00f0 undir y\u00f0ur, hafa d\u00fdrka\u00f0 gu\u00f0i s\u00edna, \u00e1 h\u00e1um fj\u00f6llum, \u00e1 h\u00e6\u00f0um og undir hverju gr\u00e6nu tr\u00e9.3\u00de\u00e9r skulu\u00f0 r\u00edfa ni\u00f0ur \u00f6lturu \u00feeirra, brj\u00f3ta \u00ed sundur merkissteina \u00feeirra, brenna as\u00e9rur \u00feeirra \u00ed eldi, h\u00f6ggva sundur skur\u00f0l\u00edkneski gu\u00f0a \u00feeirra og afm\u00e1 nafn \u00feeirra \u00far \u00feeim sta\u00f0.4Eigi skulu\u00f0 \u00fe\u00e9r svo breyta vi\u00f0 Drottin Gu\u00f0 y\u00f0ar,5heldur skulu\u00f0 \u00fe\u00e9r leita til \u00feess <a href=\"https:\/\/biblian.is\/1981\/fimmta-mosebok-12-kafli\/\"> [&#8230;]<\/a><\/p>\n","protected":false},"author":1,"featured_media":0,"parent":0,"menu_order":0,"comment_status":"open","ping_status":"open","template":"bibliukaflar.php","meta":{"footnotes":""},"class_list":["post-1511","page","type-page","status-publish","hentry"],"_links":{"self":[{"href":"https:\/\/biblian.is\/1981\/wp-json\/wp\/v2\/pages\/1511","targetHints":{"allow":["GET"]}}],"collection":[{"href":"https:\/\/biblian.is\/1981\/wp-json\/wp\/v2\/pages"}],"about":[{"href":"https:\/\/biblian.is\/1981\/wp-json\/wp\/v2\/types\/page"}],"author":[{"embeddable":true,"href":"https:\/\/biblian.is\/1981\/wp-json\/wp\/v2\/users\/1"}],"replies":[{"embeddable":true,"href":"https:\/\/biblian.is\/1981\/wp-json\/wp\/v2\/comments?post=1511"}],"version-history":[{"count":0,"href":"https:\/\/biblian.is\/1981\/wp-json\/wp\/v2\/pages\/1511\/revisions"}],"wp:attachment":[{"href":"https:\/\/biblian.is\/1981\/wp-json\/wp\/v2\/media?parent=1511"}],"curies":[{"name":"wp","href":"https:\/\/api.w.org\/{rel}","templated":true}]}}