{"id":1504,"date":"2017-11-18T20:17:32","date_gmt":"2017-11-18T20:17:32","guid":{"rendered":"http:\/\/biblian.is\/1981\/fimmta-mosebok-5-kafli\/"},"modified":"2021-06-06T10:51:21","modified_gmt":"2021-06-06T10:51:21","slug":"fimmta-mosebok-5-kafli","status":"publish","type":"page","link":"https:\/\/biblian.is\/1981\/fimmta-mosebok-5-kafli\/","title":{"rendered":"Fimmta M\u00f3seb\u00f3k 5. kafli"},"content":{"rendered":"<p><a name=\"1\"><span class=\"versanumer\">1<\/span><\/a>M\u00f3se kalla\u00f0i saman allan \u00cdsrael og sag\u00f0i vi\u00f0 \u00fe\u00e1:Heyr \u00fe\u00fa, \u00cdsrael, l\u00f6g \u00feau og \u00e1kv\u00e6\u00f0i, sem \u00e9g birti y\u00f0ur \u00ed dag. L\u00e6ri\u00f0 \u00feau og var\u00f0veiti\u00f0 \u00feau, svo a\u00f0 \u00fe\u00e9r haldi\u00f0 \u00feau.<a name=\"2\"><span class=\"versanumer\">2<\/span><\/a>Drottinn Gu\u00f0 vor gj\u00f6r\u00f0i vi\u00f0 oss s\u00e1ttm\u00e1la \u00e1 H\u00f3reb.<a name=\"3\"><span class=\"versanumer\">3<\/span><\/a>Ekki gj\u00f6r\u00f0i Drottinn \u00feennan s\u00e1ttm\u00e1la vi\u00f0 fe\u00f0ur vora, heldur vi\u00f0 oss, oss sem h\u00e9r erum allir lifandi \u00ed dag.<a name=\"4\"><span class=\"versanumer\">4<\/span><\/a>Drottinn tala\u00f0i vi\u00f0 y\u00f0ur \u00e1 fjallinu augliti til auglitis \u00fat \u00far eldinum.<a name=\"5\"><span class=\"versanumer\">5<\/span><\/a>\u00c9g st\u00f3\u00f0 \u00fe\u00e1 \u00e1 milli Drottins og y\u00f0ar til \u00feess a\u00f0 flytja y\u00f0ur or\u00f0 Drottins, \u00fev\u00ed a\u00f0 \u00fe\u00e9r hr\u00e6ddust eldinn og f\u00f3ru\u00f0 ekki upp \u00e1 fjalli\u00f0. Hann sag\u00f0i:<a name=\"6\"><span class=\"versanumer\">6<\/span><\/a>\u00c9g er Drottinn, Gu\u00f0 \u00feinn, sem leiddi \u00feig \u00fat af Egyptalandi, \u00fat \u00far \u00fer\u00e6lah\u00fasinu.<a name=\"7\"><span class=\"versanumer\">7<\/span><\/a>\u00de\u00fa skalt ekki hafa a\u00f0ra gu\u00f0i en mig.<a name=\"8\"><span class=\"versanumer\">8<\/span><\/a>\u00de\u00fa skalt engar l\u00edkneskjur gj\u00f6ra \u00fe\u00e9r, engar myndir eftir \u00fev\u00ed, sem er \u00e1 himnum uppi, e\u00f0a \u00fev\u00ed, sem er \u00e1 j\u00f6r\u00f0u ni\u00f0ri, e\u00f0a \u00fev\u00ed, sem er \u00ed v\u00f6tnunum undir j\u00f6r\u00f0inni.<a name=\"9\"><span class=\"versanumer\">9<\/span><\/a>\u00de\u00fa skalt ekki tilbi\u00f0ja \u00fe\u00e6r og ekki d\u00fdrka \u00fe\u00e6r, \u00fev\u00ed a\u00f0 \u00e9g, Drottinn Gu\u00f0 \u00feinn, er vandl\u00e1tur Gu\u00f0, sem vitja misgj\u00f6r\u00f0a fe\u00f0ranna \u00e1 b\u00f6rnunum, og \u00ed \u00feri\u00f0ja og fj\u00f3r\u00f0a li\u00f0, \u00feeirra sem mig hata,<a name=\"10\"><span class=\"versanumer\">10<\/span><\/a>en au\u00f0s\u00fdni miskunn \u00fe\u00fasundum, \u00feeirra sem elska mig og var\u00f0veita bo\u00f0or\u00f0 m\u00edn.<a name=\"11\"><span class=\"versanumer\">11<\/span><\/a>\u00de\u00fa skalt ekki leggja nafn Drottins Gu\u00f0s \u00fe\u00edns vi\u00f0 h\u00e9g\u00f3ma, \u00fev\u00ed a\u00f0 Drottinn mun ekki l\u00e1ta \u00feeim \u00f3hegnt, sem leggur nafn hans vi\u00f0 h\u00e9g\u00f3ma.<a name=\"12\"><span class=\"versanumer\">12<\/span><\/a>G\u00e6ttu \u00feess a\u00f0 halda hv\u00edldardaginn heilagan, eins og Drottinn Gu\u00f0 \u00feinn hefir bo\u00f0i\u00f0 \u00fe\u00e9r.<a name=\"13\"><span class=\"versanumer\">13<\/span><\/a>Sex daga skalt \u00fe\u00fa erfi\u00f0a og vinna allt \u00feitt verk,<a name=\"14\"><span class=\"versanumer\">14<\/span><\/a>en sj\u00f6undi dagurinn er hv\u00edldardagur helga\u00f0ur Drottni Gu\u00f0i \u00fe\u00ednum. \u00de\u00e1 skalt \u00fe\u00fa ekkert verk vinna og ekki sonur \u00feinn e\u00f0a d\u00f3ttir \u00fe\u00edn, \u00fer\u00e6ll \u00feinn e\u00f0a amb\u00e1tt \u00fe\u00edn, uxi \u00feinn e\u00f0a asni e\u00f0a nokkur skepna, e\u00f0a \u00fatlendingur, sem hj\u00e1 \u00fe\u00e9r er innan \u00feinna borgarhli\u00f0a, svo a\u00f0 \u00fer\u00e6ll \u00feinn og amb\u00e1tt \u00fe\u00edn geti hv\u00edlt sig eins og \u00fe\u00fa.<a name=\"15\"><span class=\"versanumer\">15<\/span><\/a>Og minnstu \u00feess, a\u00f0 \u00fe\u00fa varst \u00fer\u00e6ll \u00e1 Egyptalandi og a\u00f0 Drottinn Gu\u00f0 \u00feinn leiddi \u00feig \u00fat \u00fea\u00f0an me\u00f0 sterkri hendi og \u00fatr\u00e9ttum armlegg. \u00deess vegna bau\u00f0 Drottinn Gu\u00f0 \u00feinn \u00fe\u00e9r a\u00f0 halda hv\u00edldardaginn.<a name=\"16\"><span class=\"versanumer\">16<\/span><\/a>Hei\u00f0ra f\u00f6\u00f0ur \u00feinn og m\u00f3\u00f0ur \u00fe\u00edna, eins og Drottinn Gu\u00f0 \u00feinn hefir bo\u00f0i\u00f0 \u00fe\u00e9r, svo a\u00f0 \u00fe\u00fa ver\u00f0ir langl\u00edfur og svo a\u00f0 \u00fe\u00e9r vegni vel \u00ed \u00fev\u00ed landi, sem Drottinn Gu\u00f0 \u00feinn gefur \u00fe\u00e9r.<a name=\"17\"><span class=\"versanumer\">17<\/span><\/a>\u00de\u00fa skalt ekki mor\u00f0 fremja.<a name=\"18\"><span class=\"versanumer\">18<\/span><\/a>\u00de\u00fa skalt ekki dr\u00fdgja h\u00f3r.<a name=\"19\"><span class=\"versanumer\">19<\/span><\/a>\u00de\u00fa skalt ekki stela.<a name=\"20\"><span class=\"versanumer\">20<\/span><\/a>\u00de\u00fa skalt ekki bera falsvitni gegn n\u00e1unga \u00fe\u00ednum.<a name=\"21\"><span class=\"versanumer\">21<\/span><\/a>\u00de\u00fa skalt ekki girnast konu n\u00e1unga \u00fe\u00edns, og ekki \u00e1girnast h\u00fas n\u00e1unga \u00fe\u00edns, ekki land hans, ekki \u00fer\u00e6l hans e\u00f0a amb\u00e1tt, ekki uxa hans e\u00f0a asna, n\u00e9 nokku\u00f0 \u00fea\u00f0, sem n\u00e1ungi \u00feinn \u00e1.<a name=\"22\"><span class=\"versanumer\">22<\/span><\/a>\u00deessi or\u00f0 tala\u00f0i Drottinn me\u00f0 h\u00e1rri r\u00f6ddu til alls safna\u00f0ar y\u00f0ar \u00e1 fjallinu \u00fat \u00far eldinum, sk\u00fdinu og sortanum. B\u00e6tti hann \u00fear engu vi\u00f0, og hann rita\u00f0i \u00feau \u00e1 tv\u00e6r steint\u00f6flur og f\u00e9kk m\u00e9r \u00fe\u00e6r.<a name=\"23\"><span class=\"versanumer\">23<\/span><\/a>Er \u00fe\u00e9r heyr\u00f0u\u00f0 r\u00f6ddina \u00fat \u00far myrkrinu og fjalli\u00f0 st\u00f3\u00f0 \u00ed bj\u00f6rtu b\u00e1li, \u00fe\u00e1 gengu\u00f0 \u00fe\u00e9r til m\u00edn, allir h\u00f6f\u00f0ingjar \u00e6ttkv\u00edsla y\u00f0ar og \u00f6ldungar y\u00f0ar,<a name=\"24\"><span class=\"versanumer\">24<\/span><\/a>og s\u00f6g\u00f0u\u00f0: Sj\u00e1, Drottinn Gu\u00f0 vor hefir s\u00fdnt oss d\u00fdr\u00f0 s\u00edna og mikilleik, og v\u00e9r heyr\u00f0um r\u00f6dd hans \u00far eldinum. V\u00e9r h\u00f6fum s\u00e9\u00f0 \u00fea\u00f0 \u00ed dag, a\u00f0 Gu\u00f0 getur tala\u00f0 vi\u00f0 mann, og ma\u00f0urinn \u00fe\u00f3 haldi\u00f0 l\u00edfi.<a name=\"25\"><span class=\"versanumer\">25<\/span><\/a>Hv\u00ed skulum v\u00e9r \u00fe\u00e1 deyja? \u00fev\u00ed a\u00f0 \u00feessi mikli eldur \u00e6tlar a\u00f0 ey\u00f0a oss. Ef v\u00e9r h\u00f6ldum \u00e1fram a\u00f0 hlusta \u00e1 raust Drottins Gu\u00f0s vors, munum v\u00e9r deyja.<a name=\"26\"><span class=\"versanumer\">26<\/span><\/a>\u00dev\u00ed a\u00f0 hver er s\u00e1 af \u00f6llu holdi, a\u00f0 hann hafi heyrt r\u00f6dd hins lifandi Gu\u00f0s tala \u00fat \u00far eldinum, eins og v\u00e9r, og \u00fe\u00f3 haldi\u00f0 l\u00edfi?<a name=\"27\"><span class=\"versanumer\">27<\/span><\/a>Far \u00fe\u00fa og hl\u00fd\u00f0 \u00fe\u00fa \u00e1 allt \u00fea\u00f0, sem Drottinn Gu\u00f0 vor segir, og seg \u00fe\u00fa oss allt \u00fea\u00f0, er Drottinn Gu\u00f0 vor talar vi\u00f0 \u00feig, svo a\u00f0 v\u00e9r megum hl\u00fd\u00f0a \u00e1 \u00fea\u00f0 og breyta eftir \u00fev\u00ed.<a name=\"28\"><span class=\"versanumer\">28<\/span><\/a>Drottinn heyr\u00f0i umm\u00e6li y\u00f0ar, er \u00fe\u00e9r t\u00f6lu\u00f0u\u00f0 vi\u00f0 mig, og Drottinn sag\u00f0i vi\u00f0 mig: \u00c9g heyr\u00f0i umm\u00e6li \u00feessa f\u00f3lks, er \u00feeir t\u00f6lu\u00f0u vi\u00f0 \u00feig. Er \u00fea\u00f0 allt vel m\u00e6lt, sem \u00feeir s\u00f6g\u00f0u.<a name=\"29\"><span class=\"versanumer\">29<\/span><\/a>\u00d3, a\u00f0 \u00feeir hef\u00f0u sl\u00edkt hugarfar, a\u00f0 \u00feeir \u00f3ttu\u00f0ust mig og var\u00f0veittu allar skipanir m\u00ednar alla daga, svo a\u00f0 \u00feeim vegni vel og b\u00f6rnum \u00feeirra um aldur og \u00e6vi.<a name=\"30\"><span class=\"versanumer\">30<\/span><\/a>Far \u00fe\u00fa og seg \u00feeim: Hverfi\u00f0 aftur \u00ed tj\u00f6ld y\u00f0ar!<a name=\"31\"><span class=\"versanumer\">31<\/span><\/a>En \u00fe\u00fa, \u00fe\u00fa skalt standa h\u00e9r hj\u00e1 m\u00e9r me\u00f0an \u00e9g legg fyrir \u00feig allar \u00fe\u00e6r skipanir, l\u00f6g og \u00e1kv\u00e6\u00f0i, sem \u00fe\u00fa \u00e1tt a\u00f0 kenna \u00feeim, svo a\u00f0 \u00feeir breyti eftir \u00feeim \u00ed \u00fev\u00ed landi, sem \u00e9g gef \u00feeim til eignar.<a name=\"32\"><span class=\"versanumer\">32<\/span><\/a>G\u00e6ti\u00f0 \u00fev\u00ed \u00feess a\u00f0 gj\u00f6ra svo sem Drottinn Gu\u00f0 y\u00f0ar hefir bo\u00f0i\u00f0 y\u00f0ur. V\u00edki\u00f0 eigi fr\u00e1 \u00fev\u00ed, hvorki til h\u00e6gri n\u00e9 vinstri.<a name=\"33\"><span class=\"versanumer\">33<\/span><\/a>Gangi\u00f0 \u00ed \u00f6llu \u00feann veg, sem Drottinn Gu\u00f0 y\u00f0ar hefir bo\u00f0i\u00f0 y\u00f0ur, svo a\u00f0 \u00fe\u00e9r megi\u00f0 l\u00edfi halda og y\u00f0ur vegni vel og \u00fe\u00e9r lifi\u00f0 lengi \u00ed landinu, sem \u00fe\u00e9r f\u00e1i\u00f0 til eignar.<\/p>\n<div class=\"footnote1981\"><b>5.1<\/b> G\u00e6ta \u00feess a\u00f0 halda 5M\u00f3s 5.32; 6.3,25; 8.1; 11.32; 12.1; 13.1; 15.5; 17.10; 23.23; 24.8; 28.1,15,58; 31.12; 32.46; J\u00f3s 1.7; 22.5; 2Kon 17.37 \u2013 halda af kostg\u00e6fni 5M\u00f3s 4.6; 7.11; 11.22; 16.12; 17.19; 19.9; 26.16 \u2013 heyr \u00cdsrael 5M\u00f3s 4.1+<br \/>\n<b>5.2<\/b> S\u00e1ttm\u00e1li \u00e1 H\u00f3reb 2M\u00f3s 19.5-6; 24.1-18<br \/>\n<b>5.4<\/b> Augliti til auglitis 5M\u00f3s 34.10; 1M\u00f3s 32.30; 2M\u00f3s 33.11; 4M\u00f3s 12.6-8; S\u00edr 45.5<br \/>\n<b>5.5<\/b> Me\u00f0alganga M\u00f3se 5M\u00f3s 5.23-30<br \/>\n<b>5.6<\/b> Bo\u00f0or\u00f0in t\u00edu 2M\u00f3s 20.1+ &#8211; \u00e9g er Drottinn 2M\u00f3s 20.2+ &#8211; \u00fat \u00far Egyptalandi 5M\u00f3s 6.12,23; 7.19; 16.1; 2M\u00f3s 12.17; 13.3; 16.6; 20.2 \u2013 \u00fer\u00e6lah\u00fasi\u00f0 5M\u00f3s 6.12; 7.8; 8.14; 13.6; 2M\u00f3s 13.3,14; 20.2; J\u00f3s 24.17; D\u00f3m 6.8; Jer 34.13<br \/>\n<b>5.7<\/b> A\u00f0rir gu\u00f0ir 2M\u00f3s 20.3+<br \/>\n<b>5.8<\/b> L\u00edkneskjur 2M\u00f3s 20.4+<br \/>\n<b>5.9<\/b> Afbr\u00fd\u00f0isamur Gu\u00f0 2M\u00f3s 20.5+ &#8211; \u00ed \u00feri\u00f0ja og fj\u00f3r\u00f0a li\u00f0, \u00fe\u00fasundum 2M\u00f3s 20.5-6+<br \/>\n<b>5.10<\/b> Elska Gu\u00f0 5M\u00f3s 6.5; 7.9; 10.12; 11.1,13,22; 13.4; 19.9; 30.6,16,20; 2M\u00f3s 20.6; J\u00f3s 22.5; 23.11; D\u00f3m 5.31; 1Kon 3.3; Slm 31.24; 97.10, S\u00edr 2.15<br \/>\n<b>5.11<\/b> Leggja vi\u00f0 h\u00e9g\u00f3ma 2M\u00f3s 20.7+<br \/>\n<b>5.12<\/b> Hv\u00edldardagurinn 2M\u00f3s 20.8+<br \/>\n<b>5.15<\/b> \u00der\u00e6ll \u00e1 Egyptalandi 5M\u00f3s 6.21; 15.15; 16.12, 24.18; 2M\u00f3s 14.5; 3M\u00f3s 26.13 \u2013 me\u00f0 sterkri hendi 5M\u00f3s 4.34<br \/>\n<b>5.16<\/b> Hei\u00f0ra f\u00f6\u00f0ur og m\u00f3\u00f0ur 2M\u00f3s 20.12+ &#8211; langl\u00edfi 5M\u00f3s 4.26+ &#8211; a\u00f0 \u00fe\u00e9r vegni vel 5M\u00f3s 4.40+<br \/>\n<b>5.17<\/b> Mor\u00f0 2M\u00f3s 20.13+<br \/>\n<b>5.18<\/b> H\u00f3r 2M\u00f3s 20.14+<br \/>\n<b>5.19<\/b> Stela 2M\u00f3s 20.15+<br \/>\n<b>5.20<\/b> Lj\u00fagvitni 2M\u00f3s 20.16+<br \/>\n<b>5.21<\/b> Girnast 2M\u00f3s 20.17+<br \/>\n<b>5.22<\/b> Gu\u00f0 hefir tala\u00f0 5M\u00f3s 4.12+ &#8211; myrkur 5M\u00f3s 4.11+ &#8211; b\u00e6tti engu vi\u00f0 5M\u00f3s 4.2+ &#8211; steint\u00f6flur 5M\u00f3s 4.13+<br \/>\n<b>5.24<\/b> Sj\u00e1 m\u00e1tt Drottins 5M\u00f3s 3.24+ &#8211; halda l\u00edfi 2M\u00f3s 33.20+<br \/>\n<b>5.25<\/b> Raust Gu\u00f0s 5M\u00f3s 4.33; 18.16<br \/>\n<b>5.26<\/b> Lifandi Gu\u00f0 J\u00f3s 3.10; Jer 10.10; 23.36; H\u00f3s 1.10; Dan 6.27; Matt 16.16; Post 14.15; 2Kor 3.3<br \/>\n<b>5.27<\/b> Me\u00f0alganga M\u00f3se 2M\u00f3s 20.18-21; sbr 1T\u00edm 2.5; Heb 12.24<br \/>\n<b>5.29<\/b> \u00d3ttast Drottinn 5M\u00f3s 4.10+ &#8211; a\u00f0 \u00feeim vegni vel 5M\u00f3s 4.40+<br \/>\n<b>5.31<\/b> \u00d6ll fyrirm\u00e6lin 5M\u00f3s 6.25; 8.1; 11.8,22; 15.5; 19.9; 27.1; 31.5<br \/>\n<b>5.32<\/b> G\u00e6ta \u00feess a\u00f0 breyta 5M\u00f3s 5.1+ &#8211; v\u00edki\u00f0 ekki fr\u00e1 \u00fev\u00ed 5M\u00f3s 17.11,20; 28.14; J\u00f3s 1.7; 23.6; 2Kon 22.2<br \/>\n<b>5.33<\/b> Vegur Gu\u00f0s 5M\u00f3s 4.1+ &#8211; langl\u00edfi 5M\u00f3s 4.26+<\/div>\n","protected":false},"excerpt":{"rendered":"<p>1M\u00f3se kalla\u00f0i saman allan \u00cdsrael og sag\u00f0i vi\u00f0 \u00fe\u00e1:Heyr \u00fe\u00fa, \u00cdsrael, l\u00f6g \u00feau og \u00e1kv\u00e6\u00f0i, sem \u00e9g birti y\u00f0ur \u00ed dag. L\u00e6ri\u00f0 \u00feau og var\u00f0veiti\u00f0 \u00feau, svo a\u00f0 \u00fe\u00e9r haldi\u00f0 \u00feau.2Drottinn Gu\u00f0 vor gj\u00f6r\u00f0i vi\u00f0 oss s\u00e1ttm\u00e1la \u00e1 H\u00f3reb.3Ekki gj\u00f6r\u00f0i Drottinn \u00feennan s\u00e1ttm\u00e1la vi\u00f0 fe\u00f0ur vora, heldur vi\u00f0 oss, oss sem h\u00e9r erum allir lifandi \u00ed dag.4Drottinn tala\u00f0i vi\u00f0 y\u00f0ur \u00e1 fjallinu augliti til auglitis \u00fat \u00far eldinum.5\u00c9g st\u00f3\u00f0 \u00fe\u00e1 \u00e1 milli Drottins og y\u00f0ar til \u00feess a\u00f0 flytja y\u00f0ur or\u00f0 Drottins, \u00fev\u00ed a\u00f0 \u00fe\u00e9r hr\u00e6ddust eldinn og f\u00f3ru\u00f0 ekki upp \u00e1 fjalli\u00f0. Hann sag\u00f0i:6\u00c9g er Drottinn, Gu\u00f0 \u00feinn, sem <a href=\"https:\/\/biblian.is\/1981\/fimmta-mosebok-5-kafli\/\"> [&#8230;]<\/a><\/p>\n","protected":false},"author":1,"featured_media":0,"parent":0,"menu_order":0,"comment_status":"open","ping_status":"open","template":"bibliukaflar.php","meta":{"footnotes":""},"class_list":["post-1504","page","type-page","status-publish","hentry"],"_links":{"self":[{"href":"https:\/\/biblian.is\/1981\/wp-json\/wp\/v2\/pages\/1504","targetHints":{"allow":["GET"]}}],"collection":[{"href":"https:\/\/biblian.is\/1981\/wp-json\/wp\/v2\/pages"}],"about":[{"href":"https:\/\/biblian.is\/1981\/wp-json\/wp\/v2\/types\/page"}],"author":[{"embeddable":true,"href":"https:\/\/biblian.is\/1981\/wp-json\/wp\/v2\/users\/1"}],"replies":[{"embeddable":true,"href":"https:\/\/biblian.is\/1981\/wp-json\/wp\/v2\/comments?post=1504"}],"version-history":[{"count":0,"href":"https:\/\/biblian.is\/1981\/wp-json\/wp\/v2\/pages\/1504\/revisions"}],"wp:attachment":[{"href":"https:\/\/biblian.is\/1981\/wp-json\/wp\/v2\/media?parent=1504"}],"curies":[{"name":"wp","href":"https:\/\/api.w.org\/{rel}","templated":true}]}}