{"id":1494,"date":"2017-11-18T20:17:32","date_gmt":"2017-11-18T20:17:32","guid":{"rendered":"http:\/\/biblian.is\/1981\/fjorda-mosebok-31-kafli\/"},"modified":"2021-06-06T10:56:41","modified_gmt":"2021-06-06T10:56:41","slug":"fjorda-mosebok-31-kafli","status":"publish","type":"page","link":"https:\/\/biblian.is\/1981\/fjorda-mosebok-31-kafli\/","title":{"rendered":"Fj\u00f3r\u00f0a M\u00f3seb\u00f3k 31. kafli"},"content":{"rendered":"<p><a name=\"1\"><span class=\"versanumer\">1<\/span><\/a>Drottinn tala\u00f0i vi\u00f0 M\u00f3se og sag\u00f0i:<a name=\"2\"><span class=\"versanumer\">2<\/span><\/a>Hefn \u00fe\u00fa \u00cdsraelsmanna \u00e1 Mid\u00edan\u00edtum. Eftir \u00fea\u00f0 skalt \u00fe\u00fa safnast til \u00fe\u00edns f\u00f3lks.<a name=\"3\"><span class=\"versanumer\">3<\/span><\/a>M\u00f3se tala\u00f0i vi\u00f0 l\u00fd\u00f0inn og sag\u00f0i: Herv\u00e6\u00f0i\u00f0 menn af y\u00f0ur til herfarar, og skulu \u00feeir fara \u00e1 m\u00f3ti Mid\u00edansm\u00f6nnum til \u00feess a\u00f0 koma fram hefnd Drottins \u00e1 Mid\u00edansm\u00f6nnum.<a name=\"4\"><span class=\"versanumer\">4<\/span><\/a>Skulu\u00f0 \u00fe\u00e9r senda \u00fe\u00fasund manns af \u00e6ttkv\u00edsl hverri af \u00f6llum \u00e6ttkv\u00edslum \u00cdsraels til herfararinnar.<a name=\"5\"><span class=\"versanumer\">5<\/span><\/a>Voru \u00fe\u00e1 l\u00e1tnir til af \u00fe\u00fasundum \u00cdsraels \u00fe\u00fasund af \u00e6ttkv\u00edsl hverri, t\u00f3lf \u00fe\u00fasund herb\u00fainna manna.<a name=\"6\"><span class=\"versanumer\">6<\/span><\/a>Og M\u00f3se sendi \u00fe\u00e1, \u00fe\u00fasund manns af \u00e6ttkv\u00edsl hverri, til herfarar, og me\u00f0 \u00feeim P\u00ednehas, son Eleasars prests, og haf\u00f0i hann me\u00f0 s\u00e9r hin helgu \u00e1h\u00f6ld og hvellil\u00fa\u00f0rana.<a name=\"7\"><span class=\"versanumer\">7<\/span><\/a>Og \u00feeir b\u00f6r\u00f0ust vi\u00f0 Mid\u00edansmenn, eins og Drottinn haf\u00f0i bo\u00f0i\u00f0 M\u00f3se, og dr\u00e1pu alla karlmenn.<a name=\"8\"><span class=\"versanumer\">8<\/span><\/a>\u00deeir dr\u00e1pu og konunga Mid\u00edansmanna, auk annarra, er \u00feeir felldu: Ev\u00ed, Rekem, S\u00far, H\u00far og Reba, fimm konunga Mid\u00edansmanna. B\u00edleam Be\u00f3rsson dr\u00e1pu \u00feeir og me\u00f0 sver\u00f0i.<a name=\"9\"><span class=\"versanumer\">9<\/span><\/a>\u00cdsraelsmenn t\u00f3ku a\u00f0 herfangi konur Mid\u00edansmanna og b\u00f6rn \u00feeirra og r\u00e6ndu \u00f6llum eykjum \u00feeirra, \u00f6llum f\u00e9na\u00f0i \u00feeirra og \u00f6llum eigum \u00feeirra.<a name=\"10\"><span class=\"versanumer\">10<\/span><\/a>En \u00feeir l\u00f6g\u00f0u eld \u00ed allar borgir \u00feeirra, sem \u00feeir bjuggu \u00ed, og \u00ed allar tjaldb\u00fa\u00f0ir \u00feeirra.<a name=\"11\"><span class=\"versanumer\">11<\/span><\/a>Og \u00feeir t\u00f3ku allt r\u00e1nsf\u00e9\u00f0 og allt herfangi\u00f0, b\u00e6\u00f0i menn og skepnur,<a name=\"12\"><span class=\"versanumer\">12<\/span><\/a>og f\u00e6r\u00f0u M\u00f3se og Eleasar presti og s\u00f6fnu\u00f0i \u00cdsraelsmanna hi\u00f0 hertekna f\u00f3lk, herfangi\u00f0 og r\u00e1nsf\u00e9\u00f0 \u00ed herb\u00fa\u00f0irnar, til M\u00f3abshei\u00f0a, sem eru vi\u00f0 J\u00f3rdan gegnt Jer\u00edk\u00f3.<a name=\"13\"><span class=\"versanumer\">13<\/span><\/a>M\u00f3se og Eleasar prestur og allir h\u00f6fu\u00f0smenn safna\u00f0arins gengu \u00ed m\u00f3ti \u00feeim \u00fat fyrir herb\u00fa\u00f0irnar.<a name=\"14\"><span class=\"versanumer\">14<\/span><\/a>Reiddist M\u00f3se \u00fe\u00e1 hersveitarforingjunum, b\u00e6\u00f0i \u00feeim er settir voru yfir \u00fe\u00fasundir og \u00feeim er settir voru yfir hundru\u00f0 og komu \u00far lei\u00f0angrinum,<a name=\"15\"><span class=\"versanumer\">15<\/span><\/a>og sag\u00f0i vi\u00f0 \u00fe\u00e1: G\u00e1fu\u00f0 \u00fe\u00e9r \u00f6llum konum l\u00edf?<a name=\"16\"><span class=\"versanumer\">16<\/span><\/a>Sj\u00e1, \u00fea\u00f0 voru einmitt \u00fe\u00e6r, sem ur\u00f0u tilefni til \u00feess, a\u00f0 \u00cdsraelsmenn a\u00f0 r\u00e1\u00f0i B\u00edleams s\u00fdndu Drottni \u00f3tr\u00famennsku vegna Pe\u00f3rs, svo a\u00f0 pl\u00e1gan kom yfir s\u00f6fnu\u00f0 Drottins.<a name=\"17\"><span class=\"versanumer\">17<\/span><\/a>Drepi\u00f0 \u00fev\u00ed \u00f6ll piltb\u00f6rn. Drepi\u00f0 og allar \u00fe\u00e6r konur, er samr\u00e6\u00f0i hafa \u00e1tt vi\u00f0 karlmann,<a name=\"18\"><span class=\"versanumer\">18<\/span><\/a>en l\u00e1ti\u00f0 \u00f6ll st\u00falkub\u00f6rn, er eigi hafa \u00e1tt samr\u00e6\u00f0i vi\u00f0 karlmann, lifa handa y\u00f0ur.<a name=\"19\"><span class=\"versanumer\">19<\/span><\/a>En sj\u00e1lfir skulu\u00f0 \u00fe\u00e9r hafast vi\u00f0 fyrir utan herb\u00fa\u00f0irnar \u00ed sj\u00f6 daga. Hver sem drepi\u00f0 hefir mann og hver sem snert hefir veginn mann, \u00fe\u00e9r skulu\u00f0 syndhreinsa y\u00f0ur \u00e1 \u00feri\u00f0ja degi og sj\u00f6unda degi, svo og \u00feeir, er \u00fe\u00e9r hafi\u00f0 teki\u00f0 a\u00f0 herfangi.<a name=\"20\"><span class=\"versanumer\">20<\/span><\/a>\u00de\u00e9r skulu\u00f0 og syndhreinsa allan kl\u00e6\u00f0na\u00f0, alla hluti af skinni gj\u00f6rva, allt sem gj\u00f6rt er \u00far geitah\u00e1rum, svo og \u00f6ll tr\u00e9\u00edl\u00e1t.<a name=\"21\"><span class=\"versanumer\">21<\/span><\/a>Og Eleasar prestur sag\u00f0i vi\u00f0 hermennina, er gengi\u00f0 h\u00f6f\u00f0u \u00ed bardagann: \u00deetta er \u00e1kv\u00e6\u00f0i \u00ed l\u00f6gm\u00e1linu, er Drottinn hefir bo\u00f0i\u00f0 M\u00f3se.<a name=\"22\"><span class=\"versanumer\">22<\/span><\/a>En l\u00e1ta skulu\u00f0 \u00fe\u00e9r gull, silfur, eir, j\u00e1rn, tin og bl\u00fd,<a name=\"23\"><span class=\"versanumer\">23<\/span><\/a>allt sem eld \u00feolir, ganga \u00ed gegnum eld, og er \u00fea\u00f0 \u00fe\u00e1 hreint. \u00de\u00f3 skal \u00fea\u00f0 enn syndhreinsa\u00f0 me\u00f0 hreinsunarvatni. En allt sem eigi \u00feolir eld, skulu\u00f0 \u00fe\u00e9r l\u00e1ta ganga \u00ed gegnum vatn.<a name=\"24\"><span class=\"versanumer\">24<\/span><\/a>Og \u00fe\u00e9r skulu\u00f0 \u00fevo kl\u00e6\u00f0i y\u00f0ar \u00e1 sj\u00f6unda degi, og eru\u00f0 \u00fe\u00e1 hreinir. Eftir \u00fea\u00f0 megi\u00f0 \u00fe\u00e9r koma \u00ed herb\u00fa\u00f0irnar.<a name=\"25\"><span class=\"versanumer\">25<\/span><\/a>Drottinn tala\u00f0i vi\u00f0 M\u00f3se og sag\u00f0i:<a name=\"26\"><span class=\"versanumer\">26<\/span><\/a>Tel \u00fe\u00fa herfangi\u00f0, b\u00e6\u00f0i menn og skepnur, \u00fe\u00fa og Eleasar prestur og \u00e6tth\u00f6f\u00f0ingjar safna\u00f0arins,<a name=\"27\"><span class=\"versanumer\">27<\/span><\/a>og skipt \u00fe\u00fa herfanginu til helminga milli \u00feeirra, er vopnavi\u00f0skiptin \u00e1ttu, \u00feeirra er \u00ed lei\u00f0angurinn f\u00f3ru, og alls safna\u00f0arins.<a name=\"28\"><span class=\"versanumer\">28<\/span><\/a>Og \u00fe\u00fa skalt taka \u00ed skattgjald Drottni til handa af bardagam\u00f6nnunum, \u00feeim er \u00ed lei\u00f0angurinn f\u00f3ru, eina s\u00e1l af hverjum fimm hundru\u00f0um af m\u00f6nnum, nautgripum, \u00f6snum og sm\u00e1f\u00e9na\u00f0i.<a name=\"29\"><span class=\"versanumer\">29<\/span><\/a>Taki\u00f0 \u00fea\u00f0 af \u00feeirra helmingi, og skalt \u00fe\u00fa f\u00e1 \u00fea\u00f0 Eleasar presti sem f\u00f3rnargj\u00f6f Drottni til handa.<a name=\"30\"><span class=\"versanumer\">30<\/span><\/a>En af helmingi \u00cdsraelsmanna skalt \u00fe\u00fa taka fr\u00e1 eina af hverjum fimmt\u00edu af m\u00f6nnum, nautgripum, \u00f6snum og sm\u00e1f\u00e9na\u00f0i, af \u00f6llum skepnum, og f\u00e1 lev\u00edtunum, sem annast b\u00fa\u00f0 Drottins.<a name=\"31\"><span class=\"versanumer\">31<\/span><\/a>Og M\u00f3se og Eleasar prestur gj\u00f6r\u00f0u eins og Drottinn haf\u00f0i bo\u00f0i\u00f0 M\u00f3se.<a name=\"32\"><span class=\"versanumer\">32<\/span><\/a>En herfangi\u00f0 \u00fea\u00f0 sem eftir var af r\u00e1nsf\u00e9 \u00fev\u00ed, er herf\u00f3lki\u00f0 haf\u00f0i r\u00e6nt voru 675.000 af sau\u00f0f\u00e9na\u00f0i,<a name=\"33\"><span class=\"versanumer\">33<\/span><\/a>72.000 af nautgripum<a name=\"34\"><span class=\"versanumer\">34<\/span><\/a>og 61.000 asnar,<a name=\"35\"><span class=\"versanumer\">35<\/span><\/a>og alls 32.000 konur er eigi h\u00f6f\u00f0u \u00e1tt samr\u00e6\u00f0i vi\u00f0 karlmann.<a name=\"36\"><span class=\"versanumer\">36<\/span><\/a>En helmingshlutur \u00feeirra, er \u00ed lei\u00f0angurinn f\u00f3ru, var a\u00f0 t\u00f6lu 337.500 af sau\u00f0f\u00e9na\u00f0i,<a name=\"37\"><span class=\"versanumer\">37<\/span><\/a>og skattgjaldi\u00f0 til handa Drottni af sau\u00f0f\u00e9na\u00f0inum var 675,<a name=\"38\"><span class=\"versanumer\">38<\/span><\/a>af nautgripum 36.000, og skattgjaldi\u00f0 af \u00feeim Drottni til handa 72,<a name=\"39\"><span class=\"versanumer\">39<\/span><\/a>asnarnir 30.500, og skattgjaldi\u00f0 af \u00feeim Drottni til handa 61,<a name=\"40\"><span class=\"versanumer\">40<\/span><\/a>og mennirnir 16.000, og skattgjaldi\u00f0 af \u00feeim Drottni til handa 32 s\u00e1lir.<a name=\"41\"><span class=\"versanumer\">41<\/span><\/a>M\u00f3se f\u00e9kk Eleasar presti f\u00f3rnarskattgjaldi\u00f0 Drottni til handa, eins og Drottinn haf\u00f0i bo\u00f0i\u00f0 M\u00f3se.<a name=\"42\"><span class=\"versanumer\">42<\/span><\/a>Og af helmingnum, er \u00cdsraelsmenn fengu og M\u00f3se skipti fr\u00e1 herm\u00f6nnunum<a name=\"43\"><span class=\"versanumer\">43<\/span><\/a>en \u00ed hluta safna\u00f0arins kom: af sau\u00f0f\u00e9na\u00f0i 337.500,<a name=\"44\"><span class=\"versanumer\">44<\/span><\/a>af nautgripum 36.000,<a name=\"45\"><span class=\"versanumer\">45<\/span><\/a>af \u00f6snum 30.500<a name=\"46\"><span class=\"versanumer\">46<\/span><\/a>og af m\u00f6nnum 16.000,<a name=\"47\"><span class=\"versanumer\">47<\/span><\/a>af helmingnum, er \u00cdsraelsmenn fengu, t\u00f3k M\u00f3se fr\u00e1 einn af hverjum fimmt\u00edu, b\u00e6\u00f0i af m\u00f6nnum og skepnum, og f\u00e9kk lev\u00edtunum, er annast b\u00fa\u00f0 Drottins, eins og Drottinn haf\u00f0i bo\u00f0i\u00f0 M\u00f3se.<a name=\"48\"><span class=\"versanumer\">48<\/span><\/a>H\u00f6fu\u00f0smennirnir yfir \u00fe\u00fasundum hersins, fyrirli\u00f0arnir fyrir \u00fe\u00fasundunum og fyrirli\u00f0arnir fyrir hundru\u00f0unum, gengu n\u00fa fram fyrir M\u00f3se<a name=\"49\"><span class=\"versanumer\">49<\/span><\/a>og s\u00f6g\u00f0u vi\u00f0 M\u00f3se: V\u00e9r \u00fej\u00f3nar \u00fe\u00ednir h\u00f6fum tali\u00f0 bardagamennina, er v\u00e9r \u00e1ttum yfir a\u00f0 r\u00e1\u00f0a, og v\u00e9r s\u00f6knum eigi neins af \u00feeim.<a name=\"50\"><span class=\"versanumer\">50<\/span><\/a>Fyrir \u00fev\u00ed f\u00e6rum v\u00e9r Drottni a\u00f0 f\u00f3rnargj\u00f6f hver \u00fea\u00f0, er hann hefir komist yfir af gullgripum: armhringa, armb\u00f6nd, fingurgull, eyrnagull og h\u00e1lsmen, til \u00feess a\u00f0 fri\u00f0\u00fe\u00e6gja fyrir s\u00e1lir vorar fyrir Drottni.<a name=\"51\"><span class=\"versanumer\">51<\/span><\/a>\u00deeir M\u00f3se og Eleasar t\u00f3ku vi\u00f0 gullinu af \u00feeim. Var \u00fea\u00f0 alls konar listasm\u00ed\u00f0i.<a name=\"52\"><span class=\"versanumer\">52<\/span><\/a>En gulli\u00f0, sem \u00feeir f\u00e6r\u00f0u Drottni a\u00f0 f\u00f3rnargj\u00f6f, var alls 16.750 siklar, og var \u00fea\u00f0 fr\u00e1 fyrirli\u00f0unum fyrir \u00fe\u00fasundunum og fr\u00e1 fyrirli\u00f0unum fyrir hundru\u00f0unum.<a name=\"53\"><span class=\"versanumer\">53<\/span><\/a>Hermennirnir h\u00f6f\u00f0u r\u00e6nt hver handa s\u00e9r.<a name=\"54\"><span class=\"versanumer\">54<\/span><\/a>Og \u00feeir M\u00f3se og Eleasar prestur t\u00f3ku vi\u00f0 gullinu af fyrirli\u00f0unum fyrir \u00fe\u00fasundunum og hundru\u00f0unum og f\u00e6r\u00f0u \u00fea\u00f0 \u00ed samfundatjaldi\u00f0, \u00cdsraelsm\u00f6nnum til minningar frammi fyrir Drottni.<\/p>\n<div class=\"footnote1981\"><b>31.6<\/b> L\u00fa\u00f0rar 4M\u00f3s 10.9<br \/>\n<b>31.7<\/b> Allir karlmenn 5M\u00f3s 20.13-14<br \/>\n<b>31.8<\/b> Konungur Mid\u00edansmanna J\u00f3s 13.21-22 \u2013 B\u00edleam 4M\u00f3s 22.5+<br \/>\n<b>31.19<\/b> Snerta veginn mann 4M\u00f3s 19.11-13<br \/>\n<b>31.27<\/b> Skaltu skipta &#8230; 1Sam 30.24-25<\/div>\n","protected":false},"excerpt":{"rendered":"<p>1Drottinn tala\u00f0i vi\u00f0 M\u00f3se og sag\u00f0i:2Hefn \u00fe\u00fa \u00cdsraelsmanna \u00e1 Mid\u00edan\u00edtum. Eftir \u00fea\u00f0 skalt \u00fe\u00fa safnast til \u00fe\u00edns f\u00f3lks.3M\u00f3se tala\u00f0i vi\u00f0 l\u00fd\u00f0inn og sag\u00f0i: Herv\u00e6\u00f0i\u00f0 menn af y\u00f0ur til herfarar, og skulu \u00feeir fara \u00e1 m\u00f3ti Mid\u00edansm\u00f6nnum til \u00feess a\u00f0 koma fram hefnd Drottins \u00e1 Mid\u00edansm\u00f6nnum.4Skulu\u00f0 \u00fe\u00e9r senda \u00fe\u00fasund manns af \u00e6ttkv\u00edsl hverri af \u00f6llum \u00e6ttkv\u00edslum \u00cdsraels til herfararinnar.5Voru \u00fe\u00e1 l\u00e1tnir til af \u00fe\u00fasundum \u00cdsraels \u00fe\u00fasund af \u00e6ttkv\u00edsl hverri, t\u00f3lf \u00fe\u00fasund herb\u00fainna manna.6Og M\u00f3se sendi \u00fe\u00e1, \u00fe\u00fasund manns af \u00e6ttkv\u00edsl hverri, til herfarar, og me\u00f0 \u00feeim P\u00ednehas, son Eleasars prests, og haf\u00f0i hann me\u00f0 s\u00e9r hin helgu \u00e1h\u00f6ld og hvellil\u00fa\u00f0rana.7Og \u00feeir <a href=\"https:\/\/biblian.is\/1981\/fjorda-mosebok-31-kafli\/\"> [&#8230;]<\/a><\/p>\n","protected":false},"author":1,"featured_media":0,"parent":0,"menu_order":0,"comment_status":"open","ping_status":"open","template":"bibliukaflar.php","meta":{"footnotes":""},"class_list":["post-1494","page","type-page","status-publish","hentry"],"_links":{"self":[{"href":"https:\/\/biblian.is\/1981\/wp-json\/wp\/v2\/pages\/1494","targetHints":{"allow":["GET"]}}],"collection":[{"href":"https:\/\/biblian.is\/1981\/wp-json\/wp\/v2\/pages"}],"about":[{"href":"https:\/\/biblian.is\/1981\/wp-json\/wp\/v2\/types\/page"}],"author":[{"embeddable":true,"href":"https:\/\/biblian.is\/1981\/wp-json\/wp\/v2\/users\/1"}],"replies":[{"embeddable":true,"href":"https:\/\/biblian.is\/1981\/wp-json\/wp\/v2\/comments?post=1494"}],"version-history":[{"count":0,"href":"https:\/\/biblian.is\/1981\/wp-json\/wp\/v2\/pages\/1494\/revisions"}],"wp:attachment":[{"href":"https:\/\/biblian.is\/1981\/wp-json\/wp\/v2\/media?parent=1494"}],"curies":[{"name":"wp","href":"https:\/\/api.w.org\/{rel}","templated":true}]}}