{"id":1485,"date":"2017-11-18T20:17:28","date_gmt":"2017-11-18T20:17:28","guid":{"rendered":"http:\/\/biblian.is\/1981\/fjorda-mosebok-22-kafli\/"},"modified":"2021-06-06T10:56:38","modified_gmt":"2021-06-06T10:56:38","slug":"fjorda-mosebok-22-kafli","status":"publish","type":"page","link":"https:\/\/biblian.is\/1981\/fjorda-mosebok-22-kafli\/","title":{"rendered":"Fj\u00f3r\u00f0a M\u00f3seb\u00f3k 22. kafli"},"content":{"rendered":"<p><a name=\"1\"><span class=\"versanumer\">1<\/span><\/a>\u00cdsraelsmenn l\u00f6g\u00f0u upp og settu b\u00fa\u00f0ir s\u00ednar \u00e1 M\u00f3abshei\u00f0um, hinumegin J\u00f3rdanar gegnt Jer\u00edk\u00f3.<a name=\"2\"><span class=\"versanumer\">2<\/span><\/a>En Balak Sipp\u00f3rsson s\u00e1 allt \u00fea\u00f0, sem \u00cdsrael gj\u00f6r\u00f0i Amor\u00edtum.<a name=\"3\"><span class=\"versanumer\">3<\/span><\/a>Ur\u00f0u M\u00f3ab\u00edtar \u00fe\u00e1 n\u00e6sta hr\u00e6ddir vi\u00f0 l\u00fd\u00f0inn, \u00fev\u00ed a\u00f0 hann var fj\u00f6lmennur, og \u00fea\u00f0 st\u00f3\u00f0 \u00feeim stuggur af \u00cdsraelsm\u00f6nnum.<a name=\"4\"><span class=\"versanumer\">4<\/span><\/a>\u00de\u00e1 s\u00f6g\u00f0u M\u00f3ab\u00edtar vi\u00f0 \u00f6ldunga Mid\u00edansmanna: N\u00fa mun mannfj\u00f6ldi \u00feessi upp eta allt \u00ed kringum oss, eins og uxar eta gr\u00e6ngresi \u00ed haga. Balak Sipp\u00f3rsson var um \u00fe\u00e6r mundir konungur \u00ed M\u00f3ab.<a name=\"5\"><span class=\"versanumer\">5<\/span><\/a>Sendi hann menn \u00e1 fund B\u00edleams Be\u00f3rssonar, til Pet\u00f3r, sem er vi\u00f0 Efrat, \u00ed land samlanda sinna, til \u00feess a\u00f0 s\u00e6kja hann, og l\u00e9t segja honum: Sj\u00e1, \u00fej\u00f3\u00f0 nokkur er komin fr\u00e1 Egyptalandi. \u00deekur h\u00fan land allt og hefir n\u00fa teki\u00f0 s\u00e9r b\u00f3lfestu gagnvart m\u00e9r.<a name=\"6\"><span class=\"versanumer\">6<\/span><\/a>Kom \u00fev\u00ed og b\u00f6lva \u00fej\u00f3\u00f0 \u00feessari fyrir mig, \u00fev\u00ed a\u00f0 h\u00fan er m\u00e9r ofurefli. Vera m\u00e1, a\u00f0 \u00e9g f\u00e1i \u00fe\u00e1 sigrast \u00e1 henni og st\u00f6kkt henni \u00far landi, \u00fev\u00ed a\u00f0 \u00e9g veit, a\u00f0 s\u00e1 er blessa\u00f0ur, sem \u00fe\u00fa blessar, og s\u00e1 b\u00f6lva\u00f0ur, sem \u00fe\u00fa b\u00f6lvar.<a name=\"7\"><span class=\"versanumer\">7<\/span><\/a>\u00d6ldungar M\u00f3ab\u00edta og \u00f6ldungar Mid\u00edansmanna f\u00f3ru n\u00fa af sta\u00f0 og h\u00f6f\u00f0u me\u00f0 s\u00e9r sp\u00e1sagnarlaunin. Komu \u00feeir til B\u00edleams og fluttu honum or\u00f0 Balaks.<a name=\"8\"><span class=\"versanumer\">8<\/span><\/a>B\u00edleam sag\u00f0i vi\u00f0 \u00fe\u00e1: Veri\u00f0 h\u00e9r \u00ed n\u00f3tt, og mun \u00e9g svara y\u00f0ur, eftir \u00fev\u00ed sem Drottinn segir m\u00e9r. Og h\u00f6f\u00f0ingjar M\u00f3ab\u00edta voru hj\u00e1 B\u00edleam um n\u00f3ttina.<a name=\"9\"><span class=\"versanumer\">9<\/span><\/a>En Gu\u00f0 kom til B\u00edleams og sag\u00f0i: Hva\u00f0a menn eru \u00fea\u00f0, sem hj\u00e1 \u00fe\u00e9r eru?<a name=\"10\"><span class=\"versanumer\">10<\/span><\/a>B\u00edleam sag\u00f0i vi\u00f0 Gu\u00f0: Balak Sipp\u00f3rsson, konungur \u00ed M\u00f3ab, hefir gj\u00f6rt m\u00e9r \u00feessa or\u00f0sending:<a name=\"11\"><span class=\"versanumer\">11<\/span><\/a>Sj\u00e1, \u00fej\u00f3\u00f0 nokkur er h\u00e9r komin af Egyptalandi, og \u00feekur h\u00fan landi\u00f0 allt. Kom \u00fev\u00ed og bi\u00f0 henni b\u00f6lb\u00e6na fyrir mig. Vera m\u00e1, a\u00f0 \u00e9g geti \u00fe\u00e1 barist vi\u00f0 hana og st\u00f6kkt henni burt.<a name=\"12\"><span class=\"versanumer\">12<\/span><\/a>En Gu\u00f0 sag\u00f0i vi\u00f0 B\u00edleam: Eigi skalt \u00fe\u00fa fara me\u00f0 \u00feeim, og eigi skalt \u00fe\u00fa b\u00f6lva \u00feessari \u00fej\u00f3\u00f0, \u00fev\u00ed a\u00f0 h\u00fan er blessu\u00f0.<a name=\"13\"><span class=\"versanumer\">13<\/span><\/a>Morguninn eftir reis B\u00edleam \u00e1rla og sag\u00f0i vi\u00f0 h\u00f6f\u00f0ingja Balaks: Fari\u00f0 heim \u00ed land y\u00f0ar, \u00fev\u00ed a\u00f0 Drottinn vill ekki leyfa m\u00e9r a\u00f0 fara me\u00f0 y\u00f0ur.<a name=\"14\"><span class=\"versanumer\">14<\/span><\/a>Og h\u00f6f\u00f0ingjar M\u00f3ab\u00edta h\u00e9ldu af sta\u00f0 og komu til Balaks og s\u00f6g\u00f0u: B\u00edleam f\u00e6r\u00f0ist undan a\u00f0 fara me\u00f0 oss.<a name=\"15\"><span class=\"versanumer\">15<\/span><\/a>Balak sendi \u00fe\u00e1 enn h\u00f6f\u00f0ingja, fleiri og g\u00f6fuglegri en \u00feessir voru.<a name=\"16\"><span class=\"versanumer\">16<\/span><\/a>Og er \u00feeir komu \u00e1 fund B\u00edleams, s\u00f6g\u00f0u \u00feeir vi\u00f0 hann: Balak Sipp\u00f3rsson m\u00e6lir svo: L\u00e1t \u00fe\u00fa ekkert aftra \u00fe\u00e9r fr\u00e1 a\u00f0 koma \u00e1 minn fund.<a name=\"17\"><span class=\"versanumer\">17<\/span><\/a>\u00c9g vil veita \u00fe\u00e9r mikla s\u00e6md, og allt sem \u00fe\u00fa segir m\u00e9r, skal \u00e9g gj\u00f6ra. Kom \u00fev\u00ed og bi\u00f0 l\u00fd\u00f0 \u00feessum b\u00f6lb\u00e6na.<a name=\"18\"><span class=\"versanumer\">18<\/span><\/a>En B\u00edleam svara\u00f0i og sag\u00f0i vi\u00f0 \u00fej\u00f3na Balaks: \u00de\u00f3 a\u00f0 Balak g\u00e6fi m\u00e9r h\u00fas sitt fullt af silfri og gulli, g\u00e6ti \u00e9g samt ekki brug\u00f0i\u00f0 af bo\u00f0i Drottins, Gu\u00f0s m\u00edns, hvorki \u00ed sm\u00e1u n\u00e9 st\u00f3ru.<a name=\"19\"><span class=\"versanumer\">19<\/span><\/a>En veri\u00f0 \u00fe\u00e9r n\u00fa einnig h\u00e9r \u00ed n\u00f3tt, a\u00f0 \u00e9g megi vita, hva\u00f0 Drottinn enn vill vi\u00f0 mig tala.<a name=\"20\"><span class=\"versanumer\">20<\/span><\/a>\u00de\u00e1 kom Gu\u00f0 til B\u00edleams um n\u00f3ttina og sag\u00f0i vi\u00f0 hann: Ef menn \u00feessir eru komnir til a\u00f0 s\u00e6kja \u00feig, \u00fe\u00e1 r\u00eds \u00fe\u00fa upp og far me\u00f0 \u00feeim, og gj\u00f6r \u00fe\u00f3 \u00fea\u00f0 eitt, er \u00e9g b\u00fd\u00f0 \u00fe\u00e9r.<a name=\"21\"><span class=\"versanumer\">21<\/span><\/a>B\u00edleam reis \u00fev\u00ed \u00e1rla um morguninn, s\u00f6\u00f0la\u00f0i \u00f6snu s\u00edna og f\u00f3r me\u00f0 h\u00f6f\u00f0ingjum M\u00f3ab\u00edta.<a name=\"22\"><span class=\"versanumer\">22<\/span><\/a>En rei\u00f0i Gu\u00f0s upptendra\u00f0ist af \u00fev\u00ed, a\u00f0 hann f\u00f3r, og engill Drottins st\u00f3\u00f0 \u00ed g\u00f6tunni fyrir honum. En hann rei\u00f0 \u00f6snu sinni, og tveir sveinar hans voru me\u00f0 honum.<a name=\"23\"><span class=\"versanumer\">23<\/span><\/a>Og er asnan s\u00e1 engil Drottins standa \u00ed g\u00f6tunni me\u00f0 brug\u00f0i\u00f0 sver\u00f0 \u00ed hendi, sneri h\u00fan af g\u00f6tunni og f\u00f3r \u00fat \u00e1 grundina, en B\u00edleam bar\u00f0i \u00f6snuna til \u00feess a\u00f0 koma henni aftur \u00e1 g\u00f6tuna.<a name=\"24\"><span class=\"versanumer\">24<\/span><\/a>\u00de\u00e1 gekk engill Drottins \u00ed \u00f6ngvegi\u00f0 milli v\u00edngar\u00f0anna, og var grj\u00f3tgar\u00f0ur \u00e1 b\u00e1\u00f0ar hli\u00f0ar.<a name=\"25\"><span class=\"versanumer\">25<\/span><\/a>Og er asnan s\u00e1 engil Drottins, \u00ferengdi h\u00fan s\u00e9r upp a\u00f0 gar\u00f0inum og var\u00f0 f\u00f3tur B\u00edleams \u00ed milli. Bar\u00f0i hann hana \u00fe\u00e1 aftur.<a name=\"26\"><span class=\"versanumer\">26<\/span><\/a>\u00de\u00e1 gekk engill Drottins enn fram fyrir og nam sta\u00f0ar \u00ed einstigi, \u00fear sem ekki var\u00f0 viki\u00f0 til h\u00e6gri n\u00e9 vinstri.<a name=\"27\"><span class=\"versanumer\">27<\/span><\/a>Og er asnan s\u00e1 engil Drottins, lag\u00f0ist h\u00fan undir B\u00edleam. \u00de\u00e1 reiddist B\u00edleam og bar\u00f0i hana me\u00f0 staf s\u00ednum.<a name=\"28\"><span class=\"versanumer\">28<\/span><\/a>Drottinn lauk \u00fe\u00e1 upp munni \u00f6snunnar, og h\u00fan sag\u00f0i vi\u00f0 B\u00edleam: Hva\u00f0 hefi \u00e9g gj\u00f6rt \u00fe\u00e9r, er \u00fe\u00fa hefir n\u00fa bari\u00f0 mig \u00ferisvar?<a name=\"29\"><span class=\"versanumer\">29<\/span><\/a>En B\u00edleam sag\u00f0i vi\u00f0 \u00f6snuna: Af \u00fev\u00ed a\u00f0 \u00fe\u00fa hefir dregi\u00f0 d\u00e1r a\u00f0 m\u00e9r. V\u00e6ri svo vel, a\u00f0 \u00e9g hef\u00f0i sver\u00f0 \u00ed hendi, mundi \u00e9g \u00f3\u00f0ara drepa \u00feig.<a name=\"30\"><span class=\"versanumer\">30<\/span><\/a>\u00de\u00e1 sag\u00f0i asnan vi\u00f0 B\u00edleam: Er \u00e9g eigi asna \u00fe\u00edn, er \u00fe\u00fa hefir ri\u00f0i\u00f0 alla \u00fe\u00edna \u00e6vi fram \u00e1 \u00feennan dag? Hefi \u00e9g nokkurn t\u00edma veri\u00f0 v\u00f6n a\u00f0 gj\u00f6ra \u00fe\u00e9r \u00feetta? En hann sag\u00f0i: Nei.<a name=\"31\"><span class=\"versanumer\">31<\/span><\/a>\u00de\u00e1 lauk Drottinn upp augum B\u00edleams, svo a\u00f0 hann s\u00e1 engil Drottins standa \u00ed g\u00f6tunni me\u00f0 brug\u00f0i\u00f0 sver\u00f0 \u00ed hendi, og hann laut honum og f\u00e9ll fram \u00e1 \u00e1sj\u00f3nu s\u00edna.<a name=\"32\"><span class=\"versanumer\">32<\/span><\/a>En engill Drottins sag\u00f0i vi\u00f0 hann: Hv\u00ed hefir \u00fe\u00fa n\u00fa bari\u00f0 \u00f6snu \u00fe\u00edna \u00ferisvar sinnum? Sj\u00e1, \u00fea\u00f0 er \u00e9g, sem kominn er til a\u00f0 standa fyrir \u00fe\u00e9r, \u00fev\u00ed a\u00f0 \u00feessi f\u00f6r er h\u00e1skaleg \u00ed m\u00ednum augum.<a name=\"33\"><span class=\"versanumer\">33<\/span><\/a>Asnan s\u00e1 mig og v\u00e9k \u00ferisvar \u00far vegi fyrir m\u00e9r. Hef\u00f0i h\u00fan ekki viki\u00f0 fyrir m\u00e9r, mundi \u00e9g n\u00fa \u00feegar hafa deytt \u00feig, en hana mundi \u00e9g hafa l\u00e1ti\u00f0 l\u00edfi halda.<a name=\"34\"><span class=\"versanumer\">34<\/span><\/a>\u00de\u00e1 sag\u00f0i B\u00edleam vi\u00f0 engil Drottins: \u00c9g hefi syndga\u00f0, \u00fev\u00ed a\u00f0 \u00e9g vissi ekki a\u00f0 \u00fe\u00fa st\u00f3\u00f0st fyrir m\u00e9r \u00e1 veginum. Vil \u00e9g \u00fev\u00ed sn\u00faa aftur, ef \u00fe\u00e9r misl\u00edkar.<a name=\"35\"><span class=\"versanumer\">35<\/span><\/a>En engill Drottins sag\u00f0i vi\u00f0 B\u00edleam: Far \u00fe\u00fa me\u00f0 m\u00f6nnunum, en ekki m\u00e1tt \u00fe\u00fa tala anna\u00f0 en \u00fea\u00f0, sem \u00e9g mun segja \u00fe\u00e9r. B\u00edleam f\u00f3r \u00fe\u00e1 me\u00f0 h\u00f6f\u00f0ingjum Balaks.<a name=\"36\"><span class=\"versanumer\">36<\/span><\/a>Er Balak fr\u00e9tti a\u00f0 B\u00edleam k\u00e6mi, f\u00f3r hann \u00fat \u00ed m\u00f3ti honum til \u00cdr-M\u00f3ab, sem liggur \u00e1 landam\u00e6runum vi\u00f0 Arnon, \u00e1 ystu landam\u00e6runum.<a name=\"37\"><span class=\"versanumer\">37<\/span><\/a>Og Balak sag\u00f0i vi\u00f0 B\u00edleam: Sendi \u00e9g ekki menn til \u00fe\u00edn til \u00feess a\u00f0 s\u00e6kja \u00feig? Hv\u00ed komst \u00fe\u00fa \u00fe\u00e1 ekki til m\u00edn? Mun \u00e9g eigi \u00feess megnugur a\u00f0 veita \u00fe\u00e9r s\u00e6md fyrir?<a name=\"38\"><span class=\"versanumer\">38<\/span><\/a>En B\u00edleam sag\u00f0i vi\u00f0 Balak: Sj\u00e1, \u00e9g er n\u00fa kominn til \u00fe\u00edn. En mun \u00e9g f\u00e1 m\u00e6lt nokku\u00f0? \u00deau or\u00f0, sem Gu\u00f0 leggur m\u00e9r \u00ed munn, \u00feau mun \u00e9g m\u00e6la.<a name=\"39\"><span class=\"versanumer\">39<\/span><\/a>B\u00edleam f\u00f3r \u00fe\u00e1 me\u00f0 Balak, og \u00feeir komu til Kirjat K\u00fas\u00f3t.<a name=\"40\"><span class=\"versanumer\">40<\/span><\/a>Og Balak f\u00f3rna\u00f0i nautum og sau\u00f0um og sendi B\u00edleam og h\u00f6f\u00f0ingjum \u00feeim, sem me\u00f0 honum voru.<a name=\"41\"><span class=\"versanumer\">41<\/span><\/a>Um morguninn eftir t\u00f3k Balak B\u00edleam me\u00f0 s\u00e9r og f\u00f3r me\u00f0 hann upp til f\u00f3rnarh\u00e6\u00f0ar Baals, en \u00fea\u00f0an s\u00e1 hann ysta hluta herb\u00fa\u00f0a \u00cdsraels.<\/p>\n<div class=\"footnote1981\"><b>22.5<\/b> B\u00edleam 4M\u00f3s 31.8,16; 5M\u00f3s 23.5-6; J\u00f3s 13.22; 24.9-10; Neh 13.2; M\u00edk 6.5; 2P\u00e9t 2.15-16; J\u00fadt 11; Opb 2.14<br \/>\n<b>22.6<\/b> \u00c1rangur blessunarinnar 1M\u00f3s 27.33-40<br \/>\n<b>22.18<\/b> Silfur og gull sbr Job 28.15-19; Ljl 8.7; SSal 7.9<br \/>\n<b>22.22<\/b> \u00d3gnvekjandi engill Slm 35.5-6<br \/>\n<b>22.28<\/b> Talandi ansa 2P\u00e9t 2.16<br \/>\n<b>22.31<\/b> Lj\u00faka upp augum 2Kon 6.17; sbr 1M\u00f3s 19.11; 2Kon 6.18<br \/>\n<b>22.32<\/b> H\u00e6ttuleg, hverflyndi 2Kor 1.17<\/div>\n","protected":false},"excerpt":{"rendered":"<p>1\u00cdsraelsmenn l\u00f6g\u00f0u upp og settu b\u00fa\u00f0ir s\u00ednar \u00e1 M\u00f3abshei\u00f0um, hinumegin J\u00f3rdanar gegnt Jer\u00edk\u00f3.2En Balak Sipp\u00f3rsson s\u00e1 allt \u00fea\u00f0, sem \u00cdsrael gj\u00f6r\u00f0i Amor\u00edtum.3Ur\u00f0u M\u00f3ab\u00edtar \u00fe\u00e1 n\u00e6sta hr\u00e6ddir vi\u00f0 l\u00fd\u00f0inn, \u00fev\u00ed a\u00f0 hann var fj\u00f6lmennur, og \u00fea\u00f0 st\u00f3\u00f0 \u00feeim stuggur af \u00cdsraelsm\u00f6nnum.4\u00de\u00e1 s\u00f6g\u00f0u M\u00f3ab\u00edtar vi\u00f0 \u00f6ldunga Mid\u00edansmanna: N\u00fa mun mannfj\u00f6ldi \u00feessi upp eta allt \u00ed kringum oss, eins og uxar eta gr\u00e6ngresi \u00ed haga. Balak Sipp\u00f3rsson var um \u00fe\u00e6r mundir konungur \u00ed M\u00f3ab.5Sendi hann menn \u00e1 fund B\u00edleams Be\u00f3rssonar, til Pet\u00f3r, sem er vi\u00f0 Efrat, \u00ed land samlanda sinna, til \u00feess a\u00f0 s\u00e6kja hann, og l\u00e9t segja honum: Sj\u00e1, \u00fej\u00f3\u00f0 nokkur er <a href=\"https:\/\/biblian.is\/1981\/fjorda-mosebok-22-kafli\/\"> [&#8230;]<\/a><\/p>\n","protected":false},"author":1,"featured_media":0,"parent":0,"menu_order":0,"comment_status":"open","ping_status":"open","template":"bibliukaflar.php","meta":{"footnotes":""},"class_list":["post-1485","page","type-page","status-publish","hentry"],"_links":{"self":[{"href":"https:\/\/biblian.is\/1981\/wp-json\/wp\/v2\/pages\/1485","targetHints":{"allow":["GET"]}}],"collection":[{"href":"https:\/\/biblian.is\/1981\/wp-json\/wp\/v2\/pages"}],"about":[{"href":"https:\/\/biblian.is\/1981\/wp-json\/wp\/v2\/types\/page"}],"author":[{"embeddable":true,"href":"https:\/\/biblian.is\/1981\/wp-json\/wp\/v2\/users\/1"}],"replies":[{"embeddable":true,"href":"https:\/\/biblian.is\/1981\/wp-json\/wp\/v2\/comments?post=1485"}],"version-history":[{"count":0,"href":"https:\/\/biblian.is\/1981\/wp-json\/wp\/v2\/pages\/1485\/revisions"}],"wp:attachment":[{"href":"https:\/\/biblian.is\/1981\/wp-json\/wp\/v2\/media?parent=1485"}],"curies":[{"name":"wp","href":"https:\/\/api.w.org\/{rel}","templated":true}]}}