{"id":1482,"date":"2017-11-18T20:17:28","date_gmt":"2017-11-18T20:17:28","guid":{"rendered":"http:\/\/biblian.is\/1981\/fjorda-mosebok-19-kafli\/"},"modified":"2021-06-06T10:56:36","modified_gmt":"2021-06-06T10:56:36","slug":"fjorda-mosebok-19-kafli","status":"publish","type":"page","link":"https:\/\/biblian.is\/1981\/fjorda-mosebok-19-kafli\/","title":{"rendered":"Fj\u00f3r\u00f0a M\u00f3seb\u00f3k 19. kafli"},"content":{"rendered":"<p><a name=\"1\"><span class=\"versanumer\">1<\/span><\/a>Drottinn tala\u00f0i vi\u00f0 M\u00f3se og Aron og sag\u00f0i:<a name=\"2\"><span class=\"versanumer\">2<\/span><\/a>\u00deetta er \u00e1kv\u00e6\u00f0i \u00ed l\u00f6gm\u00e1linu, er Drottinn hefir bo\u00f0i\u00f0, er hann sag\u00f0i: Seg vi\u00f0 \u00cdsraelsmenn, a\u00f0 \u00feeir skuli f\u00e6ra \u00fe\u00e9r rau\u00f0a kv\u00edgu gallalausa, sem enginn l\u00fdti hefir og ekki hefir veri\u00f0 leidd undir ok.<a name=\"3\"><span class=\"versanumer\">3<\/span><\/a>Skulu\u00f0 \u00fe\u00e9r f\u00e1 hana Eleasar presti, og skal \u00fev\u00ed n\u00e6st f\u00e6ra hana \u00fat fyrir herb\u00fa\u00f0irnar og sl\u00e1tra henni \u00ed augs\u00fdn hans.<a name=\"4\"><span class=\"versanumer\">4<\/span><\/a>Og Eleasar prestur skal taka af bl\u00f3\u00f0i hennar me\u00f0 fingri s\u00ednum og st\u00f6kkva sj\u00f6 sinnum af bl\u00f3\u00f0i hennar m\u00f3t framhli\u00f0 samfundatjaldsins.<a name=\"5\"><span class=\"versanumer\">5<\/span><\/a>S\u00ed\u00f0an skal brenna kv\u00edguna fyrir augum hans. Skal brenna b\u00e6\u00f0i h\u00fa\u00f0ina, kj\u00f6ti\u00f0 og bl\u00f3\u00f0i\u00f0, \u00e1samt gorinu.<a name=\"6\"><span class=\"versanumer\">6<\/span><\/a>\u00de\u00e1 skal prestur taka sedrusvi\u00f0, \u00eds\u00f3psv\u00f6nd og skarlat og kasta \u00e1 b\u00e1li\u00f0, \u00fear sem kv\u00edgan brennur.<a name=\"7\"><span class=\"versanumer\">7<\/span><\/a>\u00dev\u00ed n\u00e6st skal prestur \u00fevo kl\u00e6\u00f0i s\u00edn og lauga l\u00edkama sinn \u00ed vatni. S\u00ed\u00f0an gangi hann \u00ed herb\u00fa\u00f0irnar. \u00de\u00f3 skal prestur vera \u00f3hreinn til kvelds.<a name=\"8\"><span class=\"versanumer\">8<\/span><\/a>S\u00f6mulei\u00f0is skal s\u00e1, sem brennir hana, \u00fevo kl\u00e6\u00f0i s\u00edn \u00ed vatni og lauga l\u00edkama sinn \u00ed vatni. Hann skal og vera \u00f3hreinn til kvelds.<a name=\"9\"><span class=\"versanumer\">9<\/span><\/a>S\u00ed\u00f0an skal einhver, sem hreinn er, safna saman \u00f6skunni af kv\u00edgunni og l\u00e1ta hana \u00e1 hreinan sta\u00f0 fyrir utan herb\u00fa\u00f0irnar, svo a\u00f0 h\u00fan s\u00e9 geymd handa s\u00f6fnu\u00f0i \u00cdsraelsmanna \u00ed hreinsunarvatn. \u00deetta er syndaf\u00f3rn.<a name=\"10\"><span class=\"versanumer\">10<\/span><\/a>En s\u00e1 sem safnar saman \u00f6skunni af kv\u00edgunni, skal \u00fevo kl\u00e6\u00f0i s\u00edn og vera \u00f3hreinn til kvelds. \u00deetta skal vera \u00e6vinlegt l\u00f6gm\u00e1l fyrir \u00cdsraelsmenn og fyrir \u00fe\u00e1 \u00fatlendinga, er dvelja me\u00f0al \u00feeirra:<a name=\"11\"><span class=\"versanumer\">11<\/span><\/a>S\u00e1 sem snertir l\u00edk, af hva\u00f0a manni sem vera skal, hann skal vera \u00f3hreinn sj\u00f6 daga.<a name=\"12\"><span class=\"versanumer\">12<\/span><\/a>Hann skal syndhreinsa sig me\u00f0 hreinsunarvatninu \u00e1 \u00feri\u00f0ja degi og \u00e1 sj\u00f6unda degi, og er \u00fe\u00e1 hreinn. En ef hann syndhreinsar sig ekki \u00e1 \u00feri\u00f0ja degi og \u00e1 sj\u00f6unda degi, mun hann eigi hreinn ver\u00f0a.<a name=\"13\"><span class=\"versanumer\">13<\/span><\/a>Hver sem snertir dau\u00f0an mann, l\u00edk af dau\u00f0um manni, og syndhreinsar sig ekki, hann saurgar b\u00fa\u00f0 Drottins, og skal s\u00e1 ma\u00f0ur uppr\u00e6ttur ver\u00f0a \u00far \u00cdsrael. Af \u00fev\u00ed a\u00f0 hreinsunarvatninu var ekki st\u00f6kkt \u00e1 hann, er hann \u00f3hreinn. \u00d3hreinleiki hans lo\u00f0ir enn vi\u00f0 hann.<a name=\"14\"><span class=\"versanumer\">14<\/span><\/a>\u00deetta skulu l\u00f6g vera, \u00feegar ma\u00f0ur deyr \u00ed tjaldi: Hver sem inn \u00ed tjaldi\u00f0 gengur, og hver sem \u00ed tjaldinu er, skal vera \u00f3hreinn sj\u00f6 daga.<a name=\"15\"><span class=\"versanumer\">15<\/span><\/a>Og hvert opi\u00f0 \u00edl\u00e1t, sem ekki er bundi\u00f0 yfir, skal vera \u00f3hreint.<a name=\"16\"><span class=\"versanumer\">16<\/span><\/a>Og hver sem \u00fati \u00e1 v\u00ed\u00f0avangi snertir l\u00edk af vegnum manni e\u00f0a l\u00e1tnum manni e\u00f0a mannabein e\u00f0a gr\u00f6f, hann skal vera \u00f3hreinn sj\u00f6 daga.<a name=\"17\"><span class=\"versanumer\">17<\/span><\/a>En handa \u00feeim, er saurga\u00f0 hefir sig, skal taka \u00f6sku af brenndu syndaf\u00f3rninni, l\u00e1ta hana \u00ed ker og hella yfir hana rennandi vatni.<a name=\"18\"><span class=\"versanumer\">18<\/span><\/a>S\u00ed\u00f0an skal hreinn ma\u00f0ur taka \u00eds\u00f3psv\u00f6nd, d\u00fdfa \u00ed vatni\u00f0 og st\u00f6kkva \u00e1 tjaldi\u00f0 og \u00f6ll \u00edl\u00e1tin og \u00e1 \u00fe\u00e1 menn, sem \u00fear voru inni, svo og \u00e1 \u00feann, er snert hefir mannabein e\u00f0a l\u00edk af vegnum manni e\u00f0a l\u00e1tnum e\u00f0a gr\u00f6f.<a name=\"19\"><span class=\"versanumer\">19<\/span><\/a>Og skal hinn hreini st\u00f6kkva \u00e1 hinn \u00f3hreina \u00e1 \u00feri\u00f0ja degi og \u00e1 sj\u00f6unda degi, og hann skal syndhreinsa hann \u00e1 sj\u00f6unda degi. \u00dev\u00ed n\u00e6st skal hann \u00fevo kl\u00e6\u00f0i s\u00edn og lauga sig \u00ed vatni, og er hann \u00fe\u00e1 hreinn a\u00f0 kveldi.<a name=\"20\"><span class=\"versanumer\">20<\/span><\/a>En ef einhver saurgar sig og syndhreinsar sig ekki, s\u00e1 ma\u00f0ur skal uppr\u00e6ttur ver\u00f0a \u00far s\u00f6fnu\u00f0inum, \u00fev\u00ed a\u00f0 hann hefir saurga\u00f0 helgid\u00f3m Drottins. Hreinsunarvatni hefir ekki veri\u00f0 st\u00f6kkt \u00e1 hann, hann er \u00f3hreinn.<a name=\"21\"><span class=\"versanumer\">21<\/span><\/a>Skal \u00feetta vera y\u00f0ur \u00e6vinlegt l\u00f6gm\u00e1l. S\u00e1 sem st\u00f6kkvir hreinsunarvatninu, skal \u00fevo kl\u00e6\u00f0i s\u00edn, og s\u00e1 sem snertir hreinsunarvatni\u00f0, skal vera \u00f3hreinn til kvelds.<a name=\"22\"><span class=\"versanumer\">22<\/span><\/a>Og allt \u00fea\u00f0, sem hinn \u00f3hreini snertir, skal vera \u00f3hreint, og ef ma\u00f0ur snertir hann, skal hann vera \u00f3hreinn til kvelds.til kvelds.><\/p>\n<div class=\"footnote1981\"><b>19.2<\/b> Ekki bori\u00f0 undir ok 5M\u00f3s 21.3; sbr 2M\u00f3s 20.25; 3M\u00f3s 21.13-14; Mrk 11.2; L\u00fak 19.30<br \/>\n<b>19.4<\/b> Sj\u00f6 sinnum 3M\u00f3s 4.6; 14.7; 16.14<br \/>\n<b>19.6<\/b> Sedrusvi\u00f0ur, \u00eds\u00f3pur og skarlat 3M\u00f3s 14.4,6,49<br \/>\n<b>19.9<\/b> Hreinsunarvatn Heb 9.13<br \/>\n<b>19.13<\/b> Syndgar af \u00e1setningi 4M\u00f3s 15.30-31<\/div>\n","protected":false},"excerpt":{"rendered":"<p>1Drottinn tala\u00f0i vi\u00f0 M\u00f3se og Aron og sag\u00f0i:2\u00deetta er \u00e1kv\u00e6\u00f0i \u00ed l\u00f6gm\u00e1linu, er Drottinn hefir bo\u00f0i\u00f0, er hann sag\u00f0i: Seg vi\u00f0 \u00cdsraelsmenn, a\u00f0 \u00feeir skuli f\u00e6ra \u00fe\u00e9r rau\u00f0a kv\u00edgu gallalausa, sem enginn l\u00fdti hefir og ekki hefir veri\u00f0 leidd undir ok.3Skulu\u00f0 \u00fe\u00e9r f\u00e1 hana Eleasar presti, og skal \u00fev\u00ed n\u00e6st f\u00e6ra hana \u00fat fyrir herb\u00fa\u00f0irnar og sl\u00e1tra henni \u00ed augs\u00fdn hans.4Og Eleasar prestur skal taka af bl\u00f3\u00f0i hennar me\u00f0 fingri s\u00ednum og st\u00f6kkva sj\u00f6 sinnum af bl\u00f3\u00f0i hennar m\u00f3t framhli\u00f0 samfundatjaldsins.5S\u00ed\u00f0an skal brenna kv\u00edguna fyrir augum hans. Skal brenna b\u00e6\u00f0i h\u00fa\u00f0ina, kj\u00f6ti\u00f0 og bl\u00f3\u00f0i\u00f0, \u00e1samt gorinu.6\u00de\u00e1 skal prestur taka sedrusvi\u00f0, <a href=\"https:\/\/biblian.is\/1981\/fjorda-mosebok-19-kafli\/\"> [&#8230;]<\/a><\/p>\n","protected":false},"author":1,"featured_media":0,"parent":0,"menu_order":0,"comment_status":"open","ping_status":"open","template":"bibliukaflar.php","meta":{"footnotes":""},"class_list":["post-1482","page","type-page","status-publish","hentry"],"_links":{"self":[{"href":"https:\/\/biblian.is\/1981\/wp-json\/wp\/v2\/pages\/1482","targetHints":{"allow":["GET"]}}],"collection":[{"href":"https:\/\/biblian.is\/1981\/wp-json\/wp\/v2\/pages"}],"about":[{"href":"https:\/\/biblian.is\/1981\/wp-json\/wp\/v2\/types\/page"}],"author":[{"embeddable":true,"href":"https:\/\/biblian.is\/1981\/wp-json\/wp\/v2\/users\/1"}],"replies":[{"embeddable":true,"href":"https:\/\/biblian.is\/1981\/wp-json\/wp\/v2\/comments?post=1482"}],"version-history":[{"count":0,"href":"https:\/\/biblian.is\/1981\/wp-json\/wp\/v2\/pages\/1482\/revisions"}],"wp:attachment":[{"href":"https:\/\/biblian.is\/1981\/wp-json\/wp\/v2\/media?parent=1482"}],"curies":[{"name":"wp","href":"https:\/\/api.w.org\/{rel}","templated":true}]}}