{"id":1475,"date":"2017-11-18T20:17:28","date_gmt":"2017-11-18T20:17:28","guid":{"rendered":"http:\/\/biblian.is\/1981\/fjorda-mosebok-12-kafli\/"},"modified":"2021-06-06T10:56:34","modified_gmt":"2021-06-06T10:56:34","slug":"fjorda-mosebok-12-kafli","status":"publish","type":"page","link":"https:\/\/biblian.is\/1981\/fjorda-mosebok-12-kafli\/","title":{"rendered":"Fj\u00f3r\u00f0a M\u00f3seb\u00f3k 12. kafli"},"content":{"rendered":"<p><a name=\"1\"><span class=\"versanumer\">1<\/span><\/a>Mirjam og Aron m\u00e6ltu \u00ed gegn M\u00f3se vegna bl\u00e1lensku konunnar, er hann haf\u00f0i gengi\u00f0 a\u00f0 eiga, \u00fev\u00ed a\u00f0 hann haf\u00f0i gengi\u00f0 a\u00f0 eiga bl\u00e1lenska konu.<a name=\"2\"><span class=\"versanumer\">2<\/span><\/a>Og \u00feau s\u00f6g\u00f0u: Hefir Drottinn a\u00f0eins tala\u00f0 vi\u00f0 M\u00f3se? Hefir hann ekki tala\u00f0 vi\u00f0 okkur l\u00edka? Og Drottinn heyr\u00f0i \u00fea\u00f0.<a name=\"3\"><span class=\"versanumer\">3<\/span><\/a>En ma\u00f0urinn M\u00f3se var einkar h\u00f3gv\u00e6r, framar \u00f6llum m\u00f6nnum \u00e1 j\u00f6r\u00f0u.<a name=\"4\"><span class=\"versanumer\">4<\/span><\/a>\u00de\u00e1 tala\u00f0i Drottinn allt \u00ed einu til M\u00f3se, Arons og Mirjam: Fari\u00f0 \u00fei\u00f0 \u00ferj\u00fa til samfundatjaldsins! Og \u00feau gengu \u00feanga\u00f0 \u00ferj\u00fa.<a name=\"5\"><span class=\"versanumer\">5<\/span><\/a>\u00de\u00e1 st\u00e9 Drottinn ni\u00f0ur \u00ed sk\u00fdst\u00f3lpanum og nam sta\u00f0ar \u00ed tjalddyrunum og kalla\u00f0i \u00e1 Aron og Mirjam, og \u00feau gengu b\u00e6\u00f0i fram.<a name=\"6\"><span class=\"versanumer\">6<\/span><\/a>Og hann sag\u00f0i: Heyri\u00f0 or\u00f0 m\u00edn! \u00deegar sp\u00e1ma\u00f0ur er me\u00f0al y\u00f0ar, \u00fe\u00e1 birtist \u00e9g honum \u00ed s\u00fdn, e\u00f0a tala vi\u00f0 hann \u00ed draumi.<a name=\"7\"><span class=\"versanumer\">7<\/span><\/a>Ekki er \u00fev\u00ed \u00feannig fari\u00f0 um \u00fej\u00f3n minn M\u00f3se. Honum er tr\u00faa\u00f0 fyrir \u00f6llu h\u00fasi m\u00ednu.<a name=\"8\"><span class=\"versanumer\">8<\/span><\/a>\u00c9g tala vi\u00f0 hann munni til munns, berlega og eigi \u00ed r\u00e1\u00f0g\u00e1tum, og hann s\u00e9r mynd Drottins. Og hv\u00ed skirr\u00f0ust \u00fei\u00f0 \u00fe\u00e1 eigi vi\u00f0 a\u00f0 m\u00e6la \u00ed gegn \u00fej\u00f3ni m\u00ednum, \u00ed gegn M\u00f3se?<a name=\"9\"><span class=\"versanumer\">9<\/span><\/a>Rei\u00f0i Drottins upptendra\u00f0ist gegn \u00feeim, og hann f\u00f3r burt.<a name=\"10\"><span class=\"versanumer\">10<\/span><\/a>Og sk\u00fdi\u00f0 v\u00e9k burt fr\u00e1 tjaldinu, og sj\u00e1, Mirjam var or\u00f0in l\u00edk\u00fer\u00e1, hv\u00edt sem snj\u00f3r. Aron sneri s\u00e9r a\u00f0 Mirjam, og sj\u00e1, h\u00fan var or\u00f0in l\u00edk\u00fer\u00e1.<a name=\"11\"><span class=\"versanumer\">11<\/span><\/a>\u00de\u00e1 sag\u00f0i Aron vi\u00f0 M\u00f3se: \u00c6, herra minn! L\u00e1t okkur eigi gjalda \u00feess, a\u00f0 vi\u00f0 breyttum heimskulega og syndgu\u00f0um.<a name=\"12\"><span class=\"versanumer\">12<\/span><\/a>\u00c6, l\u00e1t hana eigi vera sem andvana bur\u00f0, sem helmingurinn af holdinu er rotna\u00f0ur \u00e1, \u00fe\u00e1 er hann kemur af m\u00f3\u00f0url\u00edfi.<a name=\"13\"><span class=\"versanumer\">13<\/span><\/a>M\u00f3se hr\u00f3pa\u00f0i til Drottins: \u00c6, Gu\u00f0! Gj\u00f6r hana aftur heila!<a name=\"14\"><span class=\"versanumer\">14<\/span><\/a>\u00de\u00e1 sag\u00f0i Drottinn vi\u00f0 M\u00f3se: Ef fa\u00f0ir hennar hef\u00f0i hr\u00e6kt \u00ed andlit henni, mundi h\u00fan \u00fe\u00e1 eigi hafa or\u00f0i\u00f0 a\u00f0 bera kinnro\u00f0a \u00ed sj\u00f6 daga? Skal h\u00fan \u00ed sj\u00f6 daga vera inni byrg\u00f0 utan herb\u00fa\u00f0a, en eftir \u00fea\u00f0 m\u00e1 taka hana inn aftur.<a name=\"15\"><span class=\"versanumer\">15<\/span><\/a>Og Mirjam var byrg\u00f0 inni sj\u00f6 daga fyrir utan herb\u00fa\u00f0irnar, og l\u00fd\u00f0urinn lag\u00f0i ekki upp fyrr en Mirjam var aftur inn tekin.<a name=\"16\"><span class=\"versanumer\">16<\/span><\/a>Eftir \u00feetta lag\u00f0i l\u00fd\u00f0urinn upp fr\u00e1 Haser\u00f3t og setti herb\u00fa\u00f0ir s\u00ednar \u00ed Paran-ey\u00f0im\u00f6rk.<\/p>\n<div class=\"footnote1981\"><b>12.7<\/b> Tr\u00faa\u00f0 fyrir Heb 3.2<br \/>\n<b>12.8<\/b> Mynd Drottins 2M\u00f3s 33.20-23<br \/>\n<b>12.14<\/b> Utan herb\u00fa\u00f0a 4M\u00f3s 5.2-3; 3M\u00f3s 13.46<\/div>\n","protected":false},"excerpt":{"rendered":"<p>1Mirjam og Aron m\u00e6ltu \u00ed gegn M\u00f3se vegna bl\u00e1lensku konunnar, er hann haf\u00f0i gengi\u00f0 a\u00f0 eiga, \u00fev\u00ed a\u00f0 hann haf\u00f0i gengi\u00f0 a\u00f0 eiga bl\u00e1lenska konu.2Og \u00feau s\u00f6g\u00f0u: Hefir Drottinn a\u00f0eins tala\u00f0 vi\u00f0 M\u00f3se? Hefir hann ekki tala\u00f0 vi\u00f0 okkur l\u00edka? Og Drottinn heyr\u00f0i \u00fea\u00f0.3En ma\u00f0urinn M\u00f3se var einkar h\u00f3gv\u00e6r, framar \u00f6llum m\u00f6nnum \u00e1 j\u00f6r\u00f0u.4\u00de\u00e1 tala\u00f0i Drottinn allt \u00ed einu til M\u00f3se, Arons og Mirjam: Fari\u00f0 \u00fei\u00f0 \u00ferj\u00fa til samfundatjaldsins! Og \u00feau gengu \u00feanga\u00f0 \u00ferj\u00fa.5\u00de\u00e1 st\u00e9 Drottinn ni\u00f0ur \u00ed sk\u00fdst\u00f3lpanum og nam sta\u00f0ar \u00ed tjalddyrunum og kalla\u00f0i \u00e1 Aron og Mirjam, og \u00feau gengu b\u00e6\u00f0i fram.6Og hann sag\u00f0i: Heyri\u00f0 or\u00f0 m\u00edn! <a href=\"https:\/\/biblian.is\/1981\/fjorda-mosebok-12-kafli\/\"> [&#8230;]<\/a><\/p>\n","protected":false},"author":1,"featured_media":0,"parent":0,"menu_order":0,"comment_status":"open","ping_status":"open","template":"bibliukaflar.php","meta":{"footnotes":""},"class_list":["post-1475","page","type-page","status-publish","hentry"],"_links":{"self":[{"href":"https:\/\/biblian.is\/1981\/wp-json\/wp\/v2\/pages\/1475","targetHints":{"allow":["GET"]}}],"collection":[{"href":"https:\/\/biblian.is\/1981\/wp-json\/wp\/v2\/pages"}],"about":[{"href":"https:\/\/biblian.is\/1981\/wp-json\/wp\/v2\/types\/page"}],"author":[{"embeddable":true,"href":"https:\/\/biblian.is\/1981\/wp-json\/wp\/v2\/users\/1"}],"replies":[{"embeddable":true,"href":"https:\/\/biblian.is\/1981\/wp-json\/wp\/v2\/comments?post=1475"}],"version-history":[{"count":0,"href":"https:\/\/biblian.is\/1981\/wp-json\/wp\/v2\/pages\/1475\/revisions"}],"wp:attachment":[{"href":"https:\/\/biblian.is\/1981\/wp-json\/wp\/v2\/media?parent=1475"}],"curies":[{"name":"wp","href":"https:\/\/api.w.org\/{rel}","templated":true}]}}