{"id":1474,"date":"2017-11-18T20:17:28","date_gmt":"2017-11-18T20:17:28","guid":{"rendered":"http:\/\/biblian.is\/1981\/fjorda-mosebok-11-kafli\/"},"modified":"2021-06-06T10:51:24","modified_gmt":"2021-06-06T10:51:24","slug":"fjorda-mosebok-11-kafli","status":"publish","type":"page","link":"https:\/\/biblian.is\/1981\/fjorda-mosebok-11-kafli\/","title":{"rendered":"Fj\u00f3r\u00f0a M\u00f3seb\u00f3k 11. kafli"},"content":{"rendered":"<p><a name=\"1\"><span class=\"versanumer\">1<\/span><\/a>L\u00fd\u00f0urinn t\u00f3k a\u00f0 m\u00f6gla h\u00e1tt gegn Drottni yfir b\u00f6li s\u00ednu. Og er Drottinn heyr\u00f0i \u00fea\u00f0, upptendra\u00f0ist rei\u00f0i hans. Kvikna\u00f0i \u00fe\u00e1 eldur fr\u00e1 Drottni me\u00f0al \u00feeirra og eyddi ysta hluta herb\u00fa\u00f0anna.<a name=\"2\"><span class=\"versanumer\">2<\/span><\/a>\u00de\u00e1 kveina\u00f0i l\u00fd\u00f0urinn fyrir M\u00f3se, og M\u00f3se ba\u00f0 til Drottins. T\u00f3k \u00fe\u00e1 eldurinn a\u00f0 slokkna.<a name=\"3\"><span class=\"versanumer\">3<\/span><\/a>Var sta\u00f0ur \u00feessi kalla\u00f0ur Tabera, \u00fev\u00ed a\u00f0 eldur Drottins kvikna\u00f0i me\u00f0al \u00feeirra.<a name=\"4\"><span class=\"versanumer\">4<\/span><\/a>\u00datlendur l\u00fd\u00f0ur, sem me\u00f0 \u00feeim var, fylltist lysting. T\u00f3ku \u00cdsraelsmenn \u00fe\u00e1 einnig a\u00f0 kveina og s\u00f6g\u00f0u: Hver gefur oss n\u00fa kj\u00f6t a\u00f0 eta?<a name=\"5\"><span class=\"versanumer\">5<\/span><\/a>V\u00edst munum v\u00e9r eftir fiskinum, sem v\u00e9r \u00e1tum \u00e1 Egyptalandi fyrir ekki neitt, eftir ag\u00farkunum, mel\u00f3nunum, graslauknum, bl\u00f3mlauknum og hnapplauknum.<a name=\"6\"><span class=\"versanumer\">6<\/span><\/a>En n\u00fa \u00f6rmagnast s\u00e1la vor. H\u00e9r er alls ekki neitt, v\u00e9r sj\u00e1um ekkert nema \u00feetta manna.<a name=\"7\"><span class=\"versanumer\">7<\/span><\/a>Manna var eins og k\u00f3r\u00edanderfr\u00e6 og a\u00f0 \u00fatliti sem bedolakharpeis.<a name=\"8\"><span class=\"versanumer\">8<\/span><\/a>F\u00f3lki\u00f0 f\u00f3r \u00e1 v\u00ed\u00f0 og dreif og t\u00edndi, og \u00feeir m\u00f6lu\u00f0u \u00fea\u00f0 \u00ed handkv\u00f6rnum e\u00f0a steyttu \u00fea\u00f0 \u00ed mort\u00e9li, su\u00f0u \u00fev\u00ed n\u00e6st \u00ed pottum og gj\u00f6r\u00f0u \u00far \u00fev\u00ed k\u00f6kur, en \u00fea\u00f0 var \u00e1 brag\u00f0i\u00f0 eins og ol\u00eduk\u00f6kur.<a name=\"9\"><span class=\"versanumer\">9<\/span><\/a>Og \u00feegar d\u00f6gg f\u00e9ll \u00e1 n\u00f3ttum yfir herb\u00fa\u00f0irnar, \u00fe\u00e1 f\u00e9ll og manna yfir \u00fe\u00e6r.<a name=\"10\"><span class=\"versanumer\">10<\/span><\/a>M\u00f3se heyr\u00f0i f\u00f3lki\u00f0 gr\u00e1ta, hvern me\u00f0 sitt skuldali\u00f0 fyrir dyrum tjalds s\u00edns. Upptendra\u00f0ist \u00fe\u00e1 rei\u00f0i Drottins \u00e1kaflega, og f\u00e9ll M\u00f3se \u00fea\u00f0 illa.<a name=\"11\"><span class=\"versanumer\">11<\/span><\/a>M\u00f3se sag\u00f0i vi\u00f0 Drottin: Hv\u00ed gj\u00f6rir \u00fe\u00fa svo illa vi\u00f0 \u00fej\u00f3n \u00feinn, og hv\u00ed hefi \u00e9g eigi fundi\u00f0 n\u00e1\u00f0 \u00ed augum \u00fe\u00ednum, a\u00f0 \u00fe\u00fa skulir leggja \u00e1 mig byr\u00f0i alls \u00feessa f\u00f3lks?<a name=\"12\"><span class=\"versanumer\">12<\/span><\/a>Hefi \u00e9g gengi\u00f0 \u00feunga\u00f0ur a\u00f0 \u00f6llu \u00feessu f\u00f3lki? Hefi \u00e9g bori\u00f0 \u00fea\u00f0 \u00ed heiminn, a\u00f0 \u00fe\u00fa skulir segja vi\u00f0 mig: Ber \u00fea\u00f0 \u00ed fa\u00f0mi \u00fe\u00e9r, eins og barnf\u00f3stri ber brj\u00f3stmylking, inn \u00ed landi\u00f0, sem \u00fe\u00fa s\u00f3rst fe\u00f0rum \u00feeirra?<a name=\"13\"><span class=\"versanumer\">13<\/span><\/a>Hva\u00f0an \u00e1 \u00e9g a\u00f0 f\u00e1 kj\u00f6t til a\u00f0 gefa \u00f6llu \u00feessu f\u00f3lki? \u00dev\u00ed a\u00f0 \u00feeir gr\u00e1ta fyrir m\u00e9r og segja: Gef oss kj\u00f6t a\u00f0 eta!<a name=\"14\"><span class=\"versanumer\">14<\/span><\/a>\u00c9g r\u00eds ekki einn undir \u00f6llu \u00feessu f\u00f3lki, \u00fev\u00ed a\u00f0 \u00fea\u00f0 er m\u00e9r of \u00feungt.<a name=\"15\"><span class=\"versanumer\">15<\/span><\/a>Og ef \u00fe\u00fa \u00e6tlar a\u00f0 fara svona me\u00f0 mig, \u00fe\u00e1 dey\u00f0 mig heldur hreinlega, ef \u00e9g hefi fundi\u00f0 n\u00e1\u00f0 \u00ed augum \u00fe\u00ednum, svo a\u00f0 \u00e9g \u00feurfi eigi a\u00f0 horfa upp \u00e1 \u00f3g\u00e6fu m\u00edna.<a name=\"16\"><span class=\"versanumer\">16<\/span><\/a>\u00de\u00e1 sag\u00f0i Drottinn vi\u00f0 M\u00f3se: Safna \u00fe\u00fa m\u00e9r sj\u00f6t\u00edu m\u00f6nnum af \u00f6ldungum \u00cdsraels, sem \u00fe\u00fa veist a\u00f0 eru \u00f6ldungar me\u00f0al f\u00f3lksins og tilsj\u00f3narmenn \u00feess, og skalt \u00fe\u00fa fara me\u00f0 \u00fe\u00e1 a\u00f0 samfundatjaldinu, svo a\u00f0 \u00feeir skipi s\u00e9r \u00fear \u00e1samt \u00fe\u00e9r.<a name=\"17\"><span class=\"versanumer\">17<\/span><\/a>Og \u00e9g vil st\u00edga ni\u00f0ur og tala \u00fear vi\u00f0 \u00feig, og \u00e9g vil taka af anda \u00feeim, sem yfir \u00fe\u00e9r er, og leggja yfir \u00fe\u00e1, svo a\u00f0 \u00feeir beri me\u00f0 \u00fe\u00e9r byr\u00f0i f\u00f3lksins og \u00fe\u00fa berir hana ekki einn.<a name=\"18\"><span class=\"versanumer\">18<\/span><\/a>Og til f\u00f3lksins skalt \u00fe\u00fa m\u00e6la: Helgi\u00f0 y\u00f0ur til morguns. \u00de\u00e1 skulu\u00f0 \u00fe\u00e9r f\u00e1 kj\u00f6t a\u00f0 eta. \u00dev\u00ed a\u00f0 \u00fe\u00e9r hafi\u00f0 kveina\u00f0 \u00ed eyru Drottins og sagt: Hver gefur oss kj\u00f6t a\u00f0 eta? \u00fev\u00ed a\u00f0 vel lei\u00f0 oss \u00ed Egyptalandi. Og Drottinn mun gefa y\u00f0ur kj\u00f6t a\u00f0 eta.<a name=\"19\"><span class=\"versanumer\">19<\/span><\/a>\u00de\u00e9r skulu\u00f0 ekki eta \u00fea\u00f0 einn dag, og ekki tvo daga, og ekki fimm daga, og ekki t\u00edu daga, og ekki tuttugu daga,<a name=\"20\"><span class=\"versanumer\">20<\/span><\/a>heldur heilan m\u00e1nu\u00f0, \u00feanga\u00f0 til \u00fea\u00f0 gengur \u00fat af n\u00f6sum y\u00f0ar og y\u00f0ur b\u00fd\u00f0ur vi\u00f0 \u00fev\u00ed, af \u00fev\u00ed a\u00f0 \u00fe\u00e9r hafi\u00f0 hafna\u00f0 Drottni, sem me\u00f0al y\u00f0ar er, og kveina\u00f0 fyrir augliti hans og sagt: Hv\u00ed f\u00f3rum v\u00e9r burt \u00far Egyptalandi?<a name=\"21\"><span class=\"versanumer\">21<\/span><\/a>\u00de\u00e1 sag\u00f0i M\u00f3se: F\u00f3lki\u00f0, sem \u00e9g er me\u00f0, er sex hundru\u00f0 \u00fe\u00fasund f\u00f3tgangandi manna, og \u00fe\u00fa segir: \u00c9g vil gefa \u00feeim kj\u00f6t a\u00f0 eta \u00ed heilan m\u00e1nu\u00f0.<a name=\"22\"><span class=\"versanumer\">22<\/span><\/a>\u00c1 \u00fe\u00e1 a\u00f0 sl\u00e1tra sau\u00f0um og nautum handa \u00feeim, svo a\u00f0 \u00feeim n\u00e6gi? E\u00f0a \u00e1 a\u00f0 safna saman \u00f6llum fiskum \u00ed sj\u00f3num handa \u00feeim, svo a\u00f0 \u00feeim n\u00e6gi?<a name=\"23\"><span class=\"versanumer\">23<\/span><\/a>Drottinn sag\u00f0i vi\u00f0 M\u00f3se: Er \u00fe\u00e1 h\u00f6nd Drottins stutt or\u00f0in? N\u00fa skalt \u00fe\u00fa sj\u00e1, hvort or\u00f0 m\u00edn koma fram vi\u00f0 \u00feig e\u00f0a ekki.<a name=\"24\"><span class=\"versanumer\">24<\/span><\/a>M\u00f3se gekk burt og bar f\u00f3lkinu or\u00f0 Drottins og safna\u00f0i saman sj\u00f6t\u00edu manns af \u00f6ldungum f\u00f3lksins og l\u00e9t \u00fe\u00e1 skipa s\u00e9r umhverfis tjaldi\u00f0.<a name=\"25\"><span class=\"versanumer\">25<\/span><\/a>Og Drottinn st\u00e9 ni\u00f0ur \u00ed sk\u00fdinu og tala\u00f0i vi\u00f0 hann, og hann t\u00f3k af anda \u00feeim, sem yfir honum var, og lag\u00f0i hann yfir \u00f6ldungana sj\u00f6t\u00edu. Og er andinn kom yfir \u00fe\u00e1, sp\u00e1\u00f0u \u00feeir, og aldrei s\u00ed\u00f0an.<a name=\"26\"><span class=\"versanumer\">26<\/span><\/a>Tveir menn h\u00f6f\u00f0u or\u00f0i\u00f0 eftir \u00ed herb\u00fa\u00f0unum. H\u00e9t annar Eldad, en hinn Medad, og andinn kom yfir \u00fe\u00e1 voru \u00feeir me\u00f0al hinna skr\u00e1\u00f0u, en h\u00f6f\u00f0u ekki gengi\u00f0 \u00fat a\u00f0 tjaldinu, og \u00feeir sp\u00e1\u00f0u \u00ed herb\u00fa\u00f0unum.<a name=\"27\"><span class=\"versanumer\">27<\/span><\/a>\u00de\u00e1 kom ungmenni hlaupandi og sag\u00f0i M\u00f3se og m\u00e6lti: Eldad og Medad eru a\u00f0 sp\u00e1 \u00ed herb\u00fa\u00f0unum!<a name=\"28\"><span class=\"versanumer\">28<\/span><\/a>J\u00f3s\u00faa N\u00fansson, er \u00fej\u00f3na\u00f0 haf\u00f0i M\u00f3se fr\u00e1 \u00e6sku, svara\u00f0i og sag\u00f0i: M\u00f3se, herra minn, banna\u00f0u \u00feeim \u00fea\u00f0!<a name=\"29\"><span class=\"versanumer\">29<\/span><\/a>En M\u00f3se sag\u00f0i vi\u00f0 hann: Tekur \u00fe\u00fa upp \u00feykkjuna fyrir mig? \u00c9g vildi a\u00f0 allur l\u00fd\u00f0ur Drottins v\u00e6ri sp\u00e1menn, svo a\u00f0 Drottinn leg\u00f0i anda sinn yfir \u00fe\u00e1.<a name=\"30\"><span class=\"versanumer\">30<\/span><\/a>Og M\u00f3se gekk aftur \u00ed herb\u00fa\u00f0irnar, hann og \u00f6ldungar \u00cdsraels.<a name=\"31\"><span class=\"versanumer\">31<\/span><\/a>\u00de\u00e1 t\u00f3k a\u00f0 bl\u00e1sa vindur fr\u00e1 Drottni, og flutti hann lyngh\u00e6ns fr\u00e1 sj\u00f3num og varp \u00feeim yfir herb\u00fa\u00f0irnar, svo sem daglei\u00f0 \u00ed allar \u00e1ttir, hringinn \u00ed kringum herb\u00fa\u00f0irnar, og um tv\u00e6r \u00e1lnir fr\u00e1 j\u00f6r\u00f0u.<a name=\"32\"><span class=\"versanumer\">32<\/span><\/a>Og f\u00f3lki\u00f0 f\u00f3r til allan \u00feann dag og alla n\u00f3ttina og allan daginn eftir og safna\u00f0i lyngh\u00e6nsum. S\u00e1 sem minnstu safna\u00f0i, safna\u00f0i t\u00edu k\u00f3mer. Og \u00feeir breiddu \u00feau allt \u00ed kringum herb\u00fa\u00f0irnar.<a name=\"33\"><span class=\"versanumer\">33<\/span><\/a>Me\u00f0an kj\u00f6ti\u00f0 var enn milli tanna \u00feeirra, \u00e1\u00f0ur en \u00fea\u00f0 var upp unni\u00f0, upptendra\u00f0ist rei\u00f0i Drottins gegn f\u00f3lkinu, og Drottinn l\u00e9t \u00fear ver\u00f0a mj\u00f6g mikinn mannfelli me\u00f0al f\u00f3lksins.<a name=\"34\"><span class=\"versanumer\">34<\/span><\/a>Og sta\u00f0ur \u00feessi var nefndur Kibr\u00f3t-hattava, \u00fev\u00ed a\u00f0 \u00fear gr\u00f3fu \u00feeir f\u00f3lki\u00f0, er fyllst haf\u00f0i gr\u00e6\u00f0gi.<a name=\"35\"><span class=\"versanumer\">35<\/span><\/a>Fr\u00e1 Kibr\u00f3t-hattava h\u00e9lt l\u00fd\u00f0urinn til Haser\u00f3t, og \u00feeir sta\u00f0n\u00e6mdust \u00ed Haser\u00f3t.<\/p>\n<div class=\"footnote1981\"><b>11.1<\/b> M\u00f3tl\u00e6ti Esk 8.14 \u2013 eldur 3M\u00f3s 10.2+<br \/>\n<b>11.4<\/b> Flokkarnir 2M\u00f3s 12.38<br \/>\n<b>11.6<\/b> Manna 2M\u00f3s 16.13-15<br \/>\n<b>11.14<\/b> Of \u00feungt 2M\u00f3s 18.18; 1Kon 3.9<br \/>\n<b>11.16<\/b> Sj\u00f6t\u00edu \u00f6ldungar 2M\u00f3s 18.21-26; 5M\u00f3s 1.9-18<br \/>\n<b>11.17<\/b> Andanum \u00fathellt Jes 44.3; Esk 39.29; Jl 3.1-2; Post 2.17-18; Gal 4.6<br \/>\n<b>11.22<\/b> Svo a\u00f0 n\u00e6gi? 2Kon 4.43; Matt 14.17 og hlst.; 15.33 og hlst.<br \/>\n<b>11.31<\/b> Lyngh\u00e6nsn 2M\u00f3s 16.12-13<\/div>\n","protected":false},"excerpt":{"rendered":"<p>1L\u00fd\u00f0urinn t\u00f3k a\u00f0 m\u00f6gla h\u00e1tt gegn Drottni yfir b\u00f6li s\u00ednu. Og er Drottinn heyr\u00f0i \u00fea\u00f0, upptendra\u00f0ist rei\u00f0i hans. Kvikna\u00f0i \u00fe\u00e1 eldur fr\u00e1 Drottni me\u00f0al \u00feeirra og eyddi ysta hluta herb\u00fa\u00f0anna.2\u00de\u00e1 kveina\u00f0i l\u00fd\u00f0urinn fyrir M\u00f3se, og M\u00f3se ba\u00f0 til Drottins. T\u00f3k \u00fe\u00e1 eldurinn a\u00f0 slokkna.3Var sta\u00f0ur \u00feessi kalla\u00f0ur Tabera, \u00fev\u00ed a\u00f0 eldur Drottins kvikna\u00f0i me\u00f0al \u00feeirra.4\u00datlendur l\u00fd\u00f0ur, sem me\u00f0 \u00feeim var, fylltist lysting. T\u00f3ku \u00cdsraelsmenn \u00fe\u00e1 einnig a\u00f0 kveina og s\u00f6g\u00f0u: Hver gefur oss n\u00fa kj\u00f6t a\u00f0 eta?5V\u00edst munum v\u00e9r eftir fiskinum, sem v\u00e9r \u00e1tum \u00e1 Egyptalandi fyrir ekki neitt, eftir ag\u00farkunum, mel\u00f3nunum, graslauknum, bl\u00f3mlauknum og hnapplauknum.6En n\u00fa \u00f6rmagnast s\u00e1la vor. <a href=\"https:\/\/biblian.is\/1981\/fjorda-mosebok-11-kafli\/\"> [&#8230;]<\/a><\/p>\n","protected":false},"author":1,"featured_media":0,"parent":0,"menu_order":0,"comment_status":"open","ping_status":"open","template":"bibliukaflar.php","meta":{"footnotes":""},"class_list":["post-1474","page","type-page","status-publish","hentry"],"_links":{"self":[{"href":"https:\/\/biblian.is\/1981\/wp-json\/wp\/v2\/pages\/1474","targetHints":{"allow":["GET"]}}],"collection":[{"href":"https:\/\/biblian.is\/1981\/wp-json\/wp\/v2\/pages"}],"about":[{"href":"https:\/\/biblian.is\/1981\/wp-json\/wp\/v2\/types\/page"}],"author":[{"embeddable":true,"href":"https:\/\/biblian.is\/1981\/wp-json\/wp\/v2\/users\/1"}],"replies":[{"embeddable":true,"href":"https:\/\/biblian.is\/1981\/wp-json\/wp\/v2\/comments?post=1474"}],"version-history":[{"count":0,"href":"https:\/\/biblian.is\/1981\/wp-json\/wp\/v2\/pages\/1474\/revisions"}],"wp:attachment":[{"href":"https:\/\/biblian.is\/1981\/wp-json\/wp\/v2\/media?parent=1474"}],"curies":[{"name":"wp","href":"https:\/\/api.w.org\/{rel}","templated":true}]}}