{"id":1472,"date":"2017-11-18T20:17:28","date_gmt":"2017-11-18T20:17:28","guid":{"rendered":"http:\/\/biblian.is\/1981\/fjorda-mosebok-9-kafli\/"},"modified":"2021-06-06T10:56:44","modified_gmt":"2021-06-06T10:56:44","slug":"fjorda-mosebok-9-kafli","status":"publish","type":"page","link":"https:\/\/biblian.is\/1981\/fjorda-mosebok-9-kafli\/","title":{"rendered":"Fj\u00f3r\u00f0a M\u00f3seb\u00f3k 9. kafli"},"content":{"rendered":"<p><a name=\"1\"><span class=\"versanumer\">1<\/span><\/a>Drottinn tala\u00f0i vi\u00f0 M\u00f3se \u00ed S\u00edna\u00ed-ey\u00f0im\u00f6rk \u00e1 \u00f6\u00f0ru \u00e1ri eftir brottf\u00f6r \u00feeirra af Egyptalandi, \u00ed fyrsta m\u00e1nu\u00f0inum, og sag\u00f0i:<a name=\"2\"><span class=\"versanumer\">2<\/span><\/a>\u00cdsraelsmenn skulu halda p\u00e1ska \u00e1 tilteknum t\u00edma.<a name=\"3\"><span class=\"versanumer\">3<\/span><\/a>\u00c1 fj\u00f3rt\u00e1nda degi \u00feessa m\u00e1na\u00f0ar um s\u00f3lsetur skulu\u00f0 \u00fe\u00e9r halda \u00fe\u00e1 \u00e1 hinum tiltekna t\u00edma. Eftir \u00f6llum skipunum og \u00f6llum \u00e1kv\u00e6\u00f0um um \u00fe\u00e1 skulu\u00f0 \u00fe\u00e9r halda \u00fe\u00e1.<a name=\"4\"><span class=\"versanumer\">4<\/span><\/a>M\u00f3se bau\u00f0 \u00cdsraelsm\u00f6nnum a\u00f0 halda p\u00e1skana.<a name=\"5\"><span class=\"versanumer\">5<\/span><\/a>Og \u00feeir h\u00e9ldu p\u00e1ska \u00ed fyrsta m\u00e1nu\u00f0inum, hinn fj\u00f3rt\u00e1nda dag m\u00e1na\u00f0arins, um s\u00f3lsetur, \u00ed S\u00edna\u00ed-ey\u00f0im\u00f6rk. \u00cdsraelsmenn gj\u00f6r\u00f0u a\u00f0 \u00f6llu leyti svo sem Drottinn haf\u00f0i bo\u00f0i\u00f0 M\u00f3se.<a name=\"6\"><span class=\"versanumer\">6<\/span><\/a>En \u00fear voru menn, er saurgast h\u00f6f\u00f0u af l\u00edki framli\u00f0ins manns og g\u00e1tu \u00fev\u00ed eigi haldi\u00f0 p\u00e1ska \u00feennan dag. Gengu \u00feeir fyrir M\u00f3se og Aron \u00feennan dag<a name=\"7\"><span class=\"versanumer\">7<\/span><\/a>&#8222;og s\u00f6g\u00f0u vi\u00f0 hann: V\u00e9r erum \u00f3hreinir af l\u00edki framli\u00f0ins manns; hv\u00ed skulum v\u00e9r ver\u00f0a \u00fat undan og eigi mega bera fram f\u00f3rnargj\u00f6f Drottins me\u00f0al \u00cdsraelsmanna \u00e1 tilteknum t\u00edma?&#8220;<a name=\"8\"><span class=\"versanumer\">8<\/span><\/a>M\u00f3se sag\u00f0i vi\u00f0 \u00fe\u00e1: B\u00ed\u00f0i\u00f0 \u00fe\u00e9r, \u00e9g \u00e6tla a\u00f0 heyra, hva\u00f0 Drottinn skipar fyrir um y\u00f0ur.<a name=\"9\"><span class=\"versanumer\">9<\/span><\/a>Drottinn tala\u00f0i vi\u00f0 M\u00f3se og sag\u00f0i:<a name=\"10\"><span class=\"versanumer\">10<\/span><\/a>Tala \u00fe\u00fa til \u00cdsraelsmanna og seg: Ef einhver me\u00f0al y\u00f0ar e\u00f0a me\u00f0al ni\u00f0ja y\u00f0ar er \u00f3hreinn af l\u00edki e\u00f0a hann er \u00ed langfer\u00f0, \u00fe\u00e1 skal hann \u00fe\u00f3 halda Drottni p\u00e1ska.<a name=\"11\"><span class=\"versanumer\">11<\/span><\/a>&#8222;\u00c1 fj\u00f3rt\u00e1nda degi hins annars m\u00e1na\u00f0ar, um s\u00f3lsetur, skulu \u00feeir halda \u00fe\u00e1; me\u00f0 \u00f3s\u00fdr\u00f0u brau\u00f0i og beiskum jurtum skulu \u00feeir eta p\u00e1skalambi\u00f0.&#8220;<a name=\"12\"><span class=\"versanumer\">12<\/span><\/a>&#8222;Engu skulu \u00feeir leifa af \u00fev\u00ed til morguns, og ekkert bein \u00ed \u00fev\u00ed skulu \u00feeir brj\u00f3ta; skulu \u00feeir halda p\u00e1ska eftir \u00f6llum p\u00e1skal\u00f6gunum.&#8220;<a name=\"13\"><span class=\"versanumer\">13<\/span><\/a>En hver sem er hreinn og ekki \u00e1 fer\u00f0 og vanr\u00e6kir a\u00f0 halda p\u00e1ska, hann skal uppr\u00e6ttur ver\u00f0a \u00far \u00fej\u00f3\u00f0 sinni, \u00fev\u00ed a\u00f0 hann f\u00e6r\u00f0i Drottni eigi f\u00f3rnargj\u00f6f \u00e1 tilteknum t\u00edma. S\u00e1 ma\u00f0ur skal bera synd s\u00edna.<a name=\"14\"><span class=\"versanumer\">14<\/span><\/a>N\u00fa dvelur \u00fatlendur ma\u00f0ur hj\u00e1 y\u00f0ur, og vill hann halda Drottni p\u00e1ska, skal hann \u00fe\u00e1 svo gj\u00f6ra sem fyrir er m\u00e6lt \u00ed p\u00e1skal\u00f6gunum og \u00e1kv\u00e6\u00f0unum um \u00fe\u00e1. Skulu vera ein l\u00f6g hj\u00e1 y\u00f0ur b\u00e6\u00f0i fyrir \u00fatlenda menn og innborna.<a name=\"15\"><span class=\"versanumer\">15<\/span><\/a>\u00c1 \u00feeim degi, sem b\u00fa\u00f0in var reist, huldi sk\u00fdi\u00f0 b\u00fa\u00f0ina s\u00e1ttm\u00e1lstjaldi\u00f0 og um kveldi\u00f0 var \u00fea\u00f0 yfir b\u00fa\u00f0inni eins og eldbjarmi allt til morguns.<a name=\"16\"><span class=\"versanumer\">16<\/span><\/a>Svo var \u00fea\u00f0 \u00e1vallt: Sk\u00fdi\u00f0 huldi hana um daga og eldbjarmi um n\u00e6tur.<a name=\"17\"><span class=\"versanumer\">17<\/span><\/a>Og \u00ed hvert sinn, er sk\u00fdi\u00f0 h\u00f3fst upp fr\u00e1 tjaldinu, l\u00f6g\u00f0u \u00cdsraelsmenn upp, og \u00fear sem sk\u00fdi\u00f0 nam sta\u00f0ar, \u00fear settu \u00cdsraelsmenn herb\u00fa\u00f0ir s\u00ednar.<a name=\"18\"><span class=\"versanumer\">18<\/span><\/a>A\u00f0 bo\u00f0i Drottins l\u00f6g\u00f0u \u00cdsraelsmenn upp, og a\u00f0 bo\u00f0i Drottins settu \u00feeir herb\u00fa\u00f0ir s\u00ednar. Alla \u00fe\u00e1 stund, er sk\u00fdi\u00f0 hv\u00edldi yfir b\u00fa\u00f0inni, h\u00e9ldu \u00feeir kyrru fyrir \u00ed herb\u00fa\u00f0unum.<a name=\"19\"><span class=\"versanumer\">19<\/span><\/a>\u00deegar sk\u00fdi\u00f0 var yfir b\u00fa\u00f0inni marga daga samfleytt, g\u00e6ttu \u00cdsraelsmenn skipunar Drottins og l\u00f6g\u00f0u ekki upp.<a name=\"20\"><span class=\"versanumer\">20<\/span><\/a>&#8222;Stundum var sk\u00fdi\u00f0 a\u00f0eins f\u00e1a daga yfir b\u00fa\u00f0inni; a\u00f0 bo\u00f0i Drottins h\u00e9ldu \u00feeir kyrru fyrir \u00ed herb\u00fa\u00f0unum og a\u00f0 bo\u00f0i Drottins l\u00f6g\u00f0u \u00feeir upp.&#8220;<a name=\"21\"><span class=\"versanumer\">21<\/span><\/a>Stundum var sk\u00fdi\u00f0 fr\u00e1 kveldi allt til morguns, og er sk\u00fdi\u00f0 h\u00f3fst upp me\u00f0 morgninum, l\u00f6g\u00f0u \u00feeir upp, e\u00f0a \u00fea\u00f0 var daginn og n\u00f3ttina: \u00deegar sk\u00fdi\u00f0 h\u00f3fst, \u00fe\u00e1 l\u00f6g\u00f0u \u00feeir upp.<a name=\"22\"><span class=\"versanumer\">22<\/span><\/a>E\u00f0a a\u00f0 sk\u00fdi\u00f0 var tvo daga e\u00f0a m\u00e1nu\u00f0 e\u00f0a lengri t\u00edma: \u00deegar \u00fea\u00f0 var langdv\u00f6lum yfir b\u00fa\u00f0inni og hv\u00edldi yfir henni, h\u00e9ldu \u00cdsraelsmenn kyrru fyrir \u00ed herb\u00fa\u00f0unum og l\u00f6g\u00f0u ekki upp, en er \u00fea\u00f0 h\u00f3fst, l\u00f6g\u00f0u \u00feeir upp.<a name=\"23\"><span class=\"versanumer\">23<\/span><\/a>A\u00f0 bo\u00f0i Drottins settu \u00feeir herb\u00fa\u00f0ir s\u00ednar, og a\u00f0 bo\u00f0i Drottins l\u00f6g\u00f0u \u00feeir upp. Skipunar Drottins g\u00e6ttu \u00feeir a\u00f0 bo\u00f0i Drottins, er M\u00f3se flutti. \u00feeir a\u00f0 bo\u00f0i Drottins, er M\u00f3se flutti.<\/p>\n<div class=\"footnote1981\"><b>9.2<\/b> P\u00e1skar 2M\u00f3s 12.1-14<br \/>\n<b>9.3<\/b> \u00c1 fj\u00f3rt\u00e1nda degi 3M\u00f3s 23.5<br \/>\n<b>9.6<\/b> L\u00edk 4M\u00f3s 19.11-16<br \/>\n<b>9.8<\/b> Fyrirm\u00e6li Drottins 4M\u00f3s 15.34-35; 27.5-6; 36.5-6; 3M\u00f3s 24.12<br \/>\n<b>9.11<\/b> Annars m\u00e1na\u00f0ar 2Kro 30.15<br \/>\n<b>9.12<\/b> Bein 2M\u00f3s 12.46; sbr J\u00f3h 19.36<br \/>\n<b>9.17<\/b> Sk\u00fdi\u00f0 2M\u00f3s 40.34-38<\/div>\n","protected":false},"excerpt":{"rendered":"<p>1Drottinn tala\u00f0i vi\u00f0 M\u00f3se \u00ed S\u00edna\u00ed-ey\u00f0im\u00f6rk \u00e1 \u00f6\u00f0ru \u00e1ri eftir brottf\u00f6r \u00feeirra af Egyptalandi, \u00ed fyrsta m\u00e1nu\u00f0inum, og sag\u00f0i:2\u00cdsraelsmenn skulu halda p\u00e1ska \u00e1 tilteknum t\u00edma.3\u00c1 fj\u00f3rt\u00e1nda degi \u00feessa m\u00e1na\u00f0ar um s\u00f3lsetur skulu\u00f0 \u00fe\u00e9r halda \u00fe\u00e1 \u00e1 hinum tiltekna t\u00edma. Eftir \u00f6llum skipunum og \u00f6llum \u00e1kv\u00e6\u00f0um um \u00fe\u00e1 skulu\u00f0 \u00fe\u00e9r halda \u00fe\u00e1.4M\u00f3se bau\u00f0 \u00cdsraelsm\u00f6nnum a\u00f0 halda p\u00e1skana.5Og \u00feeir h\u00e9ldu p\u00e1ska \u00ed fyrsta m\u00e1nu\u00f0inum, hinn fj\u00f3rt\u00e1nda dag m\u00e1na\u00f0arins, um s\u00f3lsetur, \u00ed S\u00edna\u00ed-ey\u00f0im\u00f6rk. \u00cdsraelsmenn gj\u00f6r\u00f0u a\u00f0 \u00f6llu leyti svo sem Drottinn haf\u00f0i bo\u00f0i\u00f0 M\u00f3se.6En \u00fear voru menn, er saurgast h\u00f6f\u00f0u af l\u00edki framli\u00f0ins manns og g\u00e1tu \u00fev\u00ed eigi haldi\u00f0 p\u00e1ska \u00feennan dag. Gengu <a href=\"https:\/\/biblian.is\/1981\/fjorda-mosebok-9-kafli\/\"> [&#8230;]<\/a><\/p>\n","protected":false},"author":1,"featured_media":0,"parent":0,"menu_order":0,"comment_status":"open","ping_status":"open","template":"bibliukaflar.php","meta":{"footnotes":""},"class_list":["post-1472","page","type-page","status-publish","hentry"],"_links":{"self":[{"href":"https:\/\/biblian.is\/1981\/wp-json\/wp\/v2\/pages\/1472","targetHints":{"allow":["GET"]}}],"collection":[{"href":"https:\/\/biblian.is\/1981\/wp-json\/wp\/v2\/pages"}],"about":[{"href":"https:\/\/biblian.is\/1981\/wp-json\/wp\/v2\/types\/page"}],"author":[{"embeddable":true,"href":"https:\/\/biblian.is\/1981\/wp-json\/wp\/v2\/users\/1"}],"replies":[{"embeddable":true,"href":"https:\/\/biblian.is\/1981\/wp-json\/wp\/v2\/comments?post=1472"}],"version-history":[{"count":0,"href":"https:\/\/biblian.is\/1981\/wp-json\/wp\/v2\/pages\/1472\/revisions"}],"wp:attachment":[{"href":"https:\/\/biblian.is\/1981\/wp-json\/wp\/v2\/media?parent=1472"}],"curies":[{"name":"wp","href":"https:\/\/api.w.org\/{rel}","templated":true}]}}