{"id":1468,"date":"2017-11-18T20:17:28","date_gmt":"2017-11-18T20:17:28","guid":{"rendered":"http:\/\/biblian.is\/1981\/fjorda-mosebok-5-kafli\/"},"modified":"2021-06-06T10:56:43","modified_gmt":"2021-06-06T10:56:43","slug":"fjorda-mosebok-5-kafli","status":"publish","type":"page","link":"https:\/\/biblian.is\/1981\/fjorda-mosebok-5-kafli\/","title":{"rendered":"Fj\u00f3r\u00f0a M\u00f3seb\u00f3k 5. kafli"},"content":{"rendered":"<p><a name=\"1\"><span class=\"versanumer\">1<\/span><\/a>Drottinn tala\u00f0i vi\u00f0 M\u00f3se og sag\u00f0i:<a name=\"2\"><span class=\"versanumer\">2<\/span><\/a>Bj\u00f3\u00f0 \u00fe\u00fa \u00cdsraelsm\u00f6nnum a\u00f0 l\u00e1ta burt fara \u00far herb\u00fa\u00f0unum alla menn l\u00edk\u00fer\u00e1a og alla, er rennsli hafa, svo og alla \u00fe\u00e1, er saurga\u00f0ir eru af l\u00edki.<a name=\"3\"><span class=\"versanumer\">3<\/span><\/a>Skulu\u00f0 \u00fe\u00e9r l\u00e1ta burt fara b\u00e6\u00f0i karla og konur, \u00fe\u00e9r skulu\u00f0 l\u00e1ta \u00fe\u00e1 fara \u00fat fyrir herb\u00fa\u00f0irnar, svo a\u00f0 \u00feeir saurgi ekki herb\u00fa\u00f0ir s\u00ednar, me\u00f0 \u00fev\u00ed a\u00f0 \u00e9g b\u00fd \u00e1 me\u00f0al \u00feeirra.<a name=\"4\"><span class=\"versanumer\">4<\/span><\/a>Og \u00cdsraelsmenn gj\u00f6r\u00f0u svo og l\u00e9tu \u00fe\u00e1 fara \u00fat fyrir herb\u00fa\u00f0irnar. Eins og Drottinn haf\u00f0i bo\u00f0i\u00f0 M\u00f3se, svo gj\u00f6r\u00f0u \u00cdsraelsmenn.<a name=\"5\"><span class=\"versanumer\">5<\/span><\/a>Drottinn tala\u00f0i vi\u00f0 M\u00f3se og sag\u00f0i: Tala \u00fe\u00fa til \u00cdsraelsmanna:<a name=\"6\"><span class=\"versanumer\">6<\/span><\/a>\u00de\u00e1 er karl e\u00f0a kona dr\u00fdgir einhverja \u00fe\u00e1 synd, er menn hendir, me\u00f0 \u00fev\u00ed a\u00f0 s\u00fdna sviksemi gegn Drottni, og s\u00e1 hinn sami ver\u00f0ur sekur,<a name=\"7\"><span class=\"versanumer\">7<\/span><\/a>\u00fe\u00e1 skulu \u00feau j\u00e1ta synd s\u00edna, er \u00feau hafa dr\u00fdgt, og b\u00e6ta skulu \u00feau sekt s\u00edna fullu ver\u00f0i og gjalda fimmtungi meira og grei\u00f0a \u00fea\u00f0 \u00feeim, er \u00feau hafa or\u00f0i\u00f0 sek vi\u00f0.<a name=\"8\"><span class=\"versanumer\">8<\/span><\/a>En eigi ma\u00f0urinn engan n\u00e1kominn \u00e6ttingja, er sektin ver\u00f0i greidd, \u00fe\u00e1 skal sektin, er grei\u00f0a skal, heyra Drottni og falla undir prest, auk fri\u00f0\u00fe\u00e6gingarhr\u00fatsins, sem fri\u00f0\u00fe\u00e6gt er me\u00f0 fyrir \u00feau.<a name=\"9\"><span class=\"versanumer\">9<\/span><\/a>S\u00e9rhver f\u00f3rnargj\u00f6f af \u00f6llum helgigj\u00f6fum \u00cdsraelsmanna, sem \u00feeir f\u00e6ra prestinum, skal vera hans eign,<a name=\"10\"><span class=\"versanumer\">10<\/span><\/a>og \u00fea\u00f0 sem s\u00e9rhver helgar, skal vera hans eign. \u00dea\u00f0 sem einhver gefur prestinum, skal vera hans eign.<a name=\"11\"><span class=\"versanumer\">11<\/span><\/a>Drottinn tala\u00f0i vi\u00f0 M\u00f3se og sag\u00f0i:<a name=\"12\"><span class=\"versanumer\">12<\/span><\/a>Tala \u00fe\u00fa til \u00cdsraelsmanna og seg vi\u00f0 \u00fe\u00e1: N\u00fa gj\u00f6rist kona margl\u00e1t og reynist \u00f3tr\u00fa manni s\u00ednum.<a name=\"13\"><span class=\"versanumer\">13<\/span><\/a>Annar ma\u00f0ur hefir samr\u00e6\u00f0i vi\u00f0 hana, en ma\u00f0ur hennar veit eigi af. H\u00fan ver\u00f0ur eigi uppv\u00eds a\u00f0 og hefir \u00fe\u00f3 saurga\u00f0 sig, og engin vitni eru m\u00f3t henni og h\u00fan er eigi a\u00f0 \u00fev\u00ed sta\u00f0in.<a name=\"14\"><span class=\"versanumer\">14<\/span><\/a>En yfir manninn kemur afbr\u00fd\u00f0isandi, svo a\u00f0 hann ver\u00f0ur hr\u00e6ddur um konu s\u00edna, og h\u00fan hefir saurga\u00f0 sig. E\u00f0a afbr\u00fd\u00f0isandi kemur yfir mann, og hann ver\u00f0ur hr\u00e6ddur um konu s\u00edna, \u00fe\u00f3tt h\u00fan hafi eigi saurga\u00f0 sig.<a name=\"15\"><span class=\"versanumer\">15<\/span><\/a>\u00de\u00e1 fari ma\u00f0urinn me\u00f0 konu s\u00edna til prestsins og f\u00e6ri honum f\u00f3rnargj\u00f6fina fyrir hana: t\u00edunda part \u00far efu af byggmj\u00f6li. Eigi skal hann hella yfir \u00fea\u00f0 ol\u00edu n\u00e9 leggja reykelsiskvo\u00f0u ofan \u00e1 \u00fea\u00f0, \u00fev\u00ed a\u00f0 \u00fea\u00f0 er afbr\u00fd\u00f0ismatf\u00f3rn, minningarmatf\u00f3rn, sem minnir \u00e1 misgj\u00f6r\u00f0.<a name=\"16\"><span class=\"versanumer\">16<\/span><\/a>Presturinn skal taka konuna og lei\u00f0a hana fram fyrir Drottin.<a name=\"17\"><span class=\"versanumer\">17<\/span><\/a>Og prestur skal taka heilagt vatn \u00ed leirker, og prestur skal taka mold af g\u00f3lfi b\u00fa\u00f0arinnar og l\u00e1ta \u00ed vatni\u00f0.<a name=\"18\"><span class=\"versanumer\">18<\/span><\/a>Og prestur skal lei\u00f0a konuna fram fyrir Drottin og leysa h\u00e1r konunnar og f\u00e1 henni \u00ed hendur minningarmatf\u00f3rnina \u00fea\u00f0 er afbr\u00fd\u00f0ismatf\u00f3rn. En \u00e1 beiskjuvatninu, er b\u00f6lvan veldur, skal presturinn halda.<a name=\"19\"><span class=\"versanumer\">19<\/span><\/a>Prestur skal s\u00e6ra hana og segja vi\u00f0 konuna: Hafi enginn ma\u00f0ur hj\u00e1 \u00fe\u00e9r legi\u00f0 og hafir \u00fe\u00fa eigi saurga\u00f0 \u00feig me\u00f0 lausl\u00e6ti \u00ed hj\u00faskap \u00fe\u00ednum, \u00fe\u00e1 ver\u00f0i \u00feetta beiskjuvatn, sem b\u00f6lvan veldur, \u00fe\u00e9r \u00f3sakn\u00e6mt.<a name=\"20\"><span class=\"versanumer\">20<\/span><\/a>En hafir \u00fe\u00fa veri\u00f0 lausl\u00e1t \u00ed hj\u00faskapnum og hafir \u00fe\u00fa saurgast og einhver annar en ma\u00f0ur \u00feinn hefir haft samr\u00e6\u00f0i vi\u00f0 \u00feig,<a name=\"21\"><span class=\"versanumer\">21<\/span><\/a>\u00fe\u00e1 skal prestur l\u00e1ta konuna vinna b\u00f6lvunars\u00e6ri, og prestur skal segja vi\u00f0 konuna: Drottinn gj\u00f6ri \u00feig a\u00f0 b\u00f6lvan og a\u00f0 s\u00e6ri me\u00f0al f\u00f3lks \u00fe\u00edns, er Drottinn l\u00e6tur lendar \u00fe\u00ednar hja\u00f0na og kvi\u00f0 \u00feinn \u00fer\u00fatna.<a name=\"22\"><span class=\"versanumer\">22<\/span><\/a>Og vatn \u00feetta, er b\u00f6lvan veldur, skal fara \u00ed innyfli \u00fe\u00edn, svo a\u00f0 kvi\u00f0urinn \u00fer\u00fatni og lendarnar hja\u00f0ni. Og konan skal segja: Amen, amen!<a name=\"23\"><span class=\"versanumer\">23<\/span><\/a>S\u00ed\u00f0an skal prestur rita form\u00e6lingu \u00feessa \u00ed b\u00f3k og strj\u00faka hana \u00fat \u00ed beiskjuvatni\u00f0,<a name=\"24\"><span class=\"versanumer\">24<\/span><\/a>og hann skal l\u00e1ta konuna drekka beiskjuvatni\u00f0, er b\u00f6lvan veldur, svo a\u00f0 vatni\u00f0, sem b\u00f6lvan veldur, fari ofan \u00ed hana og ver\u00f0i a\u00f0 beiskju.<a name=\"25\"><span class=\"versanumer\">25<\/span><\/a>Og presturinn skal taka vi\u00f0 afbr\u00fd\u00f0ismatf\u00f3rninni \u00far hendi konunnar, og hann skal veifa matf\u00f3rninni frammi fyrir Drottni og bera hana \u00e1 altari\u00f0.<a name=\"26\"><span class=\"versanumer\">26<\/span><\/a>Og presturinn skal taka hnefafylli af matf\u00f3rninni sem ilmhluta hennar og brenna \u00e1 altarinu. S\u00ed\u00f0an skal hann l\u00e1ta konuna drekka vatni\u00f0.<a name=\"27\"><span class=\"versanumer\">27<\/span><\/a>Og \u00feegar hann hefir l\u00e1ti\u00f0 hana drekka vatni\u00f0, \u00fe\u00e1 skal svo fara, a\u00f0 hafi h\u00fan saurga\u00f0 sig og veri\u00f0 manni s\u00ednum \u00f3tr\u00fa, \u00fe\u00e1 skal vatni\u00f0, er b\u00f6lvan veldur, fara ofan \u00ed hana og ver\u00f0a a\u00f0 beiskju, og kvi\u00f0ur hennar \u00fer\u00fatna og lendar hennar hja\u00f0na, og konan skal ver\u00f0a a\u00f0 b\u00f6lvan me\u00f0al f\u00f3lks s\u00edns.<a name=\"28\"><span class=\"versanumer\">28<\/span><\/a>En hafi konan ekki saurga\u00f0 sig og s\u00e9 h\u00fan hrein, \u00fe\u00e1 skal \u00fea\u00f0 ekki saka hana, og h\u00fan mun geta fengi\u00f0 getna\u00f0.<a name=\"29\"><span class=\"versanumer\">29<\/span><\/a>\u00deetta eru l\u00f6gin um afbr\u00fd\u00f0isemi, \u00feegar gift kona gj\u00f6rist margl\u00e1t og saurgar sig<a name=\"30\"><span class=\"versanumer\">30<\/span><\/a>e\u00f0a \u00feegar afbr\u00fd\u00f0isandi kemur yfir mann og hann ver\u00f0ur hr\u00e6ddur um konu s\u00edna, \u00fe\u00e1 skal hann lei\u00f0a konuna fram fyrir Drottin, og prestur skal me\u00f0 hana fara \u00ed alla sta\u00f0i eftir l\u00f6gum \u00feessum.<a name=\"31\"><span class=\"versanumer\">31<\/span><\/a>Ma\u00f0urinn skal vera s\u00fdkn saka, en konan skal bera sekt s\u00edna.<\/p>\n<div class=\"footnote1981\"><b>5.2<\/b> Holdsveika 3M\u00f3s 13.45-46+<br \/>\n<b>5.3<\/b> Gu\u00f0 b\u00fdr me\u00f0al \u00cdsraelsmanna 3M\u00f3s 15.31+<br \/>\n<b>5.6<\/b> Rj\u00fafa tr\u00fana\u00f0 3M\u00f3s 5.15<br \/>\n<b>5.7<\/b> B\u00e6ta 3M\u00f3s 5.24<br \/>\n<b>5.9<\/b> Helgigjafir 3M\u00f3s 5.14-16; 22.10-16<br \/>\n<b>5.15<\/b> Ekki ol\u00edu 3M\u00f3s 5.11<br \/>\n<b>5.18<\/b> Vatn sem veldur b\u00f6lvun sbr 2M\u00f3s 15.23-25<br \/>\n<b>5.21<\/b> B\u00f6lvun Jes 65.15; Jer 42.18<br \/>\n<b>5.24<\/b> Drekka vatni\u00f0 sbr Esk 2.8-3.3<\/div>\n","protected":false},"excerpt":{"rendered":"<p>1Drottinn tala\u00f0i vi\u00f0 M\u00f3se og sag\u00f0i:2Bj\u00f3\u00f0 \u00fe\u00fa \u00cdsraelsm\u00f6nnum a\u00f0 l\u00e1ta burt fara \u00far herb\u00fa\u00f0unum alla menn l\u00edk\u00fer\u00e1a og alla, er rennsli hafa, svo og alla \u00fe\u00e1, er saurga\u00f0ir eru af l\u00edki.3Skulu\u00f0 \u00fe\u00e9r l\u00e1ta burt fara b\u00e6\u00f0i karla og konur, \u00fe\u00e9r skulu\u00f0 l\u00e1ta \u00fe\u00e1 fara \u00fat fyrir herb\u00fa\u00f0irnar, svo a\u00f0 \u00feeir saurgi ekki herb\u00fa\u00f0ir s\u00ednar, me\u00f0 \u00fev\u00ed a\u00f0 \u00e9g b\u00fd \u00e1 me\u00f0al \u00feeirra.4Og \u00cdsraelsmenn gj\u00f6r\u00f0u svo og l\u00e9tu \u00fe\u00e1 fara \u00fat fyrir herb\u00fa\u00f0irnar. Eins og Drottinn haf\u00f0i bo\u00f0i\u00f0 M\u00f3se, svo gj\u00f6r\u00f0u \u00cdsraelsmenn.5Drottinn tala\u00f0i vi\u00f0 M\u00f3se og sag\u00f0i: Tala \u00fe\u00fa til \u00cdsraelsmanna:6\u00de\u00e1 er karl e\u00f0a kona dr\u00fdgir einhverja \u00fe\u00e1 synd, er menn <a href=\"https:\/\/biblian.is\/1981\/fjorda-mosebok-5-kafli\/\"> [&#8230;]<\/a><\/p>\n","protected":false},"author":1,"featured_media":0,"parent":0,"menu_order":0,"comment_status":"open","ping_status":"open","template":"bibliukaflar.php","meta":{"footnotes":""},"class_list":["post-1468","page","type-page","status-publish","hentry"],"_links":{"self":[{"href":"https:\/\/biblian.is\/1981\/wp-json\/wp\/v2\/pages\/1468","targetHints":{"allow":["GET"]}}],"collection":[{"href":"https:\/\/biblian.is\/1981\/wp-json\/wp\/v2\/pages"}],"about":[{"href":"https:\/\/biblian.is\/1981\/wp-json\/wp\/v2\/types\/page"}],"author":[{"embeddable":true,"href":"https:\/\/biblian.is\/1981\/wp-json\/wp\/v2\/users\/1"}],"replies":[{"embeddable":true,"href":"https:\/\/biblian.is\/1981\/wp-json\/wp\/v2\/comments?post=1468"}],"version-history":[{"count":0,"href":"https:\/\/biblian.is\/1981\/wp-json\/wp\/v2\/pages\/1468\/revisions"}],"wp:attachment":[{"href":"https:\/\/biblian.is\/1981\/wp-json\/wp\/v2\/media?parent=1468"}],"curies":[{"name":"wp","href":"https:\/\/api.w.org\/{rel}","templated":true}]}}