{"id":1452,"date":"2017-11-18T20:17:24","date_gmt":"2017-11-18T20:17:24","guid":{"rendered":"http:\/\/biblian.is\/1981\/thridja-mosebok-16-kafli\/"},"modified":"2021-06-06T11:11:08","modified_gmt":"2021-06-06T11:11:08","slug":"thridja-mosebok-16-kafli","status":"publish","type":"page","link":"https:\/\/biblian.is\/1981\/thridja-mosebok-16-kafli\/","title":{"rendered":"\u00deri\u00f0ja M\u00f3seb\u00f3k 16. kafli"},"content":{"rendered":"<p><a name=\"1\"><span class=\"versanumer\">1<\/span><\/a>Drottinn tala\u00f0i vi\u00f0 M\u00f3se eftir dau\u00f0a tveggja sona Arons, er \u00feeir gengu fram fyrir Drottin og d\u00f3u.<a name=\"2\"><span class=\"versanumer\">2<\/span><\/a>Og Drottinn sag\u00f0i vi\u00f0 M\u00f3se: Seg \u00fe\u00fa Aroni br\u00f3\u00f0ur \u00fe\u00ednum, a\u00f0 hann megi ekki \u00e1 hverjum t\u00edma sem er ganga inn \u00ed helgid\u00f3minn inn fyrir fortjaldi\u00f0, fram fyrir loki\u00f0, sem er yfir \u00f6rkinni, ella muni hann deyja, \u00fev\u00ed a\u00f0 \u00e9g mun birtast \u00ed sk\u00fdinu yfir lokinu.<a name=\"3\"><span class=\"versanumer\">3<\/span><\/a>Me\u00f0 \u00feetta skal Aron koma inn \u00ed helgid\u00f3minn: Me\u00f0 ungneyti \u00ed syndaf\u00f3rn og hr\u00fat \u00ed brennif\u00f3rn.<a name=\"4\"><span class=\"versanumer\">4<\/span><\/a>Hann skal kl\u00e6\u00f0ast helgum l\u00ednkyrtli og hafa l\u00ednbr\u00e6kur yfir holdi s\u00ednu og gyr\u00f0a sig l\u00ednbelti og setja \u00e1 sig vefjarh\u00f6tt af l\u00edni. \u00deetta eru helg kl\u00e6\u00f0i. Og skal hann lauga l\u00edkama sinn \u00ed vatni og kl\u00e6\u00f0ast \u00feeim.<a name=\"5\"><span class=\"versanumer\">5<\/span><\/a>Af s\u00f6fnu\u00f0i \u00cdsraelsmanna skal hann taka tvo geithafra \u00ed syndaf\u00f3rn og einn hr\u00fat \u00ed brennif\u00f3rn.<a name=\"6\"><span class=\"versanumer\">6<\/span><\/a>Aron skal lei\u00f0a fram uxann, sem honum er \u00e6tla\u00f0ur til syndaf\u00f3rnar, og fri\u00f0\u00fe\u00e6gja fyrir sig og h\u00fas sitt.<a name=\"7\"><span class=\"versanumer\">7<\/span><\/a>\u00de\u00e1 skal hann taka b\u00e1\u00f0a geithafrana og f\u00e6ra \u00fe\u00e1 fram fyrir Drottin a\u00f0 dyrum samfundatjaldsins.<a name=\"8\"><span class=\"versanumer\">8<\/span><\/a>Og Aron skal leggja hluti \u00e1 b\u00e1\u00f0a hafrana, einn hlut fyrir Drottin og hinn annan hlut fyrir Asasel.<a name=\"9\"><span class=\"versanumer\">9<\/span><\/a>Og Aron skal lei\u00f0a fram hafurinn, sem hlutur Drottins f\u00e9ll \u00e1, og f\u00f3rna honum \u00ed syndaf\u00f3rn.<a name=\"10\"><span class=\"versanumer\">10<\/span><\/a>En hafurinn, sem hlutur Asasels f\u00e9ll \u00e1, skal f\u00e6ra lifandi fram fyrir Drottin, til \u00feess a\u00f0 fri\u00f0\u00fe\u00e6ging fari fram yfir honum og honum s\u00e9 sleppt til Asasels \u00fat \u00e1 ey\u00f0im\u00f6rkina.<a name=\"11\"><span class=\"versanumer\">11<\/span><\/a>Aron skal lei\u00f0a fram uxann, sem honum er \u00e6tla\u00f0ur til syndaf\u00f3rnar, og fri\u00f0\u00fe\u00e6gja fyrir sig og h\u00fas sitt, og hann skal sl\u00e1tra uxanum, sem honum er \u00e6tla\u00f0ur til syndaf\u00f3rnar.<a name=\"12\"><span class=\"versanumer\">12<\/span><\/a>Hann skal taka eldp\u00f6nnu fulla af eldsgl\u00f3\u00f0um af altarinu frammi fyrir Drottni og l\u00fakur s\u00ednar fullar af sm\u00e1muldu ilmreykelsi og bera inn fyrir fortjaldi\u00f0.<a name=\"13\"><span class=\"versanumer\">13<\/span><\/a>Og hann skal l\u00e1ta reykelsi\u00f0 \u00e1 eldinn frammi fyrir Drottni, svo a\u00f0 reykelsissk\u00fdi\u00f0 hylji loki\u00f0, sem er yfir s\u00e1ttm\u00e1linu, og hann deyi ekki.<a name=\"14\"><span class=\"versanumer\">14<\/span><\/a>Og hann skal taka nokku\u00f0 af bl\u00f3\u00f0i uxans og st\u00f6kkva \u00fev\u00ed me\u00f0 fingri s\u00ednum ofan \u00e1 loki\u00f0 framanvert, og fyrir framan loki\u00f0 skal hann st\u00f6kkva sj\u00f6 sinnum nokkru af bl\u00f3\u00f0inu me\u00f0 fingri s\u00ednum.<a name=\"15\"><span class=\"versanumer\">15<\/span><\/a>\u00deessu n\u00e6st skal hann sl\u00e1tra hafrinum, er \u00e6tla\u00f0ur er l\u00fd\u00f0num til syndaf\u00f3rnar, og bera bl\u00f3\u00f0 hans inn fyrir fortjaldi\u00f0 og fara me\u00f0 bl\u00f3\u00f0i\u00f0 \u00far honum \u00e1 sama h\u00e1tt, eins og hann f\u00f3r me\u00f0 bl\u00f3\u00f0i\u00f0 \u00far uxanum, og st\u00f6kkva \u00fev\u00ed \u00e1 loki\u00f0 og fyrir framan loki\u00f0,<a name=\"16\"><span class=\"versanumer\">16<\/span><\/a>og fri\u00f0\u00fe\u00e6gja \u00feannig fyrir helgid\u00f3minn, vegna \u00f3hreinleika \u00cdsraelsmanna og vegna misgj\u00f6r\u00f0a \u00feeirra, \u00ed hverju sem \u00feeir kunna a\u00f0 hafa syndga\u00f0. Og eins skal hann fara me\u00f0 samfundatjaldi\u00f0, sem stendur me\u00f0al \u00feeirra, mitt \u00ed \u00f3hreinleika \u00feeirra.<a name=\"17\"><span class=\"versanumer\">17<\/span><\/a>Enginn ma\u00f0ur m\u00e1 vera inni \u00ed samfundatjaldinu, er hann gengur inn til \u00feess a\u00f0 fri\u00f0\u00fe\u00e6gja \u00ed helgid\u00f3minum, til \u00feess er hann fer \u00fat og hefir fri\u00f0\u00fe\u00e6gt fyrir sig og h\u00fas sitt og fyrir allan \u00cdsraels s\u00f6fnu\u00f0.<a name=\"18\"><span class=\"versanumer\">18<\/span><\/a>Hann skal ganga \u00fat a\u00f0 altarinu, sem stendur frammi fyrir Drottni, og fri\u00f0\u00fe\u00e6gja fyrir \u00fea\u00f0. Og hann skal taka nokku\u00f0 af bl\u00f3\u00f0i uxans og nokku\u00f0 af bl\u00f3\u00f0i hafursins og r\u00ed\u00f0a \u00e1 horn altarisins allt \u00ed kring.<a name=\"19\"><span class=\"versanumer\">19<\/span><\/a>Og hann skal st\u00f6kkva nokkru af bl\u00f3\u00f0inu \u00e1 \u00fea\u00f0 sj\u00f6 sinnum me\u00f0 fingri s\u00ednum og hreinsa \u00fea\u00f0 og helga \u00fea\u00f0 vegna \u00f3hreinleika \u00cdsraelsmanna.<a name=\"20\"><span class=\"versanumer\">20<\/span><\/a>Er hann \u00feannig hefir loki\u00f0 fri\u00f0\u00fe\u00e6gingu helgid\u00f3msins, samfundatjaldsins og altarisins, skal hann lei\u00f0a fram lifandi hafurinn.<a name=\"21\"><span class=\"versanumer\">21<\/span><\/a>Og Aron skal leggja b\u00e1\u00f0ar hendur s\u00ednar \u00e1 h\u00f6fu\u00f0 hins lifandi hafurs og j\u00e1ta yfir honum \u00f6ll afbrot \u00cdsraelsmanna og allar misgj\u00f6r\u00f0ir \u00feeirra, \u00ed hverju sem \u00feeir kunna a\u00f0 hafa syndga\u00f0. Og hann skal leggja \u00fe\u00e6r \u00e1 h\u00f6fu\u00f0 hafursins og senda hann \u00fat \u00e1 ey\u00f0im\u00f6rk me\u00f0 manni, sem til \u00feess er fer\u00f0b\u00fainn.<a name=\"22\"><span class=\"versanumer\">22<\/span><\/a>Og hafurinn skal bera \u00e1 s\u00e9r \u00f6ll afbrot \u00feeirra til \u00f3bygg\u00f0a, og hann skal sleppa hafrinum \u00e1 ey\u00f0im\u00f6rk.<a name=\"23\"><span class=\"versanumer\">23<\/span><\/a>Og Aron skal ganga inn \u00ed samfundatjaldi\u00f0 og f\u00e6ra sig \u00far l\u00ednkl\u00e6\u00f0unum, sem hann f\u00f3r \u00ed, er hann gekk inn \u00ed helgid\u00f3minn, og skilja \u00feau \u00fear eftir.<a name=\"24\"><span class=\"versanumer\">24<\/span><\/a>Og hann skal lauga l\u00edkama sinn \u00ed vatni \u00e1 helgum sta\u00f0 og fara \u00ed kl\u00e6\u00f0i s\u00edn, ganga s\u00ed\u00f0an \u00fat og f\u00f3rna brennif\u00f3rn sj\u00e1lfs s\u00edn og brennif\u00f3rn l\u00fd\u00f0sins, og fri\u00f0\u00fe\u00e6gja fyrir sig og fyrir l\u00fd\u00f0inn.<a name=\"25\"><span class=\"versanumer\">25<\/span><\/a>Og m\u00f6r syndaf\u00f3rnarinnar skal hann brenna \u00e1 altarinu.<a name=\"26\"><span class=\"versanumer\">26<\/span><\/a>Og s\u00e1, er f\u00f3r burt me\u00f0 hafurinn til Asasels, skal \u00fevo kl\u00e6\u00f0i s\u00edn og lauga l\u00edkama sinn \u00ed vatni. S\u00ed\u00f0an gangi hann \u00ed herb\u00fa\u00f0irnar.<a name=\"27\"><span class=\"versanumer\">27<\/span><\/a>En syndaf\u00f3rnaruxann og syndaf\u00f3rnarhafurinn, hverra bl\u00f3\u00f0 var bori\u00f0 inn til fri\u00f0\u00fe\u00e6gingar \u00ed helgid\u00f3minum, skal f\u00e6ra \u00fat fyrir herb\u00fa\u00f0irnar og brenna \u00ed eldi skinnin af \u00feeim, kj\u00f6ti\u00f0 og gori\u00f0.<a name=\"28\"><span class=\"versanumer\">28<\/span><\/a>Og s\u00e1, er brennir \u00feetta, skal \u00fevo kl\u00e6\u00f0i s\u00edn og lauga l\u00edkama sinn \u00ed vatni. S\u00ed\u00f0an gangi hann \u00ed herb\u00fa\u00f0irnar.<a name=\"29\"><span class=\"versanumer\">29<\/span><\/a>\u00deetta skal vera y\u00f0ur \u00e6varandi l\u00f6gm\u00e1l: \u00cd sj\u00f6unda m\u00e1nu\u00f0inum, \u00e1 t\u00edunda degi m\u00e1na\u00f0arins skulu\u00f0 \u00fe\u00e9r fasta og ekkert verk vinna, hvorki innbornir menn n\u00e9 \u00fatlendingar, er me\u00f0al y\u00f0ar b\u00faa.<a name=\"30\"><span class=\"versanumer\">30<\/span><\/a>\u00dev\u00ed a\u00f0 \u00e1 \u00feessum degi skal fri\u00f0\u00fe\u00e6gt ver\u00f0a fyrir y\u00f0ur til \u00feess a\u00f0 hreinsa y\u00f0ur. Af \u00f6llum syndum y\u00f0ar skulu\u00f0 \u00fe\u00e9r hreinir vera fyrir Drottni.<a name=\"31\"><span class=\"versanumer\">31<\/span><\/a>\u00dea\u00f0 skal vera y\u00f0ur algj\u00f6r hv\u00edldardagur, og \u00fe\u00e9r skulu\u00f0 fasta. \u00dea\u00f0 er \u00e6varandi l\u00f6gm\u00e1l.<a name=\"32\"><span class=\"versanumer\">32<\/span><\/a>En fri\u00f0\u00fe\u00e6ginguna skal gj\u00f6ra s\u00e1 prestur, er smyrja \u00e1 og v\u00edgjast skal til \u00feess, a\u00f0 hann \u00fej\u00f3ni \u00ed prestsemb\u00e6tti \u00ed sta\u00f0 f\u00f6\u00f0ur s\u00edns, og skal hann kl\u00e6\u00f0ast l\u00ednkl\u00e6\u00f0unum, hinum helgu kl\u00e6\u00f0um.<a name=\"33\"><span class=\"versanumer\">33<\/span><\/a>Hann skal fri\u00f0\u00fe\u00e6gja fyrir hi\u00f0 helgasta, og hann skal fri\u00f0\u00fe\u00e6gja fyrir samfundatjaldi\u00f0 og altari\u00f0, og hann skal fri\u00f0\u00fe\u00e6gja fyrir prestana og allt f\u00f3lk safna\u00f0arins.<a name=\"34\"><span class=\"versanumer\">34<\/span><\/a>\u00deetta skal vera y\u00f0ur \u00e6varandi l\u00f6gm\u00e1l: a\u00f0 fri\u00f0\u00fe\u00e6gja einu sinni \u00e1 \u00e1ri fyrir \u00cdsraelsmenn vegna allra synda \u00feeirra. Og hann gj\u00f6r\u00f0i svo sem Drottinn haf\u00f0i bo\u00f0i\u00f0 M\u00f3se.<\/p>\n<div class=\"footnote1981\"><b>16.1<\/b> Fri\u00f0\u00fe\u00e6gingardagurinn 3M\u00f3s 23.26-32; 4M\u00f3s 29.7-11<br \/>\n<b>16.2<\/b> Fortjald helgid\u00f3msins 3M\u00f3s 4.6; Heb 6.19 \u2013 loki\u00f0 2M\u00f3s 25.17-22; Heb 9.5 \u2013 sk\u00fdi\u00f0 3M\u00f3s 16.13; 2M\u00f3s 13.21-22; 4M\u00f3s 9.15-22; 1Kon 8.10-11; Esk 10.3-4; Slm 78.14<br \/>\n<b>16.4<\/b> Heil\u00f6g kl\u00e6\u00f0i 2M\u00f3s 28.39-43<br \/>\n<b>16.10<\/b> Lifandi hafur sbr 3M\u00f3s 14.7,53 \u2013 ey\u00f0im\u00f6rkin, b\u00fasta\u00f0ur illra anda Jes 34.11-14; Matt 4.1-4 og hlst. ; 12.43 og hlst.<br \/>\n<b>16.12<\/b> Altari\u00f0 3M\u00f3s 4.7+<br \/>\n<b>16.15<\/b> Bl\u00f3\u00f0i\u00f0 \u00ed helgid\u00f3minum Heb 9.12<br \/>\n<b>16.16<\/b> Yfirb\u00f3t fyrir helgid\u00f3minn Esk 45.18-20<br \/>\n<b>16.23<\/b> L\u00ednkl\u00e6\u00f0i Esk 44.19<br \/>\n<b>16.29<\/b> T\u00edundi dagur 3M\u00f3s 23.27 \u2013 hvorki innf\u00e6ddir n\u00e9 a\u00f0komumenn 3M\u00f3s 18.26; 19.34; 24.16; 2M\u00f3s 12.48-49; 4M\u00f3s 15.29-30; Esk 47.22<br \/>\n<b>16.32<\/b> Presturinn sem &#8230; 3M\u00f3s 4.3+<\/div>\n","protected":false},"excerpt":{"rendered":"<p>1Drottinn tala\u00f0i vi\u00f0 M\u00f3se eftir dau\u00f0a tveggja sona Arons, er \u00feeir gengu fram fyrir Drottin og d\u00f3u.2Og Drottinn sag\u00f0i vi\u00f0 M\u00f3se: Seg \u00fe\u00fa Aroni br\u00f3\u00f0ur \u00fe\u00ednum, a\u00f0 hann megi ekki \u00e1 hverjum t\u00edma sem er ganga inn \u00ed helgid\u00f3minn inn fyrir fortjaldi\u00f0, fram fyrir loki\u00f0, sem er yfir \u00f6rkinni, ella muni hann deyja, \u00fev\u00ed a\u00f0 \u00e9g mun birtast \u00ed sk\u00fdinu yfir lokinu.3Me\u00f0 \u00feetta skal Aron koma inn \u00ed helgid\u00f3minn: Me\u00f0 ungneyti \u00ed syndaf\u00f3rn og hr\u00fat \u00ed brennif\u00f3rn.4Hann skal kl\u00e6\u00f0ast helgum l\u00ednkyrtli og hafa l\u00ednbr\u00e6kur yfir holdi s\u00ednu og gyr\u00f0a sig l\u00ednbelti og setja \u00e1 sig vefjarh\u00f6tt af l\u00edni. \u00deetta eru <a href=\"https:\/\/biblian.is\/1981\/thridja-mosebok-16-kafli\/\"> [&#8230;]<\/a><\/p>\n","protected":false},"author":1,"featured_media":0,"parent":0,"menu_order":0,"comment_status":"open","ping_status":"open","template":"bibliukaflar.php","meta":{"footnotes":""},"class_list":["post-1452","page","type-page","status-publish","hentry"],"_links":{"self":[{"href":"https:\/\/biblian.is\/1981\/wp-json\/wp\/v2\/pages\/1452","targetHints":{"allow":["GET"]}}],"collection":[{"href":"https:\/\/biblian.is\/1981\/wp-json\/wp\/v2\/pages"}],"about":[{"href":"https:\/\/biblian.is\/1981\/wp-json\/wp\/v2\/types\/page"}],"author":[{"embeddable":true,"href":"https:\/\/biblian.is\/1981\/wp-json\/wp\/v2\/users\/1"}],"replies":[{"embeddable":true,"href":"https:\/\/biblian.is\/1981\/wp-json\/wp\/v2\/comments?post=1452"}],"version-history":[{"count":0,"href":"https:\/\/biblian.is\/1981\/wp-json\/wp\/v2\/pages\/1452\/revisions"}],"wp:attachment":[{"href":"https:\/\/biblian.is\/1981\/wp-json\/wp\/v2\/media?parent=1452"}],"curies":[{"name":"wp","href":"https:\/\/api.w.org\/{rel}","templated":true}]}}