{"id":1451,"date":"2017-11-18T20:17:24","date_gmt":"2017-11-18T20:17:24","guid":{"rendered":"http:\/\/biblian.is\/1981\/thridja-mosebok-15-kafli\/"},"modified":"2021-06-06T11:11:07","modified_gmt":"2021-06-06T11:11:07","slug":"thridja-mosebok-15-kafli","status":"publish","type":"page","link":"https:\/\/biblian.is\/1981\/thridja-mosebok-15-kafli\/","title":{"rendered":"\u00deri\u00f0ja M\u00f3seb\u00f3k 15. kafli"},"content":{"rendered":"<p><a name=\"1\"><span class=\"versanumer\">1<\/span><\/a>Drottinn tala\u00f0i vi\u00f0 M\u00f3se og Aron og sag\u00f0i:<a name=\"2\"><span class=\"versanumer\">2<\/span><\/a>M\u00e6li\u00f0 til \u00cdsraelsmanna og segi\u00f0 vi\u00f0 \u00fe\u00e1: N\u00fa hefir einhver rennsli \u00far h\u00f6rundi s\u00ednu, og er hann \u00f3hreinn vegna rennslisins.<a name=\"3\"><span class=\"versanumer\">3<\/span><\/a>Og skal svo vera um \u00f3hreinleika hans, \u00fe\u00e1 er hann hefir rennsli: Hvort sem rennsli\u00f0 \u00far h\u00f6rundi hans gengur \u00fat e\u00f0a stemmist, \u00fe\u00e1 er hann \u00f3hreinn.<a name=\"4\"><span class=\"versanumer\">4<\/span><\/a>S\u00e9rhver hv\u00edla skal \u00f3hrein vera, ef ma\u00f0ur me\u00f0 rennsli hefir legi\u00f0 \u00ed henni, og s\u00e9rhva\u00f0 \u00fea\u00f0 skal \u00f3hreint vera, er hann situr \u00e1.<a name=\"5\"><span class=\"versanumer\">5<\/span><\/a>Og hver sem snertir hv\u00edlu hans, skal \u00fevo kl\u00e6\u00f0i s\u00edn og lauga sig \u00ed vatni og vera \u00f3hreinn til kvelds.<a name=\"6\"><span class=\"versanumer\">6<\/span><\/a>Og s\u00e1 er sest \u00e1 nokku\u00f0 \u00fea\u00f0, sem ma\u00f0ur me\u00f0 rennsli hefir seti\u00f0 \u00e1, skal \u00fevo kl\u00e6\u00f0i s\u00edn og lauga sig \u00ed vatni og vera \u00f3hreinn til kvelds.<a name=\"7\"><span class=\"versanumer\">7<\/span><\/a>Og s\u00e1 sem snertir l\u00edkama \u00feess, er rennsli hefir, skal \u00fevo kl\u00e6\u00f0i s\u00edn og lauga sig \u00ed vatni og vera \u00f3hreinn til kvelds.<a name=\"8\"><span class=\"versanumer\">8<\/span><\/a>Hr\u00e6ki s\u00e1, er rennsli hefir, \u00e1 hreinan mann, \u00fe\u00e1 skal hann \u00fevo kl\u00e6\u00f0i s\u00edn og lauga sig \u00ed vatni og vera \u00f3hreinn til kvelds.<a name=\"9\"><span class=\"versanumer\">9<\/span><\/a>S\u00e9rhver s\u00f6\u00f0ull skal \u00f3hreinn vera, ef ma\u00f0ur me\u00f0 rennsli r\u00ed\u00f0ur \u00ed honum.<a name=\"10\"><span class=\"versanumer\">10<\/span><\/a>Og hver s\u00e1, er snertir eitthva\u00f0 \u00fea\u00f0, sem hefir veri\u00f0 undir honum, skal vera \u00f3hreinn til kvelds, og s\u00e1, er ber \u00fea\u00f0, skal \u00fevo kl\u00e6\u00f0i s\u00edn og lauga sig \u00ed vatni og vera \u00f3hreinn til kvelds.<a name=\"11\"><span class=\"versanumer\">11<\/span><\/a>Og hver s\u00e1, er ma\u00f0ur me\u00f0 rennsli hefir snorti\u00f0, og hafi hann eigi skola\u00f0 hendur s\u00ednar \u00ed vatni, skal \u00fevo kl\u00e6\u00f0i s\u00edn og lauga sig \u00ed vatni og vera \u00f3hreinn til kvelds.<a name=\"12\"><span class=\"versanumer\">12<\/span><\/a>Og leirker skal brj\u00f3ta, ef ma\u00f0ur me\u00f0 rennsli snertir \u00fea\u00f0, en tr\u00e9-\u00edl\u00e1t \u00f6ll skola \u00ed vatni.<a name=\"13\"><span class=\"versanumer\">13<\/span><\/a>Er s\u00e1, er rennsli hefir, ver\u00f0ur hreinn af rennsli s\u00ednu, skal hann telja sj\u00f6 daga fr\u00e1 hreinsun sinni og \u00fevo kl\u00e6\u00f0i s\u00edn og lauga l\u00edkama sinn \u00ed rennandi vatni, og er \u00fe\u00e1 hreinn.<a name=\"14\"><span class=\"versanumer\">14<\/span><\/a>Og \u00e1 \u00e1ttunda degi skal hann taka tv\u00e6r turtild\u00fafur e\u00f0a tv\u00e6r ungar d\u00fafur og ganga fram fyrir Drottin a\u00f0 dyrum samfundatjaldsins og f\u00e6ra \u00fe\u00e6r presti.<a name=\"15\"><span class=\"versanumer\">15<\/span><\/a>Og prestur skal f\u00f3rna \u00feeim, annarri \u00ed syndaf\u00f3rn og hinni \u00ed brennif\u00f3rn, og prestur skal fri\u00f0\u00fe\u00e6gja fyrir hann frammi fyrir Drottni vegna rennslis hans.<a name=\"16\"><span class=\"versanumer\">16<\/span><\/a>N\u00fa l\u00e6tur einhver s\u00e6\u00f0i, og skal hann lauga allan l\u00edkama sinn \u00ed vatni og vera \u00f3hreinn til kvelds.<a name=\"17\"><span class=\"versanumer\">17<\/span><\/a>Og hvert \u00fea\u00f0 fat e\u00f0a skinn, sem s\u00e6\u00f0i\u00f0 hefir komi\u00f0 \u00e1, skal \u00fevegi\u00f0 \u00ed vatni og vera \u00f3hreint til kvelds.<a name=\"18\"><span class=\"versanumer\">18<\/span><\/a>Og leggist ma\u00f0ur me\u00f0 konu og hafi samfarir vi\u00f0 hana, \u00fe\u00e1 skulu \u00feau lauga sig \u00ed vatni og vera \u00f3hrein til kvelds.<a name=\"19\"><span class=\"versanumer\">19<\/span><\/a>N\u00fa hefir kona rennsli, og rennsli\u00f0 \u00far holdi hennar er bl\u00f3\u00f0, \u00fe\u00e1 skal h\u00fan vera \u00f3hrein sj\u00f6 daga, og hver sem snertir hana, skal vera \u00f3hreinn til kvelds.<a name=\"20\"><span class=\"versanumer\">20<\/span><\/a>Allt \u00fea\u00f0, sem h\u00fan liggur \u00e1, me\u00f0an h\u00fan er \u00f3hrein, skal vera \u00f3hreint, og allt, sem h\u00fan situr \u00e1, skal vera \u00f3hreint.<a name=\"21\"><span class=\"versanumer\">21<\/span><\/a>Og hver sem snertir hv\u00edlu hennar, skal \u00fevo kl\u00e6\u00f0i s\u00edn og lauga sig \u00ed vatni og vera \u00f3hreinn til kvelds.<a name=\"22\"><span class=\"versanumer\">22<\/span><\/a>Og hver sem snertir nokku\u00f0 \u00fea\u00f0, sem h\u00fan hefir seti\u00f0 \u00e1, skal \u00fevo kl\u00e6\u00f0i s\u00edn og lauga sig \u00ed vatni og vera \u00f3hreinn til kvelds.<a name=\"23\"><span class=\"versanumer\">23<\/span><\/a>Og snerti hann eitthva\u00f0, sem er \u00ed hv\u00edlunni e\u00f0a \u00e1 \u00fev\u00ed, sem h\u00fan situr \u00e1, \u00fe\u00e1 skal hann vera \u00f3hreinn til kvelds.<a name=\"24\"><span class=\"versanumer\">24<\/span><\/a>Og ef einhver samrekkir henni og t\u00ed\u00f0abl\u00f3\u00f0 hennar kemur \u00e1 hann, \u00fe\u00e1 er hann \u00f3hreinn sj\u00f6 daga, og hver s\u00fa hv\u00edla skal \u00f3hrein vera, er hann liggur \u00ed.<a name=\"25\"><span class=\"versanumer\">25<\/span><\/a>N\u00fa missir kona bl\u00f3\u00f0 marga daga \u00e1 \u00f6\u00f0rum t\u00edma en \u00feeim, er h\u00fan hefir t\u00ed\u00f0ir, e\u00f0a h\u00fan hefir rennsli fram yfir t\u00ed\u00f0ir s\u00ednar, \u00fe\u00e1 skal h\u00fan alla \u00fe\u00e1 stund, er h\u00fan hefir \u00f3hreint rennsli, haga s\u00e9r eins og \u00fe\u00e1 daga, er h\u00fan hefir t\u00ed\u00f0ir. H\u00fan er \u00f3hrein.<a name=\"26\"><span class=\"versanumer\">26<\/span><\/a>Hverja hv\u00edlu, sem h\u00fan liggur \u00ed alla \u00fe\u00e1 stund, sem h\u00fan hefir rennsli, skal h\u00fan fara me\u00f0 eins og hv\u00edlu s\u00edna, \u00fe\u00e1 er h\u00fan hefir t\u00ed\u00f0ir, og s\u00e9rhva\u00f0 \u00fea\u00f0, er h\u00fan situr \u00e1, skal vera \u00f3hreint, eins og \u00feegar h\u00fan er \u00f3hrein af kl\u00e6\u00f0af\u00f6llum.<a name=\"27\"><span class=\"versanumer\">27<\/span><\/a>Hver sem snertir \u00feetta, skal vera \u00f3hreinn, og hann skal \u00fevo kl\u00e6\u00f0i s\u00edn og lauga sig \u00ed vatni og vera \u00f3hreinn til kvelds.<a name=\"28\"><span class=\"versanumer\">28<\/span><\/a>En \u00fe\u00e1 er h\u00fan er hrein or\u00f0in af rennsli s\u00ednu, skal h\u00fan telja sj\u00f6 daga, og eftir \u00fea\u00f0 er h\u00fan hrein.<a name=\"29\"><span class=\"versanumer\">29<\/span><\/a>Og \u00e1 \u00e1ttunda degi skal h\u00fan taka s\u00e9r tv\u00e6r turtild\u00fafur e\u00f0a tv\u00e6r ungar d\u00fafur og f\u00e6ra \u00fe\u00e6r prestinum a\u00f0 dyrum samfundatjaldsins.<a name=\"30\"><span class=\"versanumer\">30<\/span><\/a>Og prestur skal f\u00f3rna annarri \u00ed syndaf\u00f3rn og hinni \u00ed brennif\u00f3rn, og prestur skal fri\u00f0\u00fe\u00e6gja fyrir hana frammi fyrir Drottni vegna hins \u00f3hreina rennslis hennar.<a name=\"31\"><span class=\"versanumer\">31<\/span><\/a>Og \u00feannig skulu\u00f0 \u00fe\u00e9r vara \u00cdsraelsmenn vi\u00f0 \u00f3hreinleika \u00feeirra, a\u00f0 \u00feeir deyi ekki \u00ed \u00f3hreinleika s\u00ednum, ef \u00feeir saurga b\u00fa\u00f0 m\u00edna, sem er me\u00f0al \u00feeirra.<a name=\"32\"><span class=\"versanumer\">32<\/span><\/a>\u00deetta eru \u00e1kv\u00e6\u00f0in um \u00feann, sem hefir rennsli, og \u00feann, sem hefir s\u00e1\u00f0l\u00e1t, svo a\u00f0 hann ver\u00f0ur \u00f3hreinn af,<a name=\"33\"><span class=\"versanumer\">33<\/span><\/a>og um konu, sem hefir t\u00ed\u00f0ir, og \u00feann, sem hefir rennsli, hvort heldur er karl e\u00f0a kona, og um mann, sem samrekkir konu \u00f3hreinni.<\/p>\n<div class=\"footnote1981\"><b>15.2<\/b> \u00datfer\u00f0 4M\u00f3s 5.2; 2Sam 3.29<br \/>\n<b>15.16<\/b> Ba\u00f0a \u00ed vatni 5M\u00f3s 23.10-11<br \/>\n<b>15.18<\/b> \u00d3hreinn eftir samfarir 2M\u00f3s 19.15; 1Sam 21.5-6; 2Sam 11.11<br \/>\n<b>15.20<\/b> Sitja \u00e1 1M\u00f3s 31.34-35<br \/>\n<b>15.24<\/b> Leggjast me\u00f0 3M\u00f3s 18.19+<br \/>\n<b>15.25<\/b> Hafa \u00e1 kl\u00e6\u00f0um \u00e1 \u00f6\u00f0rum t\u00edmum Matt 9.20 og hlst.<br \/>\n<b>15.30<\/b> Yfirb\u00f3t 2Sam 11.4<br \/>\n<b>15.31<\/b> Gu\u00f0 b\u00fdr me\u00f0al \u00cdsraelsmanna 3M\u00f3s 26.11-12; 4M\u00f3s 5.3; Jes 7.14; Esk 43.9; 2Kro 6.16; Opb 21.3<\/div>\n","protected":false},"excerpt":{"rendered":"<p>1Drottinn tala\u00f0i vi\u00f0 M\u00f3se og Aron og sag\u00f0i:2M\u00e6li\u00f0 til \u00cdsraelsmanna og segi\u00f0 vi\u00f0 \u00fe\u00e1: N\u00fa hefir einhver rennsli \u00far h\u00f6rundi s\u00ednu, og er hann \u00f3hreinn vegna rennslisins.3Og skal svo vera um \u00f3hreinleika hans, \u00fe\u00e1 er hann hefir rennsli: Hvort sem rennsli\u00f0 \u00far h\u00f6rundi hans gengur \u00fat e\u00f0a stemmist, \u00fe\u00e1 er hann \u00f3hreinn.4S\u00e9rhver hv\u00edla skal \u00f3hrein vera, ef ma\u00f0ur me\u00f0 rennsli hefir legi\u00f0 \u00ed henni, og s\u00e9rhva\u00f0 \u00fea\u00f0 skal \u00f3hreint vera, er hann situr \u00e1.5Og hver sem snertir hv\u00edlu hans, skal \u00fevo kl\u00e6\u00f0i s\u00edn og lauga sig \u00ed vatni og vera \u00f3hreinn til kvelds.6Og s\u00e1 er sest \u00e1 nokku\u00f0 \u00fea\u00f0, sem <a href=\"https:\/\/biblian.is\/1981\/thridja-mosebok-15-kafli\/\"> [&#8230;]<\/a><\/p>\n","protected":false},"author":1,"featured_media":0,"parent":0,"menu_order":0,"comment_status":"open","ping_status":"open","template":"bibliukaflar.php","meta":{"footnotes":""},"class_list":["post-1451","page","type-page","status-publish","hentry"],"_links":{"self":[{"href":"https:\/\/biblian.is\/1981\/wp-json\/wp\/v2\/pages\/1451","targetHints":{"allow":["GET"]}}],"collection":[{"href":"https:\/\/biblian.is\/1981\/wp-json\/wp\/v2\/pages"}],"about":[{"href":"https:\/\/biblian.is\/1981\/wp-json\/wp\/v2\/types\/page"}],"author":[{"embeddable":true,"href":"https:\/\/biblian.is\/1981\/wp-json\/wp\/v2\/users\/1"}],"replies":[{"embeddable":true,"href":"https:\/\/biblian.is\/1981\/wp-json\/wp\/v2\/comments?post=1451"}],"version-history":[{"count":0,"href":"https:\/\/biblian.is\/1981\/wp-json\/wp\/v2\/pages\/1451\/revisions"}],"wp:attachment":[{"href":"https:\/\/biblian.is\/1981\/wp-json\/wp\/v2\/media?parent=1451"}],"curies":[{"name":"wp","href":"https:\/\/api.w.org\/{rel}","templated":true}]}}