{"id":1449,"date":"2017-11-18T20:17:24","date_gmt":"2017-11-18T20:17:24","guid":{"rendered":"http:\/\/biblian.is\/1981\/thridja-mosebok-13-kafli\/"},"modified":"2021-06-06T11:11:05","modified_gmt":"2021-06-06T11:11:05","slug":"thridja-mosebok-13-kafli","status":"publish","type":"page","link":"https:\/\/biblian.is\/1981\/thridja-mosebok-13-kafli\/","title":{"rendered":"\u00deri\u00f0ja M\u00f3seb\u00f3k 13. kafli"},"content":{"rendered":"<p><a name=\"1\"><span class=\"versanumer\">1<\/span><\/a>Drottinn tala\u00f0i vi\u00f0 M\u00f3se og Aron og sag\u00f0i:<a name=\"2\"><span class=\"versanumer\">2<\/span><\/a>N\u00fa tekur einhver \u00ferota, hr\u00fa\u00f0ur e\u00f0a glj\u00e1d\u00edla \u00ed skinni\u00f0 \u00e1 h\u00f6rundi s\u00ednu og ver\u00f0ur a\u00f0 l\u00edk\u00fer\u00e1rskellu \u00ed skinninu \u00e1 h\u00f6rundi hans. \u00de\u00e1 skal lei\u00f0a hann fyrir Aron prest e\u00f0a einhvern af prestunum, sonum hans.<a name=\"3\"><span class=\"versanumer\">3<\/span><\/a>Og prestur skal l\u00edta \u00e1 skelluna \u00ed skinninu \u00e1 h\u00f6rundinu, og hafi h\u00e1rin \u00ed skellunni gj\u00f6rst hv\u00edt og beri skelluna d\u00fdpra en skinni\u00f0 \u00e1 h\u00f6rundi hans, \u00fe\u00e1 er \u00fea\u00f0 l\u00edk\u00fer\u00e1rskella. Og prestur skal l\u00edta \u00e1 hann og d\u00e6ma hann \u00f3hreinan.<a name=\"4\"><span class=\"versanumer\">4<\/span><\/a>En s\u00e9 hv\u00edtur glj\u00e1d\u00edli \u00ed skinninu \u00e1 h\u00f6rundi hans og beri ekki d\u00fdpra en skinni\u00f0 og hafi h\u00e1rin \u00ed honum ekki gj\u00f6rst hv\u00edt, \u00fe\u00e1 skal prestur byrgja inni sj\u00f6 daga \u00feann, er skelluna hefir teki\u00f0.<a name=\"5\"><span class=\"versanumer\">5<\/span><\/a>Og prestur skal l\u00edta \u00e1 hann \u00e1 sj\u00f6unda degi, og sj\u00e1i hann a\u00f0 jafnmiki\u00f0 ber \u00e1 skellunni og hafi skellan ekki f\u00e6rst \u00fat \u00ed skinninu, \u00fe\u00e1 skal prestur byrgja hann enn inni sj\u00f6 daga.<a name=\"6\"><span class=\"versanumer\">6<\/span><\/a>Og prestur skal enn l\u00edta \u00e1 hann \u00e1 sj\u00f6unda degi, og sj\u00e1i hann \u00fe\u00e1, a\u00f0 skellan hefir d\u00f6kkna\u00f0, og hafi skellan ekki f\u00e6rst \u00fat \u00ed skinninu, skal prestur d\u00e6ma hann hreinan. \u00de\u00e1 er \u00fea\u00f0 hr\u00fa\u00f0ur, og hann skal \u00fevo kl\u00e6\u00f0i s\u00edn og er \u00fe\u00e1 hreinn.<a name=\"7\"><span class=\"versanumer\">7<\/span><\/a>En f\u00e6rist hr\u00fa\u00f0ri\u00f0 \u00fat \u00ed skinninu eftir a\u00f0 hann s\u00fdndi sig prestinum til \u00feess a\u00f0 ver\u00f0a d\u00e6mdur hreinn, \u00fe\u00e1 skal hann aftur s\u00fdna sig prestinum.<a name=\"8\"><span class=\"versanumer\">8<\/span><\/a>Og prestur skal l\u00edta \u00e1, og sj\u00e1i hann, a\u00f0 hr\u00fa\u00f0ri\u00f0 hefir f\u00e6rst \u00fat \u00ed skinninu, \u00fe\u00e1 skal prestur d\u00e6ma hann \u00f3hreinan. \u00de\u00e1 er \u00fea\u00f0 l\u00edk\u00fer\u00e1.<a name=\"9\"><span class=\"versanumer\">9<\/span><\/a>N\u00fa tekur einhver l\u00edk\u00fer\u00e1rskellu, og skal lei\u00f0a hann fyrir prest.<a name=\"10\"><span class=\"versanumer\">10<\/span><\/a>Og prestur skal l\u00edta \u00e1, og sj\u00e1i hann, a\u00f0 hv\u00edtur \u00feroti er \u00ed skinninu og hefir gj\u00f6rt h\u00e1rin hv\u00edt, og lifandi kvika er \u00ed \u00ferotanum,<a name=\"11\"><span class=\"versanumer\">11<\/span><\/a>\u00fe\u00e1 er \u00fea\u00f0 g\u00f6mul l\u00edk\u00fer\u00e1 \u00ed skinninu \u00e1 h\u00f6rundi hans, og skal prestur d\u00e6ma hann \u00f3hreinan. Hann skal eigi byrgja hann inni, \u00fev\u00ed a\u00f0 hann er \u00f3hreinn.<a name=\"12\"><span class=\"versanumer\">12<\/span><\/a>En brj\u00f3tist l\u00edk\u00fer\u00e1in \u00fat um skinni\u00f0 og hylji l\u00edk\u00fer\u00e1in allt skinni\u00f0 fr\u00e1 hvirfli til ilja \u00e1 \u00feeim, er skellurnar hefir teki\u00f0, hvar sem prestur rennir augum til,<a name=\"13\"><span class=\"versanumer\">13<\/span><\/a>\u00fe\u00e1 skal prestur l\u00edta \u00e1, og sj\u00e1i hann, a\u00f0 l\u00edk\u00fer\u00e1in hefir huli\u00f0 allt h\u00f6rund hans, \u00fe\u00e1 skal hann d\u00e6ma hreinan \u00feann, er skellurnar hefir teki\u00f0. Hann hefir \u00fe\u00e1 allur gj\u00f6rst hv\u00edtur og er \u00fe\u00e1 hreinn.<a name=\"14\"><span class=\"versanumer\">14<\/span><\/a>En \u00feegar er ber \u00e1 kviku holdi \u00e1 honum, skal hann vera \u00f3hreinn.<a name=\"15\"><span class=\"versanumer\">15<\/span><\/a>Og prestur skal l\u00edta \u00e1 kvika holdi\u00f0 og d\u00e6ma hann \u00f3hreinan. Kvika holdi\u00f0 er \u00f3hreint. \u00de\u00e1 er \u00fea\u00f0 l\u00edk\u00fer\u00e1.<a name=\"16\"><span class=\"versanumer\">16<\/span><\/a>En hverfi kvika holdi\u00f0 og gj\u00f6rist hv\u00edtt, \u00fe\u00e1 skal hann ganga fyrir prest.<a name=\"17\"><span class=\"versanumer\">17<\/span><\/a>Og prestur skal l\u00edta \u00e1 hann, og sj\u00e1i hann a\u00f0 skellurnar hafa gj\u00f6rst hv\u00edtar, \u00fe\u00e1 skal prestur d\u00e6ma hreinan \u00feann, er skellurnar hefir teki\u00f0. \u00de\u00e1 er hann hreinn.<a name=\"18\"><span class=\"versanumer\">18<\/span><\/a>N\u00fa kemur k\u00fdli \u00ed h\u00f6rundi\u00f0, \u00fat \u00ed skinni\u00f0, og gr\u00e6r,<a name=\"19\"><span class=\"versanumer\">19<\/span><\/a>og kemur \u00ed sta\u00f0 k\u00fdlisins hv\u00edtur \u00feroti e\u00f0a glj\u00e1d\u00edli lj\u00f3srau\u00f0ur, \u00fe\u00e1 skal hann s\u00fdna sig presti.<a name=\"20\"><span class=\"versanumer\">20<\/span><\/a>Og prestur skal l\u00edta \u00e1, og sj\u00e1i hann, a\u00f0 d\u00edlann ber l\u00e6gra en skinni\u00f0 og h\u00e1rin \u00ed honum hafa gj\u00f6rst hv\u00edt, skal prestur d\u00e6ma hann \u00f3hreinan. \u00de\u00e1 er \u00fea\u00f0 l\u00edk\u00fer\u00e1rs\u00f3tt, sem brotist hefir \u00fat \u00ed k\u00fdlinu.<a name=\"21\"><span class=\"versanumer\">21<\/span><\/a>En ef prestur l\u00edtur \u00e1 hann og s\u00e9r, a\u00f0 engin hv\u00edt h\u00e1r eru \u00ed honum og hann er ekki l\u00e6gri en skinni\u00f0 og hefir d\u00f6kkna\u00f0, \u00fe\u00e1 skal prestur byrgja hann inni sj\u00f6 daga.<a name=\"22\"><span class=\"versanumer\">22<\/span><\/a>En f\u00e6rist hann \u00fat \u00ed skinninu, skal prestur d\u00e6ma hann \u00f3hreinan. \u00de\u00e1 er \u00fea\u00f0 l\u00edk\u00fer\u00e1rs\u00f3tt.<a name=\"23\"><span class=\"versanumer\">23<\/span><\/a>En ef glj\u00e1d\u00edlinn stendur \u00ed sta\u00f0 og f\u00e6rist eigi \u00fat, \u00fe\u00e1 er \u00fea\u00f0 k\u00fdlis-\u00f6r, og prestur skal d\u00e6ma hann hreinan.<a name=\"24\"><span class=\"versanumer\">24<\/span><\/a>En ef brunas\u00e1r kemur \u00e1 h\u00f6rundi\u00f0 og brunakvikan ver\u00f0ur a\u00f0 glj\u00e1d\u00edla lj\u00f3srau\u00f0um e\u00f0a hv\u00edtum,<a name=\"25\"><span class=\"versanumer\">25<\/span><\/a>\u00fe\u00e1 skal prestur l\u00edta \u00e1 hann. Og sj\u00e1i hann, a\u00f0 h\u00e1rin \u00ed glj\u00e1d\u00edlanum hafa gj\u00f6rst hv\u00edt og ber hann d\u00fdpra en skinni\u00f0, \u00fe\u00e1 er \u00fea\u00f0 l\u00edk\u00fer\u00e1, sem hefir brotist \u00fat \u00ed brunanum, og skal prestur d\u00e6ma hann \u00f3hreinan. \u00de\u00e1 er \u00fea\u00f0 l\u00edk\u00fer\u00e1rs\u00f3tt.<a name=\"26\"><span class=\"versanumer\">26<\/span><\/a>En ef prestur l\u00edtur \u00e1 hann og s\u00e9r, a\u00f0 engin hv\u00edt h\u00e1r eru \u00ed glj\u00e1d\u00edlanum og hann er ekki l\u00e6gri en skinni\u00f0 og hefir d\u00f6kkna\u00f0, \u00fe\u00e1 skal prestur byrgja hann inni sj\u00f6 daga.<a name=\"27\"><span class=\"versanumer\">27<\/span><\/a>Og prestur skal l\u00edta \u00e1 hann \u00e1 sj\u00f6unda degi. Hafi hann \u00fe\u00e1 f\u00e6rst \u00fat \u00ed skinninu, skal prestur d\u00e6ma hann \u00f3hreinan. \u00de\u00e1 er \u00fea\u00f0 l\u00edk\u00fer\u00e1rs\u00f3tt.<a name=\"28\"><span class=\"versanumer\">28<\/span><\/a>En ef glj\u00e1d\u00edlinn stendur \u00ed sta\u00f0 og hefir eigi f\u00e6rst \u00fat \u00ed skinninu, en d\u00f6kkna\u00f0, \u00fe\u00e1 er \u00fea\u00f0 bruna\u00feroti, og skal prestur d\u00e6ma hann hreinan, \u00fev\u00ed a\u00f0 \u00fe\u00e1 er \u00fea\u00f0 bruna-\u00f6r.<a name=\"29\"><span class=\"versanumer\">29<\/span><\/a>N\u00fa tekur karl e\u00f0a kona skellu \u00ed h\u00f6fu\u00f0i\u00f0 e\u00f0a skeggi\u00f0.<a name=\"30\"><span class=\"versanumer\">30<\/span><\/a>\u00de\u00e1 skal prestur l\u00edta \u00e1 skelluna, og sj\u00e1i hann, a\u00f0 hana ber d\u00fdpra en skinni\u00f0 og gulleit visin h\u00e1r eru \u00ed henni, \u00fe\u00e1 skal prestur d\u00e6ma hann \u00f3hreinan. \u00de\u00e1 er \u00fea\u00f0 skurfa, \u00fea\u00f0 er l\u00edk\u00fer\u00e1 \u00ed h\u00f6f\u00f0i e\u00f0a skeggi.<a name=\"31\"><span class=\"versanumer\">31<\/span><\/a>Og er prestur l\u00edtur \u00e1 skurfuskelluna og s\u00e9r, a\u00f0 hana ber ekki d\u00fdpra en skinni\u00f0 og engin sv\u00f6rt h\u00e1r eru \u00ed henni, \u00fe\u00e1 skal prestur byrgja inni sj\u00f6 daga \u00feann, er skurfuskelluna hefir teki\u00f0.<a name=\"32\"><span class=\"versanumer\">32<\/span><\/a>Og prestur skal l\u00edta \u00e1 skelluna \u00e1 sj\u00f6unda degi, og sj\u00e1i hann, a\u00f0 skurfan hefir eigi f\u00e6rst \u00fat og engin gulleit h\u00e1r eru \u00ed henni og skurfuna ber eigi d\u00fdpra en skinni\u00f0,<a name=\"33\"><span class=\"versanumer\">33<\/span><\/a>\u00fe\u00e1 skal hann raka sig, en skurfuna skal hann ekki raka, og prestur skal enn byrgja inni sj\u00f6 daga \u00feann, er skurfuna hefir teki\u00f0.<a name=\"34\"><span class=\"versanumer\">34<\/span><\/a>Og prestur skal l\u00edta \u00e1 skurfuna \u00e1 sj\u00f6unda degi, og sj\u00e1i hann, a\u00f0 skurfan hefir eigi f\u00e6rst \u00fat \u00ed skinninu og hana ber ekki d\u00fdpra en skinni\u00f0, \u00fe\u00e1 skal prestur d\u00e6ma hann hreinan. Og hann skal \u00fevo kl\u00e6\u00f0i s\u00edn og er \u00fe\u00e1 hreinn.<a name=\"35\"><span class=\"versanumer\">35<\/span><\/a>En ef skurfan f\u00e6rist \u00fat \u00ed skinninu eftir a\u00f0 hann hefir veri\u00f0 d\u00e6mdur hreinn,<a name=\"36\"><span class=\"versanumer\">36<\/span><\/a>\u00fe\u00e1 skal prestur l\u00edta \u00e1 hann. Og sj\u00e1i hann, a\u00f0 skurfan hefir f\u00e6rst \u00fat \u00ed skinninu, \u00fe\u00e1 skal prestur ekki leita a\u00f0 gulleitu h\u00e1runum. \u00de\u00e1 er hann \u00f3hreinn.<a name=\"37\"><span class=\"versanumer\">37<\/span><\/a>En ef jafnmiki\u00f0 ber \u00e1 skurfunni og sv\u00f6rt h\u00e1r hafa sprotti\u00f0 \u00ed henni, \u00fe\u00e1 er skurfan gr\u00f3in. Hann er \u00fe\u00e1 hreinn, og prestur skal d\u00e6ma hann hreinan.<a name=\"38\"><span class=\"versanumer\">38<\/span><\/a>N\u00fa tekur karl e\u00f0a kona glj\u00e1d\u00edla, hv\u00edta glj\u00e1d\u00edla \u00ed skinni\u00f0 \u00e1 h\u00f6rundi s\u00ednu,<a name=\"39\"><span class=\"versanumer\">39<\/span><\/a>\u00fe\u00e1 skal prestur l\u00edta \u00e1. Og sj\u00e1i hann, a\u00f0 glj\u00e1d\u00edlarnir \u00ed skinninu \u00e1 h\u00f6rundi \u00feeirra eru dumb-hv\u00edtir, \u00fe\u00e1 er \u00fea\u00f0 hringormur, sem hefir brotist \u00fat \u00ed skinninu. \u00de\u00e1 er hann hreinn.<a name=\"40\"><span class=\"versanumer\">40<\/span><\/a>N\u00fa ver\u00f0ur einhver sk\u00f6ll\u00f3ttur ofan \u00e1 h\u00f6f\u00f0inu, \u00fe\u00e1 er hann hvirfilskalli og er hreinn.<a name=\"41\"><span class=\"versanumer\">41<\/span><\/a>Og ef hann ver\u00f0ur sk\u00f6ll\u00f3ttur framan \u00e1 h\u00f6f\u00f0inu, \u00fe\u00e1 er hann ennisskalli og er hreinn.<a name=\"42\"><span class=\"versanumer\">42<\/span><\/a>En s\u00e9 lj\u00f3srau\u00f0 skella \u00ed hvirfilskallanum e\u00f0a ennisskallanum, \u00fe\u00e1 er \u00fea\u00f0 l\u00edk\u00fer\u00e1, er \u00fat br\u00fdst \u00ed hvirfilskalla hans e\u00f0a ennisskalla.<a name=\"43\"><span class=\"versanumer\">43<\/span><\/a>Prestur skal \u00fe\u00e1 l\u00edta \u00e1 hann, og sj\u00e1i hann a\u00f0 skellu\u00ferotinn \u00ed hvirfilskalla hans e\u00f0a ennisskalla er lj\u00f3srau\u00f0ur, \u00e1 a\u00f0 sj\u00e1 sem l\u00edk\u00fer\u00e1 \u00ed skinninu \u00e1 h\u00f6rundinu,<a name=\"44\"><span class=\"versanumer\">44<\/span><\/a>\u00fe\u00e1 er hann ma\u00f0ur l\u00edk\u00fer\u00e1r og er \u00f3hreinn. Prestur skal sannlega d\u00e6ma hann \u00f3hreinan. L\u00edk\u00fer\u00e1rs\u00f3ttin er \u00ed h\u00f6f\u00f0i honum.<a name=\"45\"><span class=\"versanumer\">45<\/span><\/a>L\u00edk\u00fer\u00e1r ma\u00f0ur, er s\u00f3ttina hefir, kl\u00e6\u00f0i hans skulu vera rifin og h\u00e1r hans flakandi, og hann skal hylja kamp sinn og hr\u00f3pa: \u00d3hreinn, \u00f3hreinn!<a name=\"46\"><span class=\"versanumer\">46<\/span><\/a>Alla \u00fe\u00e1 stund, er hann hefir s\u00f3ttina, skal hann \u00f3hreinn vera. Hann er \u00f3hreinn. Hann skal b\u00faa s\u00e9r. B\u00fasta\u00f0ur hans skal vera fyrir utan herb\u00fa\u00f0irnar.<a name=\"47\"><span class=\"versanumer\">47<\/span><\/a>N\u00fa kemur l\u00edk\u00fer\u00e1rskella \u00e1 fat, hvort heldur er ullarfat e\u00f0a l\u00ednfat,<a name=\"48\"><span class=\"versanumer\">48<\/span><\/a>e\u00f0a vefna\u00f0 e\u00f0a prj\u00f3nles af l\u00edni e\u00f0a ullu, e\u00f0a skinn e\u00f0a eitthva\u00f0 \u00fea\u00f0, sem af skinni er gj\u00f6rt,<a name=\"49\"><span class=\"versanumer\">49<\/span><\/a>og s\u00e9 skellan gr\u00e6nleit e\u00f0a rau\u00f0leit \u00e1 fatinu e\u00f0a skinninu e\u00f0a vefna\u00f0inum e\u00f0a prj\u00f3nlesinu e\u00f0a nokkrum hlut af skinni gj\u00f6rvum, \u00fe\u00e1 er \u00fea\u00f0 l\u00edk\u00fer\u00e1rskella, og skal s\u00fdna \u00fea\u00f0 prestinum.<a name=\"50\"><span class=\"versanumer\">50<\/span><\/a>Og prestur skal l\u00edta \u00e1 skelluna og byrgja inni sj\u00f6 daga \u00fea\u00f0, er skellan er \u00e1.<a name=\"51\"><span class=\"versanumer\">51<\/span><\/a>Og hann skal l\u00edta \u00e1 skelluna \u00e1 sj\u00f6unda degi. Hafi skellan f\u00e6rst \u00fat \u00e1 fatinu e\u00f0a vefna\u00f0inum e\u00f0a prj\u00f3nlesinu e\u00f0a skinninu, til hverra nota sem skinni\u00f0 er haft, \u00fe\u00e1 er skellan sk\u00e6\u00f0 l\u00edk\u00fer\u00e1. \u00de\u00e1 er \u00fea\u00f0 \u00f3hreint.<a name=\"52\"><span class=\"versanumer\">52<\/span><\/a>Og skal brenna fati\u00f0 e\u00f0a vefna\u00f0inn e\u00f0a prj\u00f3nlesi\u00f0, hvort \u00fea\u00f0 er heldur af ullu e\u00f0a l\u00edni, e\u00f0a hvern hlut af skinni gj\u00f6rvan, er skellan er \u00e1, \u00fev\u00ed a\u00f0 \u00fea\u00f0 er sk\u00e6\u00f0 l\u00edk\u00fer\u00e1. \u00dea\u00f0 skal \u00ed eldi brenna.<a name=\"53\"><span class=\"versanumer\">53<\/span><\/a>En ef prestur l\u00edtur \u00e1 og s\u00e9r, a\u00f0 skellan hefir eigi f\u00e6rst \u00fat \u00ed fatinu e\u00f0a vefna\u00f0inum e\u00f0a prj\u00f3nlesinu e\u00f0a \u00e1 einhverjum hlut af skinni gj\u00f6rvum,<a name=\"54\"><span class=\"versanumer\">54<\/span><\/a>\u00fe\u00e1 skal prestur bj\u00f3\u00f0a a\u00f0 \u00fevo \u00fea\u00f0, sem skellan er \u00e1, og hann skal enn byrgja \u00fea\u00f0 inni sj\u00f6 daga.<a name=\"55\"><span class=\"versanumer\">55<\/span><\/a>Og prestur skal l\u00edta \u00e1, eftir a\u00f0 \u00fea\u00f0, sem skellan er \u00e1, er \u00fevegi\u00f0, og sj\u00e1i hann, a\u00f0 skellan hefir eigi breytt lit og skellan hefir eigi f\u00e6rst \u00fat, \u00fe\u00e1 er \u00fea\u00f0 \u00f3hreint. \u00de\u00fa skalt brenna \u00fea\u00f0 \u00ed eldi, \u00fe\u00e1 er \u00fea\u00f0 \u00e1ta, hvort \u00fea\u00f0 er heldur \u00e1 \u00fathverfunni e\u00f0a r\u00e9tthverfunni.<a name=\"56\"><span class=\"versanumer\">56<\/span><\/a>En ef prestur l\u00edtur \u00e1 og s\u00e9r, a\u00f0 skellan hefir d\u00f6kkna\u00f0, eftir a\u00f0 h\u00fan var \u00fevegin, \u00fe\u00e1 skal hann r\u00edfa hana af fatinu e\u00f0a skinninu e\u00f0a vefna\u00f0inum e\u00f0a prj\u00f3nlesinu.<a name=\"57\"><span class=\"versanumer\">57<\/span><\/a>En komi h\u00fan enn \u00ed lj\u00f3s \u00e1 fatinu e\u00f0a vefna\u00f0inum e\u00f0a prj\u00f3nlesinu e\u00f0a \u00e1 nokkrum hlut af skinni gj\u00f6rvum, \u00fe\u00e1 er \u00fea\u00f0 l\u00edk\u00fer\u00e1, sem er a\u00f0 brj\u00f3tast \u00fat. \u00de\u00fa skalt brenna \u00ed eldi \u00fea\u00f0, er skellan er \u00e1.<a name=\"58\"><span class=\"versanumer\">58<\/span><\/a>En \u00fea\u00f0 fat e\u00f0a vefna\u00f0ur e\u00f0a prj\u00f3nles, e\u00f0a s\u00e9rhver hlutur af skinni gj\u00f6r, sem skellan gengur af, ef \u00fevegi\u00f0 er, \u00fea\u00f0 skal \u00fevo anna\u00f0 sinn, og er \u00fe\u00e1 hreint.<a name=\"59\"><span class=\"versanumer\">59<\/span><\/a>\u00deessi eru \u00e1kv\u00e6\u00f0in um l\u00edk\u00fer\u00e1rs\u00f3tt \u00ed ullarfati e\u00f0a l\u00ednfati e\u00f0a vefna\u00f0i e\u00f0a prj\u00f3nlesi e\u00f0a nokkrum hlut af skinni gj\u00f6rvum, er \u00fea\u00f0 skal d\u00e6ma hreint e\u00f0a \u00f3hreint.<\/p>\n<div class=\"footnote1981\"><b>13.2<\/b> Holdsveiki 4M\u00f3s 12.10; 5M\u00f3s 24.8-9; 2Kon 5; Matt 8.2+<br \/>\n<b>13.4<\/b> Einangra 3M\u00f3s 14.38; 4M\u00f3s 12.14-15<br \/>\n<b>13.46<\/b> Holdsveiki 3M\u00f3s 14.3; 4M\u00f3s 5.2; 2Kon 15.5<\/div>\n","protected":false},"excerpt":{"rendered":"<p>1Drottinn tala\u00f0i vi\u00f0 M\u00f3se og Aron og sag\u00f0i:2N\u00fa tekur einhver \u00ferota, hr\u00fa\u00f0ur e\u00f0a glj\u00e1d\u00edla \u00ed skinni\u00f0 \u00e1 h\u00f6rundi s\u00ednu og ver\u00f0ur a\u00f0 l\u00edk\u00fer\u00e1rskellu \u00ed skinninu \u00e1 h\u00f6rundi hans. \u00de\u00e1 skal lei\u00f0a hann fyrir Aron prest e\u00f0a einhvern af prestunum, sonum hans.3Og prestur skal l\u00edta \u00e1 skelluna \u00ed skinninu \u00e1 h\u00f6rundinu, og hafi h\u00e1rin \u00ed skellunni gj\u00f6rst hv\u00edt og beri skelluna d\u00fdpra en skinni\u00f0 \u00e1 h\u00f6rundi hans, \u00fe\u00e1 er \u00fea\u00f0 l\u00edk\u00fer\u00e1rskella. Og prestur skal l\u00edta \u00e1 hann og d\u00e6ma hann \u00f3hreinan.4En s\u00e9 hv\u00edtur glj\u00e1d\u00edli \u00ed skinninu \u00e1 h\u00f6rundi hans og beri ekki d\u00fdpra en skinni\u00f0 og hafi h\u00e1rin \u00ed honum ekki <a href=\"https:\/\/biblian.is\/1981\/thridja-mosebok-13-kafli\/\"> [&#8230;]<\/a><\/p>\n","protected":false},"author":1,"featured_media":0,"parent":0,"menu_order":0,"comment_status":"open","ping_status":"open","template":"bibliukaflar.php","meta":{"footnotes":""},"class_list":["post-1449","page","type-page","status-publish","hentry"],"_links":{"self":[{"href":"https:\/\/biblian.is\/1981\/wp-json\/wp\/v2\/pages\/1449","targetHints":{"allow":["GET"]}}],"collection":[{"href":"https:\/\/biblian.is\/1981\/wp-json\/wp\/v2\/pages"}],"about":[{"href":"https:\/\/biblian.is\/1981\/wp-json\/wp\/v2\/types\/page"}],"author":[{"embeddable":true,"href":"https:\/\/biblian.is\/1981\/wp-json\/wp\/v2\/users\/1"}],"replies":[{"embeddable":true,"href":"https:\/\/biblian.is\/1981\/wp-json\/wp\/v2\/comments?post=1449"}],"version-history":[{"count":0,"href":"https:\/\/biblian.is\/1981\/wp-json\/wp\/v2\/pages\/1449\/revisions"}],"wp:attachment":[{"href":"https:\/\/biblian.is\/1981\/wp-json\/wp\/v2\/media?parent=1449"}],"curies":[{"name":"wp","href":"https:\/\/api.w.org\/{rel}","templated":true}]}}