{"id":1447,"date":"2017-11-18T20:17:24","date_gmt":"2017-11-18T20:17:24","guid":{"rendered":"http:\/\/biblian.is\/1981\/thridja-mosebok-11-kafli\/"},"modified":"2021-06-06T11:11:04","modified_gmt":"2021-06-06T11:11:04","slug":"thridja-mosebok-11-kafli","status":"publish","type":"page","link":"https:\/\/biblian.is\/1981\/thridja-mosebok-11-kafli\/","title":{"rendered":"\u00deri\u00f0ja M\u00f3seb\u00f3k 11. kafli"},"content":{"rendered":"<p><a name=\"1\"><span class=\"versanumer\">1<\/span><\/a>Drottinn tala\u00f0i vi\u00f0 M\u00f3se og Aron og sag\u00f0i vi\u00f0 \u00fe\u00e1:<a name=\"2\"><span class=\"versanumer\">2<\/span><\/a>Tali\u00f0 til \u00cdsraelsmanna og segi\u00f0: \u00deessi eru \u00feau d\u00fdr, er \u00fe\u00e9r megi\u00f0 eta af \u00f6llum ferf\u00e6ttum d\u00fdrum, sem eru \u00e1 j\u00f6r\u00f0inni:<a name=\"3\"><span class=\"versanumer\">3<\/span><\/a>\u00d6ll ferf\u00e6tt d\u00fdr, sem hafa klaufir, og \u00fe\u00e6r alklofnar, og j\u00f3rtra, megi\u00f0 \u00fe\u00e9r eta.<a name=\"4\"><span class=\"versanumer\">4<\/span><\/a>&#8222;Af \u00feeim, sem j\u00f3rtra og klaufir hafa, megi\u00f0 \u00fe\u00e9r \u00fe\u00f3 ekki \u00feessi eta: \u00dalfaldann, \u00fev\u00ed a\u00f0 hann j\u00f3rtrar a\u00f0 s\u00f6nnu, en er eigi klaufh\u00e6f\u00f0ur; hann s\u00e9 y\u00f0ur \u00f3hreinn;&#8220;<a name=\"5\"><span class=\"versanumer\">5<\/span><\/a>&#8222;st\u00f6kkh\u00e9rann, \u00fev\u00ed a\u00f0 hann j\u00f3rtrar a\u00f0 s\u00f6nnu, en hefir eigi klaufir; hann s\u00e9 y\u00f0ur \u00f3hreinn;&#8220;<a name=\"6\"><span class=\"versanumer\">6<\/span><\/a>&#8222;h\u00e9rann, \u00fev\u00ed a\u00f0 hann j\u00f3rtrar a\u00f0 s\u00f6nnu, en hefir eigi klaufir; hann s\u00e9 y\u00f0ur \u00f3hreinn;&#8220;<a name=\"7\"><span class=\"versanumer\">7<\/span><\/a>&#8222;og sv\u00edni\u00f0, \u00fev\u00ed a\u00f0 \u00fea\u00f0 hefir a\u00f0 s\u00f6nnu klaufir, og \u00fe\u00e6r alklofnar, en j\u00f3rtrar ekki; \u00fea\u00f0 s\u00e9 y\u00f0ur \u00f3hreint.&#8220;<a name=\"8\"><span class=\"versanumer\">8<\/span><\/a>Kj\u00f6t \u00feeirra skulu\u00f0 \u00fe\u00e9r ekki eta, og hr\u00e6 \u00feeirra skulu\u00f0 \u00fe\u00e9r ekki snerta. \u00deau skulu vera y\u00f0ur \u00f3hrein.<a name=\"9\"><span class=\"versanumer\">9<\/span><\/a>Af lagard\u00fdrum megi\u00f0 \u00fe\u00e9r eta \u00feessi: \u00d6ll lagard\u00fdr, sem hafa sundugga og hreistur, hvort heldur er \u00ed sj\u00f3 e\u00f0a \u00e1m, megi\u00f0 \u00fe\u00e9r eta.<a name=\"10\"><span class=\"versanumer\">10<\/span><\/a>En af \u00f6llu \u00fev\u00ed, sem kvikt er \u00ed v\u00f6tnunum, og af \u00f6llum lifandi skepnum, sem eru \u00ed v\u00f6tnunum, s\u00e9u \u00f6ll \u00feau d\u00fdr \u00ed sj\u00f3 e\u00f0a \u00e1m, sem eigi hafa sundugga og hreistur, y\u00f0ur vi\u00f0urstygg\u00f0.<a name=\"11\"><span class=\"versanumer\">11<\/span><\/a>Vi\u00f0urstygg\u00f0 skulu \u00feau vera y\u00f0ur. Ekki skulu\u00f0 \u00fe\u00e9r eta kj\u00f6t \u00feeirra, og vi\u00f0 hr\u00e6jum \u00feeirra skal y\u00f0ur stugga.<a name=\"12\"><span class=\"versanumer\">12<\/span><\/a>\u00d6ll lagard\u00fdr, sem ekki hafa sundugga og hreistur, skulu vera y\u00f0ur vi\u00f0urstygg\u00f0.<a name=\"13\"><span class=\"versanumer\">13<\/span><\/a>Af fuglunum skal y\u00f0ur stugga vi\u00f0 \u00feessum, \u00fe\u00e9r skulu\u00f0 eigi eta \u00fe\u00e1, \u00feeir eru vi\u00f0urstygg\u00f0: \u00f6rninn, skegg-gammurinn og gammurinn,<a name=\"14\"><span class=\"versanumer\">14<\/span><\/a>gle\u00f0an og valakyni\u00f0,<a name=\"15\"><span class=\"versanumer\">15<\/span><\/a>allt hrafnakyni\u00f0,<a name=\"16\"><span class=\"versanumer\">16<\/span><\/a>str\u00faturinn, svalan, m\u00e1vurinn og haukakyni\u00f0,<a name=\"17\"><span class=\"versanumer\">17<\/span><\/a>uglan, s\u00falan og n\u00e1ttuglan,<a name=\"18\"><span class=\"versanumer\">18<\/span><\/a>hornuglan, pel\u00edkaninn og hr\u00e6gammurinn,<a name=\"19\"><span class=\"versanumer\">19<\/span><\/a>storkurinn og l\u00f3ukyni\u00f0, herfuglinn og le\u00f0urblakan.<a name=\"20\"><span class=\"versanumer\">20<\/span><\/a>\u00d6ll fleyg skri\u00f0kvikindi ferf\u00e6tt s\u00e9u y\u00f0ur vi\u00f0urstygg\u00f0.<a name=\"21\"><span class=\"versanumer\">21<\/span><\/a>Af \u00f6llum fleygum skri\u00f0kvikindum ferf\u00e6ttum megi\u00f0 \u00fe\u00e9r \u00feau ein eta, er hafa leggi upp af afturf\u00f3tunum til \u00feess a\u00f0 st\u00f6kkva me\u00f0 um j\u00f6r\u00f0ina.<a name=\"22\"><span class=\"versanumer\">22<\/span><\/a>Af \u00feeim megi\u00f0 \u00fe\u00e9r eta \u00feessi: arbe-engisprettur, s\u00f3lam-engisprettur, harg\u00f3l-engisprettur og hagab-engisprettur.<a name=\"23\"><span class=\"versanumer\">23<\/span><\/a>En \u00f6ll \u00f6nnur fleyg skri\u00f0kvikindi ferf\u00e6tt s\u00e9u y\u00f0ur vi\u00f0urstygg\u00f0.<a name=\"24\"><span class=\"versanumer\">24<\/span><\/a>Af \u00feessum d\u00fdrum ver\u00f0i\u00f0 \u00fe\u00e9r \u00f3hreinir. Hver sem snertir hr\u00e6 \u00feeirra, ver\u00f0ur \u00f3hreinn til kvelds.<a name=\"25\"><span class=\"versanumer\">25<\/span><\/a>En hver s\u00e1, sem ber hr\u00e6 \u00feeirra, hann skal \u00fevo kl\u00e6\u00f0i s\u00edn og er \u00f3hreinn til kvelds.<a name=\"26\"><span class=\"versanumer\">26<\/span><\/a>Hvert \u00fea\u00f0 ferf\u00e6tt d\u00fdr, sem hefir klaufir, \u00fe\u00f3 eigi alklofnar, og eigi j\u00f3rtrar, s\u00e9 y\u00f0ur \u00f3hreint. Hver sem \u00feau snertir ver\u00f0ur \u00f3hreinn.<a name=\"27\"><span class=\"versanumer\">27<\/span><\/a>Og \u00f6ll \u00feau, sem ganga \u00e1 hr\u00f6mmum s\u00ednum, me\u00f0al allra d\u00fdra ferf\u00e6ttra, s\u00e9u y\u00f0ur \u00f3hrein. Hver sem snertir hr\u00e6 \u00feeirra, er \u00f3hreinn til kvelds.<a name=\"28\"><span class=\"versanumer\">28<\/span><\/a>Og s\u00e1, sem ber hr\u00e6 \u00feeirra, skal \u00fevo kl\u00e6\u00f0i s\u00edn og er \u00f3hreinn til kvelds. \u00deau skulu vera y\u00f0ur \u00f3hrein.<a name=\"29\"><span class=\"versanumer\">29<\/span><\/a>\u00deessi skulu vera y\u00f0ur \u00f3hrein \u00e1 me\u00f0al skri\u00f0kvikindanna, sem skr\u00ed\u00f0a \u00e1 j\u00f6r\u00f0inni: hreysivislan, m\u00fasin og e\u00f0lukyni\u00f0,<a name=\"30\"><span class=\"versanumer\">30<\/span><\/a>skr\u00e6ke\u00f0lan, k\u00f3ah-e\u00f0lan, leta-e\u00f0lan, salamandran og kamellj\u00f3ni\u00f0.<a name=\"31\"><span class=\"versanumer\">31<\/span><\/a>\u00deessi skulu vera y\u00f0ur \u00f3hrein me\u00f0al allra skri\u00f0kvikindanna. Hver sem snertir \u00feau, \u00feegar \u00feau eru dau\u00f0, ver\u00f0ur \u00f3hreinn til kvelds.<a name=\"32\"><span class=\"versanumer\">32<\/span><\/a>&#8222;S\u00e9rhva\u00f0 \u00fea\u00f0, er eitthvert af \u00feeim fellur ofan \u00e1, \u00feegar \u00feau eru dau\u00f0, ver\u00f0ur \u00f3hreint, hvort heldur er tr\u00e9\u00edl\u00e1t, kl\u00e6\u00f0i, skinn e\u00f0a sekkur; \u00f6ll \u00feau \u00e1h\u00f6ld, sem til einhvers eru notu\u00f0. Skal \u00fea\u00f0 \u00ed vatn leggja og er \u00f3hreint til kvelds, \u00fe\u00e1 er \u00fea\u00f0 hreint.&#8220;<a name=\"33\"><span class=\"versanumer\">33<\/span><\/a>Falli eitthvert af \u00feeim ofan \u00ed leirker, \u00fe\u00e1 ver\u00f0ur allt, sem \u00ed \u00fev\u00ed er, \u00f3hreint, og keri\u00f0 skulu\u00f0 \u00fe\u00e9r brj\u00f3ta.<a name=\"34\"><span class=\"versanumer\">34<\/span><\/a>Allur matur, sem etinn er og vatn er l\u00e1ti\u00f0 \u00ed, ver\u00f0ur \u00f3hreinn, og allur drykkur, sem drukkinn er, ver\u00f0ur \u00f3hreinn, \u00ed hva\u00f0a keri sem hann er.<a name=\"35\"><span class=\"versanumer\">35<\/span><\/a>Og s\u00e9rhva\u00f0 \u00fea\u00f0, sem hr\u00e6 \u00feeirra fellur \u00e1, ver\u00f0ur \u00f3hreint. Hvort heldur er ofn e\u00f0a eldst\u00f3, skal \u00fea\u00f0 rifi\u00f0 ni\u00f0ur. \u00dea\u00f0 er \u00f3hreint, og \u00f3hreint skal \u00fea\u00f0 y\u00f0ur vera.<a name=\"36\"><span class=\"versanumer\">36<\/span><\/a>Lindir einar og brunnar, \u00fea\u00f0 er vatnsst\u00e6\u00f0ur, skulu hreinar vera, en s\u00e1, sem hr\u00e6in snertir, ver\u00f0ur \u00f3hreinn.<a name=\"37\"><span class=\"versanumer\">37<\/span><\/a>En \u00fe\u00f3 a\u00f0 eitthva\u00f0 af hr\u00e6junum falli \u00e1 \u00fats\u00e6\u00f0i, sem \u00e1 a\u00f0 s\u00e1, \u00fe\u00e1 er \u00fea\u00f0 hreint.<a name=\"38\"><span class=\"versanumer\">38<\/span><\/a>En ef vatn er l\u00e1ti\u00f0 \u00e1 s\u00e6\u00f0i\u00f0 og eitthva\u00f0 af hr\u00e6junum fellur ofan \u00ed \u00fea\u00f0, \u00fe\u00e1 s\u00e9 \u00fea\u00f0 y\u00f0ur \u00f3hreint.<a name=\"39\"><span class=\"versanumer\">39<\/span><\/a>\u00deegar einhver af \u00feeim skepnum deyr, sem y\u00f0ur eru til f\u00e6\u00f0u, \u00fe\u00e1 skal s\u00e1, er snertir dau\u00f0an skrokkinn, vera \u00f3hreinn til kvelds.<a name=\"40\"><span class=\"versanumer\">40<\/span><\/a>Og s\u00e1, sem etur af skrokknum, skal \u00fevo kl\u00e6\u00f0i s\u00edn og er \u00f3hreinn til kvelds. Og s\u00e1, sem ber skrokkinn, skal \u00fevo kl\u00e6\u00f0i s\u00edn og er \u00f3hreinn til kvelds.<a name=\"41\"><span class=\"versanumer\">41<\/span><\/a>\u00d6ll skri\u00f0kvikindi, sem skr\u00ed\u00f0a \u00e1 j\u00f6r\u00f0inni, skulu vera y\u00f0ur vi\u00f0urstygg\u00f0. Eigi skal \u00feau eta.<a name=\"42\"><span class=\"versanumer\">42<\/span><\/a>\u00d6ll \u00feau, er skr\u00ed\u00f0a \u00e1 kvi\u00f0num, og \u00f6ll \u00feau, er ganga \u00e1 fj\u00f3rum f\u00f3tum, svo og allar margf\u00e6tlur me\u00f0al allra skri\u00f0kvikinda, er skr\u00ed\u00f0a \u00e1 j\u00f6r\u00f0inni, \u00feau skulu\u00f0 \u00fe\u00e9r eigi eta, \u00fev\u00ed a\u00f0 \u00feau eru vi\u00f0urstygg\u00f0.<a name=\"43\"><span class=\"versanumer\">43<\/span><\/a>L\u00e1ti\u00f0 eigi nokkurt skri\u00f0kvikindi gj\u00f6ra y\u00f0ur sj\u00e1lfa vi\u00f0urstyggilega, og saurgi\u00f0 y\u00f0ur ekki \u00e1 \u00feeim, svo a\u00f0 \u00fe\u00e9r veri\u00f0 \u00f3hreinir af \u00feeim.<a name=\"44\"><span class=\"versanumer\">44<\/span><\/a>\u00dev\u00ed a\u00f0 \u00e9g er Drottinn, Gu\u00f0 y\u00f0ar. Og helgist og veri\u00f0 heilagir, \u00fev\u00ed a\u00f0 \u00e9g er heilagur. Og \u00fe\u00e9r skulu\u00f0 ekki saurga sj\u00e1lfa y\u00f0ur \u00e1 nokkru \u00fev\u00ed skri\u00f0kvikindi, sem skr\u00ed\u00f0ur \u00e1 j\u00f6r\u00f0inni.<a name=\"45\"><span class=\"versanumer\">45<\/span><\/a>\u00dev\u00ed a\u00f0 \u00e9g er Drottinn, sem leiddi y\u00f0ur \u00fat af Egyptalandi til \u00feess a\u00f0 vera y\u00f0ar Gu\u00f0. \u00de\u00e9r skulu\u00f0 vera heilagir, \u00fev\u00ed a\u00f0 \u00e9g er heilagur.<a name=\"46\"><span class=\"versanumer\">46<\/span><\/a>\u00deessi eru \u00e1kv\u00e6\u00f0in um ferf\u00e6ttu d\u00fdrin, fuglana og allar lifandi skepnur, sem hr\u00e6rast \u00ed v\u00f6tnunum, og um allar lifandi skepnur, sem j\u00f6r\u00f0in er kvik af,<a name=\"47\"><span class=\"versanumer\">47<\/span><\/a>svo a\u00f0 menn viti grein \u00f3hreinna og hreinna d\u00fdra, svo og \u00e6tra d\u00fdra og \u00f3\u00e6tra. grein \u00f3hreinna og hreinna d\u00fdra, svo og \u00e6tra d\u00fdra og \u00f3\u00e6tra.<\/p>\n<div class=\"footnote1981\"><b>11.1<\/b> \u00d3hrein d\u00fdr Post 10.11-16<br \/>\n<b>11.22<\/b> Engisprettur Matt 3.4 og hlst.<br \/>\n<b>11.44<\/b> \u00cdsrael, heil\u00f6g \u00fej\u00f3\u00f0 3M\u00f3s 19.2; 20.26; 2M\u00f3s 22.30; 1P\u00e9t 1.16<br \/>\n<b>11.45<\/b> Drottinn er Gu\u00f0 \u00cdsraels 3M\u00f3s 22.33; 26.45; Jer 11.4<\/div>\n","protected":false},"excerpt":{"rendered":"<p>1Drottinn tala\u00f0i vi\u00f0 M\u00f3se og Aron og sag\u00f0i vi\u00f0 \u00fe\u00e1:2Tali\u00f0 til \u00cdsraelsmanna og segi\u00f0: \u00deessi eru \u00feau d\u00fdr, er \u00fe\u00e9r megi\u00f0 eta af \u00f6llum ferf\u00e6ttum d\u00fdrum, sem eru \u00e1 j\u00f6r\u00f0inni:3\u00d6ll ferf\u00e6tt d\u00fdr, sem hafa klaufir, og \u00fe\u00e6r alklofnar, og j\u00f3rtra, megi\u00f0 \u00fe\u00e9r eta.4&#8222;Af \u00feeim, sem j\u00f3rtra og klaufir hafa, megi\u00f0 \u00fe\u00e9r \u00fe\u00f3 ekki \u00feessi eta: \u00dalfaldann, \u00fev\u00ed a\u00f0 hann j\u00f3rtrar a\u00f0 s\u00f6nnu, en er eigi klaufh\u00e6f\u00f0ur; hann s\u00e9 y\u00f0ur \u00f3hreinn;&#8220;5&#8222;st\u00f6kkh\u00e9rann, \u00fev\u00ed a\u00f0 hann j\u00f3rtrar a\u00f0 s\u00f6nnu, en hefir eigi klaufir; hann s\u00e9 y\u00f0ur \u00f3hreinn;&#8220;6&#8222;h\u00e9rann, \u00fev\u00ed a\u00f0 hann j\u00f3rtrar a\u00f0 s\u00f6nnu, en hefir eigi klaufir; hann s\u00e9 y\u00f0ur \u00f3hreinn;&#8220;7&#8222;og sv\u00edni\u00f0, \u00fev\u00ed <a href=\"https:\/\/biblian.is\/1981\/thridja-mosebok-11-kafli\/\"> [&#8230;]<\/a><\/p>\n","protected":false},"author":1,"featured_media":0,"parent":0,"menu_order":0,"comment_status":"open","ping_status":"open","template":"bibliukaflar.php","meta":{"footnotes":""},"class_list":["post-1447","page","type-page","status-publish","hentry"],"_links":{"self":[{"href":"https:\/\/biblian.is\/1981\/wp-json\/wp\/v2\/pages\/1447","targetHints":{"allow":["GET"]}}],"collection":[{"href":"https:\/\/biblian.is\/1981\/wp-json\/wp\/v2\/pages"}],"about":[{"href":"https:\/\/biblian.is\/1981\/wp-json\/wp\/v2\/types\/page"}],"author":[{"embeddable":true,"href":"https:\/\/biblian.is\/1981\/wp-json\/wp\/v2\/users\/1"}],"replies":[{"embeddable":true,"href":"https:\/\/biblian.is\/1981\/wp-json\/wp\/v2\/comments?post=1447"}],"version-history":[{"count":0,"href":"https:\/\/biblian.is\/1981\/wp-json\/wp\/v2\/pages\/1447\/revisions"}],"wp:attachment":[{"href":"https:\/\/biblian.is\/1981\/wp-json\/wp\/v2\/media?parent=1447"}],"curies":[{"name":"wp","href":"https:\/\/api.w.org\/{rel}","templated":true}]}}