{"id":1446,"date":"2017-11-18T20:17:20","date_gmt":"2017-11-18T20:17:20","guid":{"rendered":"http:\/\/biblian.is\/1981\/thridja-mosebok-10-kafli\/"},"modified":"2021-06-06T11:11:03","modified_gmt":"2021-06-06T11:11:03","slug":"thridja-mosebok-10-kafli","status":"publish","type":"page","link":"https:\/\/biblian.is\/1981\/thridja-mosebok-10-kafli\/","title":{"rendered":"\u00deri\u00f0ja M\u00f3seb\u00f3k 10. kafli"},"content":{"rendered":"<p><a name=\"1\"><span class=\"versanumer\">1<\/span><\/a>Nadab og Ab\u00edh\u00fa, synir Arons, t\u00f3ku hvor s\u00edna eldp\u00f6nnu og l\u00e9tu eld \u00ed \u00fe\u00e6r og l\u00f6g\u00f0u reykelsi ofan \u00e1 og b\u00e1ru fram fyrir Drottin \u00f3v\u00edg\u00f0an eld, sem hann eigi haf\u00f0i bo\u00f0i\u00f0 \u00feeim.<a name=\"2\"><span class=\"versanumer\">2<\/span><\/a>Gekk \u00fe\u00e1 eldur \u00fat fr\u00e1 Drottni og eyddi \u00feeim, og \u00feeir d\u00f3u frammi fyrir Drottni.<a name=\"3\"><span class=\"versanumer\">3<\/span><\/a>\u00de\u00e1 sag\u00f0i M\u00f3se vi\u00f0 Aron: N\u00fa er \u00fea\u00f0 fram komi\u00f0, sem Drottinn sag\u00f0i: Heilagleik minn vil \u00e9g s\u00fdna \u00e1 \u00feeim, sem n\u00e1l\u00e6gjast mig, og birta d\u00fdr\u00f0 m\u00edna frammi fyrir \u00f6llum l\u00fd\u00f0. Og Aron \u00feag\u00f0i.<a name=\"4\"><span class=\"versanumer\">4<\/span><\/a>M\u00f3se kalla\u00f0i \u00e1 M\u00edsael og Elsafan, sonu \u00dass\u00edels, f\u00f6\u00f0urbr\u00f3\u00f0ur Arons, og sag\u00f0i vi\u00f0 \u00fe\u00e1: Komi\u00f0 og beri\u00f0 burt \u00far helgid\u00f3minum fr\u00e6ndur ykkar \u00fat fyrir herb\u00fa\u00f0irnar.<a name=\"5\"><span class=\"versanumer\">5<\/span><\/a>Og \u00feeir komu og b\u00e1ru \u00fe\u00e1 \u00ed kyrtlum \u00feeirra \u00fat fyrir herb\u00fa\u00f0irnar, eins og M\u00f3se haf\u00f0i sagt.<a name=\"6\"><span class=\"versanumer\">6<\/span><\/a>Og M\u00f3se sag\u00f0i vi\u00f0 Aron og vi\u00f0 Eleasar og \u00cdtamar, sonu hans: \u00de\u00e9r skulu\u00f0 eigi l\u00e1ta h\u00e1r y\u00f0ar flaka, eigi heldur sundur r\u00edfa kl\u00e6\u00f0i y\u00f0ar, a\u00f0 \u00fe\u00e9r ekki deyi\u00f0 og hann rei\u00f0ist ekki \u00f6llum s\u00f6fnu\u00f0inum. En br\u00e6\u00f0ur y\u00f0ar, allur \u00cdsraelsl\u00fd\u00f0ur, gr\u00e1ti yfir \u00feeim eldi, sem Drottinn hefir kveikt.<a name=\"7\"><span class=\"versanumer\">7<\/span><\/a>Og eigi skulu\u00f0 \u00fe\u00e9r fara \u00fat fyrir dyr samfundatjaldsins, ella munu\u00f0 \u00fe\u00e9r deyja, \u00fev\u00ed a\u00f0 smurningarol\u00eda Drottins er \u00e1 y\u00f0ur. Og \u00feeir gj\u00f6r\u00f0u sem M\u00f3se bau\u00f0.<a name=\"8\"><span class=\"versanumer\">8<\/span><\/a>Drottinn tala\u00f0i vi\u00f0 Aron og sag\u00f0i:<a name=\"9\"><span class=\"versanumer\">9<\/span><\/a>Hvorki skalt \u00fe\u00fa n\u00e9 synir \u00fe\u00ednir drekka v\u00edn e\u00f0a \u00e1fengan drykk, \u00feegar \u00fe\u00e9r gangi\u00f0 inn \u00ed samfundatjaldi\u00f0, svo a\u00f0 \u00fe\u00e9r deyi\u00f0 ekki. \u00dea\u00f0 er \u00e6varandi l\u00f6gm\u00e1l hj\u00e1 y\u00f0ur fr\u00e1 kyni til kyns.<a name=\"10\"><span class=\"versanumer\">10<\/span><\/a>Og \u00fe\u00e9r skulu\u00f0 gj\u00f6ra greinarmun \u00e1 \u00fev\u00ed, sem er heilagt og \u00f3heilagt, og \u00e1 \u00fev\u00ed, sem er hreint og \u00f3hreint.<a name=\"11\"><span class=\"versanumer\">11<\/span><\/a>Og \u00fe\u00e9r skulu\u00f0 kenna \u00cdsraelsm\u00f6nnum \u00f6ll \u00feau l\u00f6g, er Drottinn hefir gefi\u00f0 \u00feeim fyrir M\u00f3se.<a name=\"12\"><span class=\"versanumer\">12<\/span><\/a>M\u00f3se sag\u00f0i vi\u00f0 Aron og \u00fe\u00e1 Eleasar og \u00cdtamar, sonu hans, er eftir voru \u00e1 l\u00edfi: Taki\u00f0 matf\u00f3rnina, sem eftir er af eldf\u00f3rnum Drottins, og eti\u00f0 hana \u00f3s\u00fdr\u00f0a hj\u00e1 altarinu, \u00fev\u00ed a\u00f0 h\u00fan er h\u00e1heil\u00f6g.<a name=\"13\"><span class=\"versanumer\">13<\/span><\/a>Og \u00fe\u00e9r skulu\u00f0 eta hana \u00e1 helgum sta\u00f0, \u00fev\u00ed a\u00f0 h\u00fan er hinn \u00e1kve\u00f0ni hluti \u00feinn og sona \u00feinna af eldf\u00f3rnum Drottins. \u00dev\u00ed a\u00f0 svo er m\u00e9r bo\u00f0i\u00f0.<a name=\"14\"><span class=\"versanumer\">14<\/span><\/a>En bringuna, sem veifa skal, og l\u00e6ri\u00f0, sem f\u00f3rna skal, skulu\u00f0 \u00fe\u00e9r eta \u00e1 hreinum sta\u00f0, \u00fe\u00fa og synir \u00fe\u00ednir og d\u00e6tur \u00fe\u00ednar me\u00f0 \u00fe\u00e9r, \u00fev\u00ed a\u00f0 \u00feetta er s\u00e1 \u00e1kve\u00f0ni hluti, sem \u00fe\u00e9r er gefinn og sonum \u00fe\u00ednum af heillaf\u00f3rnum \u00cdsraelsmanna.<a name=\"15\"><span class=\"versanumer\">15<\/span><\/a>L\u00e6ri\u00f0, sem f\u00f3rna skal, og bringuna, sem veifa skal, skulu \u00feeir fram bera \u00e1samt m\u00f6rstykkja-eldf\u00f3rnunum til \u00feess a\u00f0 veifa \u00fev\u00ed til veifif\u00f3rnar frammi fyrir Drottni. S\u00ed\u00f0an skalt \u00fe\u00fa f\u00e1 \u00fea\u00f0 og synir \u00fe\u00ednir me\u00f0 \u00fe\u00e9r, sem \u00e6vinlega skyldugrei\u00f0slu, eins og Drottinn hefir bo\u00f0i\u00f0.<a name=\"16\"><span class=\"versanumer\">16<\/span><\/a>Og M\u00f3se leita\u00f0i vandlega a\u00f0 syndaf\u00f3rnarhafrinum, og sj\u00e1, hann var upp brenndur. \u00de\u00e1 reiddist hann Eleasar og \u00cdtamar, sonum Arons, er eftir voru \u00e1 l\u00edfi, og sag\u00f0i vi\u00f0 \u00fe\u00e1:<a name=\"17\"><span class=\"versanumer\">17<\/span><\/a>Hvers vegna \u00e1tu\u00f0 \u00fei\u00f0 ekki syndaf\u00f3rnina \u00e1 helgum sta\u00f0? \u00dev\u00ed a\u00f0 h\u00fan er h\u00e1heil\u00f6g og hann hefir gefi\u00f0 ykkur hana til \u00feess a\u00f0 burt taka misgj\u00f6r\u00f0 safna\u00f0arins og fri\u00f0\u00fe\u00e6gja fyrir \u00fe\u00e1 frammi fyrir Drottni.<a name=\"18\"><span class=\"versanumer\">18<\/span><\/a>Sj\u00e1, bl\u00f3\u00f0 hennar hefir ekki veri\u00f0 bori\u00f0 inn \u00ed helgid\u00f3minn. \u00dei\u00f0 \u00e1ttu\u00f0 \u00fe\u00f3 a\u00f0 eta hana \u00e1 helgum sta\u00f0, eins og \u00e9g haf\u00f0i bo\u00f0i\u00f0.<a name=\"19\"><span class=\"versanumer\">19<\/span><\/a>En Aron sag\u00f0i vi\u00f0 M\u00f3se: Sj\u00e1, \u00ed dag hafa \u00feeir fram bori\u00f0 syndaf\u00f3rn s\u00edna og brennif\u00f3rn fyrir Drottin, og m\u00e9r hefir sl\u00edkt a\u00f0 h\u00f6ndum bori\u00f0. Hef\u00f0i \u00e9g n\u00fa eti\u00f0 syndaf\u00f3rnina \u00ed dag, mundi Drottni hafa \u00fe\u00f3knast \u00fea\u00f0? Og er M\u00f3se heyr\u00f0i \u00feetta, l\u00e9t hann s\u00e9r \u00fea\u00f0 vel l\u00edka.<\/p>\n<div class=\"footnote1981\"><b>10.2<\/b> Eldslogi \u00fat fr\u00e1 4M\u00f3s 16.35; 2Kon 1.10-14; sbr 3M\u00f3s 9.24+<br \/>\n<b>10.3<\/b> Harmakvein 1M\u00f3s 50.10; Jer 22.10; Mrk 5.38-39 og hlst. Post 8.2<br \/>\n<b>10.6<\/b> H\u00f6fu\u00f0h\u00e1r ekki hang laust Jes 22.12; Jer 48.37; Job 1.20 \u2013 r\u00edfa kl\u00e6\u00f0i s\u00edn 1M\u00f3s 37.34; 2Sam 1.11; 2Kon 2.12 \u2013 rei\u00f0i Gu\u00f0s 4M\u00f3s 32.13; J\u00f3s 23.16; 2Kro 25.15; 28.11-13; J\u00f3h 3.36+<br \/>\n<b>10.7<\/b> Smurningarol\u00eda 3M\u00f3s 8.2+ ; 21.12<br \/>\n<b>10.9<\/b> \u00c1fengir drykkir Jes 28.7; Esk 44.21<br \/>\n<b>10.10<\/b> Heilagt og vanheilagt 3M\u00f3s 11-15; Esk 44.23<br \/>\n<b>10.11<\/b> Kenna l\u00f6g 5M\u00f3s 33.10; Esk 22.26; Hag 2.11-13; Sak 7.3<br \/>\n<b>10.12<\/b> Kornf\u00f3rn 3M\u00f3s 2.1+ ; 6.7-11<br \/>\n<b>10.14<\/b> Bringan og l\u00e6ri\u00f0 3M\u00f3s 7.30-34<br \/>\n<b>10.15<\/b> Afgjald 3M\u00f3s 7.34+<\/div>\n","protected":false},"excerpt":{"rendered":"<p>1Nadab og Ab\u00edh\u00fa, synir Arons, t\u00f3ku hvor s\u00edna eldp\u00f6nnu og l\u00e9tu eld \u00ed \u00fe\u00e6r og l\u00f6g\u00f0u reykelsi ofan \u00e1 og b\u00e1ru fram fyrir Drottin \u00f3v\u00edg\u00f0an eld, sem hann eigi haf\u00f0i bo\u00f0i\u00f0 \u00feeim.2Gekk \u00fe\u00e1 eldur \u00fat fr\u00e1 Drottni og eyddi \u00feeim, og \u00feeir d\u00f3u frammi fyrir Drottni.3\u00de\u00e1 sag\u00f0i M\u00f3se vi\u00f0 Aron: N\u00fa er \u00fea\u00f0 fram komi\u00f0, sem Drottinn sag\u00f0i: Heilagleik minn vil \u00e9g s\u00fdna \u00e1 \u00feeim, sem n\u00e1l\u00e6gjast mig, og birta d\u00fdr\u00f0 m\u00edna frammi fyrir \u00f6llum l\u00fd\u00f0. Og Aron \u00feag\u00f0i.4M\u00f3se kalla\u00f0i \u00e1 M\u00edsael og Elsafan, sonu \u00dass\u00edels, f\u00f6\u00f0urbr\u00f3\u00f0ur Arons, og sag\u00f0i vi\u00f0 \u00fe\u00e1: Komi\u00f0 og beri\u00f0 burt \u00far helgid\u00f3minum fr\u00e6ndur ykkar <a href=\"https:\/\/biblian.is\/1981\/thridja-mosebok-10-kafli\/\"> [&#8230;]<\/a><\/p>\n","protected":false},"author":1,"featured_media":0,"parent":0,"menu_order":0,"comment_status":"open","ping_status":"open","template":"bibliukaflar.php","meta":{"footnotes":""},"class_list":["post-1446","page","type-page","status-publish","hentry"],"_links":{"self":[{"href":"https:\/\/biblian.is\/1981\/wp-json\/wp\/v2\/pages\/1446","targetHints":{"allow":["GET"]}}],"collection":[{"href":"https:\/\/biblian.is\/1981\/wp-json\/wp\/v2\/pages"}],"about":[{"href":"https:\/\/biblian.is\/1981\/wp-json\/wp\/v2\/types\/page"}],"author":[{"embeddable":true,"href":"https:\/\/biblian.is\/1981\/wp-json\/wp\/v2\/users\/1"}],"replies":[{"embeddable":true,"href":"https:\/\/biblian.is\/1981\/wp-json\/wp\/v2\/comments?post=1446"}],"version-history":[{"count":0,"href":"https:\/\/biblian.is\/1981\/wp-json\/wp\/v2\/pages\/1446\/revisions"}],"wp:attachment":[{"href":"https:\/\/biblian.is\/1981\/wp-json\/wp\/v2\/media?parent=1446"}],"curies":[{"name":"wp","href":"https:\/\/api.w.org\/{rel}","templated":true}]}}