{"id":1439,"date":"2017-11-18T20:17:20","date_gmt":"2017-11-18T20:17:20","guid":{"rendered":"http:\/\/biblian.is\/1981\/thridja-mosebok-3-kafli\/"},"modified":"2021-06-06T11:11:20","modified_gmt":"2021-06-06T11:11:20","slug":"thridja-mosebok-3-kafli","status":"publish","type":"page","link":"https:\/\/biblian.is\/1981\/thridja-mosebok-3-kafli\/","title":{"rendered":"\u00deri\u00f0ja M\u00f3seb\u00f3k 3. kafli"},"content":{"rendered":"<p><a name=\"1\"><span class=\"versanumer\">1<\/span><\/a>S\u00e9 f\u00f3rn hans heillaf\u00f3rn og f\u00e6ri hann hana af nautpeningi, hvort heldur er karlkyns e\u00f0a kvenkyns, \u00fe\u00e1 s\u00e9 \u00fea\u00f0 gallalaust, er hann fram ber fyrir Drottin.<a name=\"2\"><span class=\"versanumer\">2<\/span><\/a>\u00dev\u00ed n\u00e6st skal hann leggja h\u00f6nd s\u00edna \u00e1 h\u00f6fu\u00f0 f\u00f3rnarinnar og sl\u00e1tra henni fyrir dyrum samfundatjaldsins, en synir Arons, prestarnir, skulu st\u00f6kkva bl\u00f3\u00f0inu allt \u00ed kring utan \u00e1 altari\u00f0.<a name=\"3\"><span class=\"versanumer\">3<\/span><\/a>Skal hann s\u00ed\u00f0an f\u00e6ra Drottni eldf\u00f3rn af heillaf\u00f3rninni: netjuna, er hylur i\u00f0rin, og allan inn\u00fdflam\u00f6rinn,<a name=\"4\"><span class=\"versanumer\">4<\/span><\/a>b\u00e6\u00f0i n\u00fdrun og n\u00fdrnam\u00f6rinn, sem liggur innan \u00e1 m\u00f6lunum, og st\u00e6rra lifrarbla\u00f0i\u00f0. Vi\u00f0 n\u00fdrun skal hann taka \u00fea\u00f0 fr\u00e1.<a name=\"5\"><span class=\"versanumer\">5<\/span><\/a>Og synir Arons skulu brenna \u00fea\u00f0 \u00e1 altarinu ofan \u00e1 brennif\u00f3rninni, sem liggur ofan \u00e1 vi\u00f0inum, sem lag\u00f0ur er \u00e1 eldinn, til eldf\u00f3rnar \u00fe\u00e6gilegs ilms fyrir Drottin.<a name=\"6\"><span class=\"versanumer\">6<\/span><\/a>S\u00e9 f\u00f3rnargj\u00f6fin, sem hann f\u00e6rir Drottni a\u00f0 heillaf\u00f3rn, af sau\u00f0f\u00e9na\u00f0i, \u00fe\u00e1 s\u00e9 \u00fea\u00f0, er hann fram ber, gallalaust, hvort heldur \u00fea\u00f0 er karlkyns e\u00f0a kvenkyns.<a name=\"7\"><span class=\"versanumer\">7<\/span><\/a>F\u00e6ri hann sau\u00f0kind a\u00f0 f\u00f3rnargj\u00f6f, \u00fe\u00e1 f\u00e6ri hann hana fram fyrir Drottin.<a name=\"8\"><span class=\"versanumer\">8<\/span><\/a>\u00dev\u00ed n\u00e6st skal hann leggja h\u00f6nd s\u00edna \u00e1 h\u00f6fu\u00f0 f\u00f3rnarinnar og sl\u00e1tra henni fyrir framan samfundatjaldi\u00f0, en synir Arons skulu st\u00f6kkva bl\u00f3\u00f0inu allt \u00ed kring utan \u00e1 altari\u00f0.<a name=\"9\"><span class=\"versanumer\">9<\/span><\/a>Skal hann s\u00ed\u00f0an af heillaf\u00f3rninni f\u00e6ra Drottni \u00ed eldf\u00f3rn m\u00f6rinn \u00far henni: r\u00f3funa alla skal taka hana af fast vi\u00f0 r\u00f3fubeini\u00f0, netjuna, er hylur i\u00f0rin, og allan inn\u00fdflam\u00f6rinn,<a name=\"10\"><span class=\"versanumer\">10<\/span><\/a>b\u00e6\u00f0i n\u00fdrun og n\u00fdrnam\u00f6rinn, sem er innan \u00e1 m\u00f6lunum, og st\u00e6rra lifrarbla\u00f0i\u00f0. Vi\u00f0 n\u00fdrun skal hann taka \u00fea\u00f0 fr\u00e1.<a name=\"11\"><span class=\"versanumer\">11<\/span><\/a>Og presturinn skal brenna \u00feetta \u00e1 altarinu sem eldf\u00f3rnarmat Drottni til handa.<a name=\"12\"><span class=\"versanumer\">12<\/span><\/a>S\u00e9 f\u00f3rnargj\u00f6f hans geitsau\u00f0ur, \u00fe\u00e1 skal hann f\u00e6ra hann fram fyrir Drottin,<a name=\"13\"><span class=\"versanumer\">13<\/span><\/a>leggja h\u00f6nd s\u00edna \u00e1 h\u00f6fu\u00f0 hans og sl\u00e1tra honum fyrir framan samfundatjaldi\u00f0, en synir Arons skulu st\u00f6kkva bl\u00f3\u00f0inu allt \u00ed kring utan \u00e1 altari\u00f0.<a name=\"14\"><span class=\"versanumer\">14<\/span><\/a>\u00dev\u00ed n\u00e6st skal hann fram bera af honum sem f\u00f3rnargj\u00f6f, sem eldf\u00f3rn Drottni til handa, netjuna, er hylur i\u00f0rin, og allan inn\u00fdflam\u00f6rinn,<a name=\"15\"><span class=\"versanumer\">15<\/span><\/a>b\u00e6\u00f0i n\u00fdrun og n\u00fdrnam\u00f6rinn, sem er innan \u00e1 m\u00f6lunum, og st\u00e6rra lifrarbla\u00f0i\u00f0. Vi\u00f0 n\u00fdrun skal hann taka \u00fea\u00f0 fr\u00e1.<a name=\"16\"><span class=\"versanumer\">16<\/span><\/a>&#8222;Og presturinn skal brenna \u00fea\u00f0 \u00e1 altarinu sem eldf\u00f3rnarmat \u00fe\u00e6gilegs ilms; allur m\u00f6r heyrir Drottni til.&#8220;<a name=\"17\"><span class=\"versanumer\">17<\/span><\/a>Skal \u00fea\u00f0 vera \u00e6vinlegt l\u00f6gm\u00e1l hj\u00e1 y\u00f0ur fr\u00e1 kyni til kyns \u00ed \u00f6llum b\u00fast\u00f6\u00f0um y\u00f0ar: \u00de\u00e9r skulu\u00f0 engan m\u00f6r og ekkert bl\u00f3\u00f0 eta.<\/p>\n<div class=\"footnote1981\"><b>3.1<\/b> Lokaf\u00f3rn 3M\u00f3s 7.11-21,28-36; 19.5-8; 22.21-25<br \/>\n<b>3.16<\/b> M\u00f6r 3M\u00f3s 3.17; 7.23-25<br \/>\n<b>3.17<\/b> Hvar sem \u00fei\u00f0 b\u00fai\u00f0 3M\u00f3s 7.26; 23.3; 2M\u00f3s 19.5; Slm 24.1<\/div>\n","protected":false},"excerpt":{"rendered":"<p>1S\u00e9 f\u00f3rn hans heillaf\u00f3rn og f\u00e6ri hann hana af nautpeningi, hvort heldur er karlkyns e\u00f0a kvenkyns, \u00fe\u00e1 s\u00e9 \u00fea\u00f0 gallalaust, er hann fram ber fyrir Drottin.2\u00dev\u00ed n\u00e6st skal hann leggja h\u00f6nd s\u00edna \u00e1 h\u00f6fu\u00f0 f\u00f3rnarinnar og sl\u00e1tra henni fyrir dyrum samfundatjaldsins, en synir Arons, prestarnir, skulu st\u00f6kkva bl\u00f3\u00f0inu allt \u00ed kring utan \u00e1 altari\u00f0.3Skal hann s\u00ed\u00f0an f\u00e6ra Drottni eldf\u00f3rn af heillaf\u00f3rninni: netjuna, er hylur i\u00f0rin, og allan inn\u00fdflam\u00f6rinn,4b\u00e6\u00f0i n\u00fdrun og n\u00fdrnam\u00f6rinn, sem liggur innan \u00e1 m\u00f6lunum, og st\u00e6rra lifrarbla\u00f0i\u00f0. Vi\u00f0 n\u00fdrun skal hann taka \u00fea\u00f0 fr\u00e1.5Og synir Arons skulu brenna \u00fea\u00f0 \u00e1 altarinu ofan \u00e1 brennif\u00f3rninni, sem liggur ofan \u00e1 <a href=\"https:\/\/biblian.is\/1981\/thridja-mosebok-3-kafli\/\"> [&#8230;]<\/a><\/p>\n","protected":false},"author":1,"featured_media":0,"parent":0,"menu_order":0,"comment_status":"open","ping_status":"open","template":"bibliukaflar.php","meta":{"footnotes":""},"class_list":["post-1439","page","type-page","status-publish","hentry"],"_links":{"self":[{"href":"https:\/\/biblian.is\/1981\/wp-json\/wp\/v2\/pages\/1439","targetHints":{"allow":["GET"]}}],"collection":[{"href":"https:\/\/biblian.is\/1981\/wp-json\/wp\/v2\/pages"}],"about":[{"href":"https:\/\/biblian.is\/1981\/wp-json\/wp\/v2\/types\/page"}],"author":[{"embeddable":true,"href":"https:\/\/biblian.is\/1981\/wp-json\/wp\/v2\/users\/1"}],"replies":[{"embeddable":true,"href":"https:\/\/biblian.is\/1981\/wp-json\/wp\/v2\/comments?post=1439"}],"version-history":[{"count":0,"href":"https:\/\/biblian.is\/1981\/wp-json\/wp\/v2\/pages\/1439\/revisions"}],"wp:attachment":[{"href":"https:\/\/biblian.is\/1981\/wp-json\/wp\/v2\/media?parent=1439"}],"curies":[{"name":"wp","href":"https:\/\/api.w.org\/{rel}","templated":true}]}}