{"id":1436,"date":"2017-11-18T20:17:20","date_gmt":"2017-11-18T20:17:20","guid":{"rendered":"http:\/\/biblian.is\/1981\/onnur-mosebok-40-kafli\/"},"modified":"2021-06-06T11:04:22","modified_gmt":"2021-06-06T11:04:22","slug":"onnur-mosebok-40-kafli","status":"publish","type":"page","link":"https:\/\/biblian.is\/1981\/onnur-mosebok-40-kafli\/","title":{"rendered":"\u00d6nnur M\u00f3seb\u00f3k 40. kafli"},"content":{"rendered":"<p><a name=\"1\"><span class=\"versanumer\">1<\/span><\/a>Drottinn tala\u00f0i vi\u00f0 M\u00f3se og sag\u00f0i:<a name=\"2\"><span class=\"versanumer\">2<\/span><\/a>\u00c1 fyrsta degi hins fyrsta m\u00e1na\u00f0ar skalt \u00fe\u00fa reisa b\u00fa\u00f0 samfundatjaldsins.<a name=\"3\"><span class=\"versanumer\">3<\/span><\/a>\u00dear skalt \u00fe\u00fa setja s\u00e1ttm\u00e1ls\u00f6rkina og byrgja fyrir \u00f6rkina me\u00f0 fortjaldinu.<a name=\"4\"><span class=\"versanumer\">4<\/span><\/a>Og \u00fe\u00fa skalt bera bor\u00f0i\u00f0 \u00feanga\u00f0 og ra\u00f0a \u00fev\u00ed, sem \u00e1 \u00fev\u00ed skal vera. S\u00ed\u00f0an skalt \u00fe\u00fa bera \u00feanga\u00f0 lj\u00f3sastikuna og setja upp lampa hennar.<a name=\"5\"><span class=\"versanumer\">5<\/span><\/a>Og \u00fe\u00fa skalt setja hi\u00f0 gullna reykelsisaltari fyrir framan s\u00e1ttm\u00e1ls\u00f6rkina og hengja d\u00fakbrei\u00f0una fyrir b\u00fa\u00f0ardyrnar.<a name=\"6\"><span class=\"versanumer\">6<\/span><\/a>Og \u00fe\u00fa skalt setja brennif\u00f3rnaraltari\u00f0 fyrir framan dyr samfundatjalds-b\u00fa\u00f0arinnar.<a name=\"7\"><span class=\"versanumer\">7<\/span><\/a>Og keri\u00f0 skalt \u00fe\u00fa setja milli samfundatjaldsins og altarisins og l\u00e1ta vatn \u00ed \u00fea\u00f0.<a name=\"8\"><span class=\"versanumer\">8<\/span><\/a>S\u00ed\u00f0an skalt \u00fe\u00fa reisa forgar\u00f0inn umhverfis og hengja d\u00fakbrei\u00f0u fyrir forgar\u00f0shli\u00f0i\u00f0.<a name=\"9\"><span class=\"versanumer\">9<\/span><\/a>\u00de\u00e1 skalt \u00fe\u00fa taka smurningarol\u00eduna og smyrja b\u00fa\u00f0ina og allt, sem \u00ed henni er, og v\u00edgja hana me\u00f0 \u00f6llum \u00e1h\u00f6ldum hennar, svo a\u00f0 h\u00fan s\u00e9 heil\u00f6g.<a name=\"10\"><span class=\"versanumer\">10<\/span><\/a>Og \u00fe\u00fa skalt smyrja brennif\u00f3rnaraltari\u00f0 og \u00f6ll \u00e1h\u00f6ld \u00feess, og \u00fe\u00fa skalt v\u00edgja altari\u00f0, og skal altari\u00f0 \u00fe\u00e1 vera h\u00e1heilagt.<a name=\"11\"><span class=\"versanumer\">11<\/span><\/a>Og \u00fe\u00fa skalt smyrja keri\u00f0 og st\u00e9tt \u00feess og v\u00edgja \u00fea\u00f0.<a name=\"12\"><span class=\"versanumer\">12<\/span><\/a>\u00de\u00e1 skalt \u00fe\u00fa lei\u00f0a Aron og sonu hans a\u00f0 dyrum samfundatjaldsins og \u00fevo \u00fe\u00e1 \u00far vatni.<a name=\"13\"><span class=\"versanumer\">13<\/span><\/a>Og \u00fe\u00fa skalt f\u00e6ra Aron \u00ed hin helgu kl\u00e6\u00f0i, smyrja hann og v\u00edgja, a\u00f0 hann \u00fej\u00f3ni m\u00e9r \u00ed prestsemb\u00e6tti.<a name=\"14\"><span class=\"versanumer\">14<\/span><\/a>\u00de\u00fa skalt og lei\u00f0a fram sonu hans og f\u00e6ra \u00fe\u00e1 \u00ed kyrtlana,<a name=\"15\"><span class=\"versanumer\">15<\/span><\/a>og \u00fe\u00fa skalt smyrja \u00fe\u00e1, eins og \u00fe\u00fa smur\u00f0ir f\u00f6\u00f0ur \u00feeirra, a\u00f0 \u00feeir \u00fej\u00f3ni m\u00e9r \u00ed prestsemb\u00e6tti, og skal smurning \u00feeirra veita \u00feeim \u00e6vinlegan prestd\u00f3m fr\u00e1 kyni til kyns.<a name=\"16\"><span class=\"versanumer\">16<\/span><\/a>Og M\u00f3se gj\u00f6r\u00f0i svo. Eins og Drottinn haf\u00f0i bo\u00f0i\u00f0 honum, svo gj\u00f6r\u00f0i hann \u00ed alla sta\u00f0i.<a name=\"17\"><span class=\"versanumer\">17<\/span><\/a>B\u00fa\u00f0in var reist \u00ed fyrsta m\u00e1nu\u00f0i hins annars \u00e1rs, fyrsta dag m\u00e1na\u00f0arins.<a name=\"18\"><span class=\"versanumer\">18<\/span><\/a>Reisti M\u00f3se b\u00fa\u00f0ina, lag\u00f0i undirst\u00f6\u00f0urnar, sl\u00f3 upp \u00feiljunum, setti \u00ed sl\u00e1rnar og reisti upp st\u00f3lpana.<a name=\"19\"><span class=\"versanumer\">19<\/span><\/a>Og hann \u00feandi tjaldvo\u00f0ina yfir b\u00fa\u00f0ina og lag\u00f0i tjald\u00fe\u00f6kin \u00fear yfir, eins og Drottinn haf\u00f0i bo\u00f0i\u00f0 M\u00f3se.<a name=\"20\"><span class=\"versanumer\">20<\/span><\/a>Hann t\u00f3k s\u00e1ttm\u00e1li\u00f0 og lag\u00f0i \u00fea\u00f0 \u00ed \u00f6rkina, setti stengurnar \u00ed \u00f6rkina og l\u00e9t arkarloki\u00f0 yfir \u00f6rkina.<a name=\"21\"><span class=\"versanumer\">21<\/span><\/a>Og hann flutti \u00f6rkina inn \u00ed b\u00fa\u00f0ina, setti upp fortjaldsd\u00fakbrei\u00f0una og byrg\u00f0i fyrir s\u00e1ttm\u00e1ls\u00f6rkina, eins og Drottinn haf\u00f0i bo\u00f0i\u00f0 M\u00f3se.<a name=\"22\"><span class=\"versanumer\">22<\/span><\/a>Hann setti bor\u00f0i\u00f0 inn \u00ed samfundatjaldi\u00f0, vi\u00f0 nor\u00f0urhli\u00f0 b\u00fa\u00f0arinnar, fyrir utan fortjaldi\u00f0,<a name=\"23\"><span class=\"versanumer\">23<\/span><\/a>og hann ra\u00f0a\u00f0i \u00e1 \u00fea\u00f0 brau\u00f0unum frammi fyrir Drottni, eins og Drottinn haf\u00f0i bo\u00f0i\u00f0 M\u00f3se.<a name=\"24\"><span class=\"versanumer\">24<\/span><\/a>Hann setti upp lj\u00f3sastikuna \u00ed samfundatjaldinu gegnt bor\u00f0inu vi\u00f0 su\u00f0urhli\u00f0 b\u00fa\u00f0arinnar.<a name=\"25\"><span class=\"versanumer\">25<\/span><\/a>Og hann setti upp lampana frammi fyrir Drottni, eins og Drottinn haf\u00f0i bo\u00f0i\u00f0 M\u00f3se.<a name=\"26\"><span class=\"versanumer\">26<\/span><\/a>Hann setti upp gullaltari\u00f0 inni \u00ed samfundatjaldinu fyrir framan fortjaldi\u00f0,<a name=\"27\"><span class=\"versanumer\">27<\/span><\/a>og brenndi \u00e1 \u00fev\u00ed ilmreykelsi, eins og Drottinn haf\u00f0i bo\u00f0i\u00f0 M\u00f3se.<a name=\"28\"><span class=\"versanumer\">28<\/span><\/a>S\u00ed\u00f0an hengdi hann d\u00fakbrei\u00f0una fyrir dyr b\u00fa\u00f0arinnar,<a name=\"29\"><span class=\"versanumer\">29<\/span><\/a>setti brennif\u00f3rnaraltari\u00f0 vi\u00f0 dyr samfundatjalds-b\u00fa\u00f0arinnar og f\u00f3rna\u00f0i \u00e1 \u00fev\u00ed brennif\u00f3rn og matf\u00f3rn, eins og Drottinn haf\u00f0i bo\u00f0i\u00f0 M\u00f3se.<a name=\"30\"><span class=\"versanumer\">30<\/span><\/a>Hann setti keri\u00f0 milli samfundatjaldsins og altarisins og l\u00e9t vatn \u00ed \u00fea\u00f0 til \u00fevottar,<a name=\"31\"><span class=\"versanumer\">31<\/span><\/a>og \u00fevo\u00f0u \u00feeir M\u00f3se, Aron og synir hans hendur s\u00ednar og f\u00e6tur \u00far \u00fev\u00ed.<a name=\"32\"><span class=\"versanumer\">32<\/span><\/a>Hvert sinn er \u00feeir gengu inn \u00ed samfundatjaldi\u00f0 og n\u00e1lgu\u00f0ust altari\u00f0, \u00fevo\u00f0u \u00feeir s\u00e9r, svo sem Drottinn haf\u00f0i bo\u00f0i\u00f0 M\u00f3se.<a name=\"33\"><span class=\"versanumer\">33<\/span><\/a>S\u00ed\u00f0an reisti hann forgar\u00f0inn umhverfis b\u00fa\u00f0ina og altari\u00f0 og hengdi d\u00fakbrei\u00f0una fyrir forgar\u00f0shli\u00f0i\u00f0, og haf\u00f0i M\u00f3se \u00fe\u00e1 afloki\u00f0 verkinu.<a name=\"34\"><span class=\"versanumer\">34<\/span><\/a>\u00de\u00e1 huldi sk\u00fdi\u00f0 samfundatjaldi\u00f0, og d\u00fdr\u00f0 Drottins fyllti b\u00fa\u00f0ina,<a name=\"35\"><span class=\"versanumer\">35<\/span><\/a>og m\u00e1tti M\u00f3se ekki inn ganga \u00ed samfundatjaldi\u00f0, \u00fev\u00ed a\u00f0 sk\u00fdi\u00f0 l\u00e1 yfir \u00fev\u00ed og d\u00fdr\u00f0 Drottins fyllti b\u00fa\u00f0ina.<a name=\"36\"><span class=\"versanumer\">36<\/span><\/a>Hvert sinn er sk\u00fdi\u00f0 h\u00f3fst upp fr\u00e1 b\u00fa\u00f0inni, l\u00f6g\u00f0u \u00cdsraelsmenn upp, alla \u00fe\u00e1 stund er \u00feeir voru \u00e1 fer\u00f0inni.<a name=\"37\"><span class=\"versanumer\">37<\/span><\/a>En er sk\u00fdi\u00f0 h\u00f3fst ekki upp, l\u00f6g\u00f0u \u00cdsraelsmenn ekki af sta\u00f0 fyrr en \u00feann dag er sk\u00fdi\u00f0 h\u00f3fst upp.<a name=\"38\"><span class=\"versanumer\">38<\/span><\/a>\u00dev\u00ed a\u00f0 sk\u00fd Drottins var yfir b\u00fa\u00f0inni um daga, en eldbjarmi um n\u00e6tur, \u00ed augs\u00fdn allra \u00cdsraelsmanna, alla \u00fe\u00e1 stund, er \u00feeir voru \u00e1 fer\u00f0inni.fer\u00f0inni<\/p>\n<div class=\"footnote1981\"><b>40.34<\/b> Sk\u00fdi\u00f0 og d\u00fdr\u00f0 Drottins 2M\u00f3s 24.15-16; 1Kon 8.10-13; Jes 6.3-4; Esk 43.4-5; Opb 15.8<br \/>\n<b>40.36<\/b> Sk\u00fdi\u00f0 h\u00f3f sig upp 4M\u00f3s 9.15-23<\/div>\n","protected":false},"excerpt":{"rendered":"<p>1Drottinn tala\u00f0i vi\u00f0 M\u00f3se og sag\u00f0i:2\u00c1 fyrsta degi hins fyrsta m\u00e1na\u00f0ar skalt \u00fe\u00fa reisa b\u00fa\u00f0 samfundatjaldsins.3\u00dear skalt \u00fe\u00fa setja s\u00e1ttm\u00e1ls\u00f6rkina og byrgja fyrir \u00f6rkina me\u00f0 fortjaldinu.4Og \u00fe\u00fa skalt bera bor\u00f0i\u00f0 \u00feanga\u00f0 og ra\u00f0a \u00fev\u00ed, sem \u00e1 \u00fev\u00ed skal vera. S\u00ed\u00f0an skalt \u00fe\u00fa bera \u00feanga\u00f0 lj\u00f3sastikuna og setja upp lampa hennar.5Og \u00fe\u00fa skalt setja hi\u00f0 gullna reykelsisaltari fyrir framan s\u00e1ttm\u00e1ls\u00f6rkina og hengja d\u00fakbrei\u00f0una fyrir b\u00fa\u00f0ardyrnar.6Og \u00fe\u00fa skalt setja brennif\u00f3rnaraltari\u00f0 fyrir framan dyr samfundatjalds-b\u00fa\u00f0arinnar.7Og keri\u00f0 skalt \u00fe\u00fa setja milli samfundatjaldsins og altarisins og l\u00e1ta vatn \u00ed \u00fea\u00f0.8S\u00ed\u00f0an skalt \u00fe\u00fa reisa forgar\u00f0inn umhverfis og hengja d\u00fakbrei\u00f0u fyrir forgar\u00f0shli\u00f0i\u00f0.9\u00de\u00e1 skalt \u00fe\u00fa taka smurningarol\u00eduna og <a href=\"https:\/\/biblian.is\/1981\/onnur-mosebok-40-kafli\/\"> [&#8230;]<\/a><\/p>\n","protected":false},"author":1,"featured_media":0,"parent":0,"menu_order":0,"comment_status":"open","ping_status":"open","template":"bibliukaflar.php","meta":{"footnotes":""},"class_list":["post-1436","page","type-page","status-publish","hentry"],"_links":{"self":[{"href":"https:\/\/biblian.is\/1981\/wp-json\/wp\/v2\/pages\/1436","targetHints":{"allow":["GET"]}}],"collection":[{"href":"https:\/\/biblian.is\/1981\/wp-json\/wp\/v2\/pages"}],"about":[{"href":"https:\/\/biblian.is\/1981\/wp-json\/wp\/v2\/types\/page"}],"author":[{"embeddable":true,"href":"https:\/\/biblian.is\/1981\/wp-json\/wp\/v2\/users\/1"}],"replies":[{"embeddable":true,"href":"https:\/\/biblian.is\/1981\/wp-json\/wp\/v2\/comments?post=1436"}],"version-history":[{"count":0,"href":"https:\/\/biblian.is\/1981\/wp-json\/wp\/v2\/pages\/1436\/revisions"}],"wp:attachment":[{"href":"https:\/\/biblian.is\/1981\/wp-json\/wp\/v2\/media?parent=1436"}],"curies":[{"name":"wp","href":"https:\/\/api.w.org\/{rel}","templated":true}]}}