{"id":1422,"date":"2017-11-18T20:17:15","date_gmt":"2017-11-18T20:17:15","guid":{"rendered":"http:\/\/biblian.is\/1981\/onnur-mosebok-26-kafli\/"},"modified":"2021-06-06T11:04:16","modified_gmt":"2021-06-06T11:04:16","slug":"onnur-mosebok-26-kafli","status":"publish","type":"page","link":"https:\/\/biblian.is\/1981\/onnur-mosebok-26-kafli\/","title":{"rendered":"\u00d6nnur M\u00f3seb\u00f3k 26. kafli"},"content":{"rendered":"<p><a name=\"1\"><span class=\"versanumer\">1<\/span><\/a>Tjaldb\u00fa\u00f0ina skalt \u00fe\u00fa gj\u00f6ra af t\u00edu d\u00fakum \u00far tvinna\u00f0ri ba\u00f0mull, bl\u00e1um purpura, rau\u00f0um purpura og skarlati. Skalt \u00fe\u00fa b\u00faa til ker\u00faba \u00e1 \u00feeim me\u00f0 listvefna\u00f0i.<a name=\"2\"><span class=\"versanumer\">2<\/span><\/a>&#8222;Hver d\u00fakur skal vera tuttugu og \u00e1tta \u00e1lna langur og fj\u00f6gra \u00e1lna brei\u00f0ur; allir skulu d\u00fakarnir vera jafnir a\u00f0 m\u00e1li.&#8220;<a name=\"3\"><span class=\"versanumer\">3<\/span><\/a>Fimm d\u00fakarnir skulu tengjast saman hver vi\u00f0 annan, og eins skal tengja saman hina fimm d\u00fakana s\u00edn \u00ed milli.<a name=\"4\"><span class=\"versanumer\">4<\/span><\/a>Og \u00fe\u00fa skalt b\u00faa til lykkjur af bl\u00e1um purpura \u00e1 ja\u00f0ri ysta d\u00faksins \u00ed samfellunni, og eins skalt \u00fe\u00fa gj\u00f6ra \u00e1 ja\u00f0ri ysta d\u00faksins \u00ed hinni samfellunni.<a name=\"5\"><span class=\"versanumer\">5<\/span><\/a>Skalt \u00fe\u00fa b\u00faa til fimmt\u00edu lykkjur \u00e1 \u00f6\u00f0rum d\u00faknum, og eins skalt \u00fe\u00fa gj\u00f6ra fimmt\u00edu lykkjur \u00e1 ja\u00f0ri \u00feess d\u00faksins, sem er \u00ed hinni samfellunni, svo a\u00f0 lykkjurnar standist \u00e1 hver vi\u00f0 a\u00f0ra.<a name=\"6\"><span class=\"versanumer\">6<\/span><\/a>Og \u00fe\u00fa skalt gj\u00f6ra fimmt\u00edu kr\u00f3ka af gulli og tengja saman d\u00fakana hvern vi\u00f0 annan me\u00f0 kr\u00f3kunum, svo a\u00f0 tjaldb\u00fa\u00f0in ver\u00f0i ein heild.<a name=\"7\"><span class=\"versanumer\">7<\/span><\/a>\u00de\u00fa skalt og gj\u00f6ra d\u00faka af geitah\u00e1ri til a\u00f0 tjalda me\u00f0 yfir b\u00fa\u00f0ina, ellefu a\u00f0 t\u00f6lu.<a name=\"8\"><span class=\"versanumer\">8<\/span><\/a>&#8222;Hver d\u00fakur skal vera \u00ferj\u00e1t\u00edu \u00e1lna langur og fj\u00f6gra \u00e1lna brei\u00f0ur; allir ellefu d\u00fakarnir skulu vera jafnir a\u00f0 m\u00e1li.&#8220;<a name=\"9\"><span class=\"versanumer\">9<\/span><\/a>Og \u00fe\u00fa skalt tengja saman fimm d\u00faka s\u00e9r og sex d\u00faka s\u00e9r, en sj\u00f6tta d\u00fakinn skalt \u00fe\u00fa brj\u00f3ta upp \u00e1 sig \u00e1 framanver\u00f0u tjaldinu.<a name=\"10\"><span class=\"versanumer\">10<\/span><\/a>Og \u00fe\u00fa skalt b\u00faa til fimmt\u00edu lykkjur \u00e1 ja\u00f0ri ysta d\u00faksins \u00ed annarri samfellunni og eins fimmt\u00edu lykkjur \u00e1 d\u00fakja\u00f0ri hinnar samfellunnar.<a name=\"11\"><span class=\"versanumer\">11<\/span><\/a>Og \u00fe\u00fa skalt gj\u00f6ra fimmt\u00edu eirkr\u00f3ka og kr\u00e6kja kr\u00f3kunum \u00ed lykkjurnar, og tengja svo saman tjaldi\u00f0, a\u00f0 ein heild ver\u00f0i.<a name=\"12\"><span class=\"versanumer\">12<\/span><\/a>En afgangurinn, sem yfir hefir af tjaldd\u00fakunum, h\u00e1lfi d\u00fakurinn, sem er umfram, skal hanga ni\u00f0ur af tjaldb\u00fa\u00f0inni baka til.<a name=\"13\"><span class=\"versanumer\">13<\/span><\/a>En s\u00fa eina alin beggja vegna, sem yfir hefir af tjaldd\u00fakunum \u00e1 lengdina, skal hanga ni\u00f0ur af hli\u00f0um tjaldb\u00fa\u00f0arinnar b\u00e1\u00f0umegin til \u00feess a\u00f0 byrgja hana.<a name=\"14\"><span class=\"versanumer\">14<\/span><\/a>\u00de\u00fa skalt enn gj\u00f6ra \u00feak yfir tjaldi\u00f0 af rau\u00f0litu\u00f0um hr\u00fatskinnum og enn eitt \u00feak \u00fear utan yfir af h\u00f6frungaskinnum.<a name=\"15\"><span class=\"versanumer\">15<\/span><\/a>Og \u00fe\u00fa skalt gj\u00f6ra \u00feiljubor\u00f0in \u00ed tjaldb\u00fa\u00f0ina af akas\u00eduvi\u00f0i, og standi \u00feau upp og ofan.<a name=\"16\"><span class=\"versanumer\">16<\/span><\/a>Hvert bor\u00f0 skal vera t\u00edu \u00e1lnir \u00e1 lengd og h\u00e1lf \u00f6nnur alin \u00e1 breidd.<a name=\"17\"><span class=\"versanumer\">17<\/span><\/a>\u00c1 hverju bor\u00f0i skulu vera tveir tappar, b\u00e1\u00f0ir sameina\u00f0ir. Svo skalt \u00fe\u00fa gj\u00f6ra \u00e1 \u00f6llum bor\u00f0um tjaldb\u00fa\u00f0arinnar.<a name=\"18\"><span class=\"versanumer\">18<\/span><\/a>Og \u00feannig skalt \u00fe\u00fa gj\u00f6ra bor\u00f0in \u00ed tjaldb\u00fa\u00f0ina: Tuttugu bor\u00f0 \u00ed su\u00f0urhli\u00f0ina,<a name=\"19\"><span class=\"versanumer\">19<\/span><\/a>og skalt \u00fe\u00fa b\u00faa til fj\u00f6rut\u00edu undirst\u00f6\u00f0ur af silfri undir tuttugu bor\u00f0in, tv\u00e6r undirst\u00f6\u00f0ur undir hvert bor\u00f0, s\u00edna fyrir hvorn tappa.<a name=\"20\"><span class=\"versanumer\">20<\/span><\/a>Og eins \u00ed hina hli\u00f0 tjaldb\u00fa\u00f0arinnar, nor\u00f0urhli\u00f0ina: tuttugu bor\u00f0<a name=\"21\"><span class=\"versanumer\">21<\/span><\/a>og fj\u00f6rut\u00edu undirst\u00f6\u00f0ur af silfri, tv\u00e6r undirst\u00f6\u00f0ur undir hvert bor\u00f0.<a name=\"22\"><span class=\"versanumer\">22<\/span><\/a>\u00cd afturgafl b\u00fa\u00f0arinnar, gegnt vestri, skalt \u00fe\u00fa gj\u00f6ra sex bor\u00f0.<a name=\"23\"><span class=\"versanumer\">23<\/span><\/a>Og tv\u00f6 bor\u00f0 skalt \u00fe\u00fa gj\u00f6ra \u00ed b\u00fa\u00f0arhornin \u00e1 afturgaflinum.<a name=\"24\"><span class=\"versanumer\">24<\/span><\/a>Og \u00feau skulu vera tv\u00f6f\u00f6ld a\u00f0 ne\u00f0an og s\u00f6mulei\u00f0is halda fullu m\u00e1li upp \u00far allt til hins fyrsta hrings. \u00deannig skal \u00feeim h\u00e1tta\u00f0 vera hvorum tveggja, \u00e1 b\u00e1\u00f0um hornum skulu \u00feau vera.<a name=\"25\"><span class=\"versanumer\">25<\/span><\/a>Bor\u00f0in skulu vera \u00e1tta og me\u00f0 undirst\u00f6\u00f0um af silfri, sext\u00e1n undirst\u00f6\u00f0um, tveim undirst\u00f6\u00f0um undir hverju bor\u00f0i.<a name=\"26\"><span class=\"versanumer\">26<\/span><\/a>\u00dev\u00ed n\u00e6st skalt \u00fe\u00fa gj\u00f6ra sl\u00e1r af akas\u00eduvi\u00f0i, fimm \u00e1 bor\u00f0in \u00ed annarri hli\u00f0 b\u00fa\u00f0arinnar<a name=\"27\"><span class=\"versanumer\">27<\/span><\/a>og fimm sl\u00e1r \u00e1 bor\u00f0in \u00ed hinni hli\u00f0 b\u00fa\u00f0arinnar og fimm sl\u00e1r \u00e1 bor\u00f0in \u00ed afturgafli b\u00fa\u00f0arinnar, gegnt vestri.<a name=\"28\"><span class=\"versanumer\">28<\/span><\/a>Mi\u00f0sl\u00e1in skal vera \u00e1 mi\u00f0jum bor\u00f0unum og liggja alla lei\u00f0, fr\u00e1 einum enda til annars.<a name=\"29\"><span class=\"versanumer\">29<\/span><\/a>Og bor\u00f0in skalt \u00fe\u00fa gullleggja, en hringana \u00e1 \u00feeim, sem sl\u00e1rnar ganga \u00ed, skalt \u00fe\u00fa gj\u00f6ra af gulli. \u00de\u00fa skalt og gullleggja sl\u00e1rnar.<a name=\"30\"><span class=\"versanumer\">30<\/span><\/a>Og \u00fe\u00fa skalt reisa tjaldb\u00fa\u00f0ina eins og h\u00fan \u00e1 a\u00f0 vera og \u00fe\u00e9r var s\u00fdnt \u00e1 fjallinu.<a name=\"31\"><span class=\"versanumer\">31<\/span><\/a>\u00de\u00fa skalt og gj\u00f6ra fortjald af bl\u00e1um purpura, rau\u00f0um purpura, skarlati og tvinna\u00f0ri ba\u00f0mull. Skal \u00fea\u00f0 til b\u00fai\u00f0 me\u00f0 listvefna\u00f0i og ker\u00fabar \u00e1.<a name=\"32\"><span class=\"versanumer\">32<\/span><\/a>Og \u00fe\u00fa skalt festa \u00fea\u00f0 \u00e1 fj\u00f3ra st\u00f3lpa af akas\u00eduvi\u00f0i, gulli lag\u00f0a, me\u00f0 n\u00f6glum \u00ed af gulli, \u00e1 fj\u00f3rum undirst\u00f6\u00f0um af silfri.<a name=\"33\"><span class=\"versanumer\">33<\/span><\/a>En \u00fe\u00fa skalt hengja fortjaldi\u00f0 undir kr\u00f3kana og flytja s\u00e1ttm\u00e1ls\u00f6rkina \u00feanga\u00f0, inn fyrir fortjaldi\u00f0, og skal fortjaldi\u00f0 skilja milli hins heilaga og hins allrahelgasta hj\u00e1 y\u00f0ur.<a name=\"34\"><span class=\"versanumer\">34<\/span><\/a>\u00de\u00fa skalt setja loki\u00f0 yfir s\u00e1ttm\u00e1ls\u00f6rkina \u00ed hinu allrahelgasta.<a name=\"35\"><span class=\"versanumer\">35<\/span><\/a>En bor\u00f0i\u00f0 skalt \u00fe\u00fa setja fyrir utan fortjaldi\u00f0 og lj\u00f3sastikuna gagnvart bor\u00f0inu vi\u00f0 su\u00f0urhli\u00f0vegg b\u00fa\u00f0arinnar, en l\u00e1t bor\u00f0i\u00f0 vera vi\u00f0 nor\u00f0urhli\u00f0vegginn.<a name=\"36\"><span class=\"versanumer\">36<\/span><\/a>\u00de\u00fa skalt og gj\u00f6ra d\u00fakbrei\u00f0u fyrir dyr tjaldsins af bl\u00e1um purpura, rau\u00f0um purpura, skarlati og tvinna\u00f0ri ba\u00f0mull, og glitofna.<a name=\"37\"><span class=\"versanumer\">37<\/span><\/a>Og fyrir d\u00fakbrei\u00f0una skalt \u00fe\u00fa gj\u00f6ra st\u00f3lpa af akas\u00eduvi\u00f0i og gullleggja \u00fe\u00e1. Naglarnir \u00ed \u00feeim skulu vera af gulli, og \u00fe\u00fa skalt steypa fimm undirst\u00f6\u00f0ur af eiri undir \u00fe\u00e1.<\/p>\n<div class=\"footnote1981\"><b>26.1<\/b> Tjaldb\u00fa\u00f0in 2M\u00f3s 36.8-38; 1Kon 6.1-22; Heb 9.1-5 \u2013 ker\u00fabar 1Kon 6.32,35; 7.29,36<br \/>\n<b>26.31<\/b> Fortjald 3M\u00f3s 16.12,15; 2Kro 3.14; Matt 27.51 og hlst.+<br \/>\n<b>26.33<\/b> Greina a\u00f0 Heb 6.19; 9.3<\/div>\n","protected":false},"excerpt":{"rendered":"<p>1Tjaldb\u00fa\u00f0ina skalt \u00fe\u00fa gj\u00f6ra af t\u00edu d\u00fakum \u00far tvinna\u00f0ri ba\u00f0mull, bl\u00e1um purpura, rau\u00f0um purpura og skarlati. Skalt \u00fe\u00fa b\u00faa til ker\u00faba \u00e1 \u00feeim me\u00f0 listvefna\u00f0i.2&#8222;Hver d\u00fakur skal vera tuttugu og \u00e1tta \u00e1lna langur og fj\u00f6gra \u00e1lna brei\u00f0ur; allir skulu d\u00fakarnir vera jafnir a\u00f0 m\u00e1li.&#8220;3Fimm d\u00fakarnir skulu tengjast saman hver vi\u00f0 annan, og eins skal tengja saman hina fimm d\u00fakana s\u00edn \u00ed milli.4Og \u00fe\u00fa skalt b\u00faa til lykkjur af bl\u00e1um purpura \u00e1 ja\u00f0ri ysta d\u00faksins \u00ed samfellunni, og eins skalt \u00fe\u00fa gj\u00f6ra \u00e1 ja\u00f0ri ysta d\u00faksins \u00ed hinni samfellunni.5Skalt \u00fe\u00fa b\u00faa til fimmt\u00edu lykkjur \u00e1 \u00f6\u00f0rum d\u00faknum, og eins skalt \u00fe\u00fa <a href=\"https:\/\/biblian.is\/1981\/onnur-mosebok-26-kafli\/\"> [&#8230;]<\/a><\/p>\n","protected":false},"author":1,"featured_media":0,"parent":0,"menu_order":0,"comment_status":"open","ping_status":"open","template":"bibliukaflar.php","meta":{"footnotes":""},"class_list":["post-1422","page","type-page","status-publish","hentry"],"_links":{"self":[{"href":"https:\/\/biblian.is\/1981\/wp-json\/wp\/v2\/pages\/1422","targetHints":{"allow":["GET"]}}],"collection":[{"href":"https:\/\/biblian.is\/1981\/wp-json\/wp\/v2\/pages"}],"about":[{"href":"https:\/\/biblian.is\/1981\/wp-json\/wp\/v2\/types\/page"}],"author":[{"embeddable":true,"href":"https:\/\/biblian.is\/1981\/wp-json\/wp\/v2\/users\/1"}],"replies":[{"embeddable":true,"href":"https:\/\/biblian.is\/1981\/wp-json\/wp\/v2\/comments?post=1422"}],"version-history":[{"count":0,"href":"https:\/\/biblian.is\/1981\/wp-json\/wp\/v2\/pages\/1422\/revisions"}],"wp:attachment":[{"href":"https:\/\/biblian.is\/1981\/wp-json\/wp\/v2\/media?parent=1422"}],"curies":[{"name":"wp","href":"https:\/\/api.w.org\/{rel}","templated":true}]}}