{"id":1418,"date":"2017-11-18T20:17:15","date_gmt":"2017-11-18T20:17:15","guid":{"rendered":"http:\/\/biblian.is\/1981\/onnur-mosebok-22-kafli\/"},"modified":"2021-06-06T11:04:15","modified_gmt":"2021-06-06T11:04:15","slug":"onnur-mosebok-22-kafli","status":"publish","type":"page","link":"https:\/\/biblian.is\/1981\/onnur-mosebok-22-kafli\/","title":{"rendered":"\u00d6nnur M\u00f3seb\u00f3k 22. kafli"},"content":{"rendered":"<p><a name=\"1\"><span class=\"versanumer\">1<\/span><\/a>Ef ma\u00f0ur stelur nauti e\u00f0a sau\u00f0, og sl\u00e1trar e\u00f0a selur, \u00fe\u00e1 gjaldi hann aftur fimm uxa fyrir einn uxa og fj\u00f3ra sau\u00f0i fyrir einn sau\u00f0.<a name=\"2\"><span class=\"versanumer\">2<\/span><\/a>Ef \u00fej\u00f3fur er sta\u00f0inn a\u00f0 innbroti og lostinn til bana, \u00fe\u00e1 er vegandinn eigi bl\u00f3\u00f0sekur.<a name=\"3\"><span class=\"versanumer\">3<\/span><\/a>En ef s\u00f3l er \u00e1 loft komin, \u00fe\u00e1 er hann bl\u00f3\u00f0sekur. \u00dej\u00f3furinn skal grei\u00f0a fullar b\u00e6tur, en eigi hann ekkert til, skal selja hann \u00ed b\u00e6tur fyrir stuldinn.<a name=\"4\"><span class=\"versanumer\">4<\/span><\/a>Ef hi\u00f0 stolna finnst lifandi hj\u00e1 honum, hvort heldur \u00fea\u00f0 er uxi, asni e\u00f0a sau\u00f0ur, \u00fe\u00e1 skal hann gjalda tv\u00f6falt aftur.<a name=\"5\"><span class=\"versanumer\">5<\/span><\/a>Ef ma\u00f0ur beitir akur e\u00f0a v\u00edngar\u00f0 og l\u00e6tur f\u00e9na\u00f0 sinn ganga lausan og hann gengur \u00ed akri annars manns, \u00fe\u00e1 skal hann b\u00e6ta me\u00f0 \u00fev\u00ed, sem best er \u00e1 akri hans e\u00f0a \u00ed v\u00edngar\u00f0i hans.<a name=\"6\"><span class=\"versanumer\">6<\/span><\/a>Ef eldur kviknar og kemst \u00ed \u00feyrna og brennur kerfaskr\u00faf, kornstangir e\u00f0a akur, \u00fe\u00e1 b\u00e6ti s\u00e1 fullum b\u00f3tum, er eldinn kveikti.<a name=\"7\"><span class=\"versanumer\">7<\/span><\/a>N\u00fa selur ma\u00f0ur \u00f6\u00f0rum manni silfur e\u00f0a nokkra gripi til var\u00f0veislu og \u00fev\u00ed er stoli\u00f0 \u00far h\u00fasi hans, og finnist \u00fej\u00f3furinn, \u00fe\u00e1 skal hann gjalda tv\u00f6falt aftur.<a name=\"8\"><span class=\"versanumer\">8<\/span><\/a>En finnist \u00fej\u00f3furinn ekki, \u00fe\u00e1 skal lei\u00f0a h\u00faseigandann fram fyrir Gu\u00f0, og synji hann fyrir me\u00f0 ei\u00f0i a\u00f0 hann hafi lagt hendur \u00e1 eign n\u00e1unga s\u00edns.<a name=\"9\"><span class=\"versanumer\">9<\/span><\/a>Fari einhver \u00f3r\u00e1\u00f0vandlega me\u00f0 uxa, asna, sau\u00f0, kl\u00e6\u00f0na\u00f0 e\u00f0a hva\u00f0 anna\u00f0, er tapast hefir og einhver segir um: \u00dea\u00f0 er \u00feetta, \u00fe\u00e1 skal m\u00e1l \u00feeirra beggja koma fyrir Gu\u00f0, og s\u00e1 sem Gu\u00f0 d\u00e6mir sekan skal gjalda n\u00e1unga s\u00ednum tv\u00f6falt.<a name=\"10\"><span class=\"versanumer\">10<\/span><\/a>Ef ma\u00f0ur selur \u00f6\u00f0rum manni asna e\u00f0a naut e\u00f0a sau\u00f0 e\u00f0a nokkra a\u00f0ra skepnu til var\u00f0veislu, og h\u00fan deyr e\u00f0a lestist e\u00f0a er tekin svo a\u00f0 enginn s\u00e9r,<a name=\"11\"><span class=\"versanumer\">11<\/span><\/a>\u00fe\u00e1 skal til koma ei\u00f0ur vi\u00f0 Drottinn \u00feeirra \u00ed millum, a\u00f0 hann lag\u00f0i ekki h\u00f6nd \u00e1 eign n\u00e1unga s\u00edns, og skal eigandi \u00feann ei\u00f0 gildan taka, en hinn b\u00e6ti engu.<a name=\"12\"><span class=\"versanumer\">12<\/span><\/a>En hafi \u00fev\u00ed veri\u00f0 stoli\u00f0 fr\u00e1 honum, \u00fe\u00e1 gjaldi hann b\u00e6tur eigandanum.<a name=\"13\"><span class=\"versanumer\">13<\/span><\/a>Ef \u00fea\u00f0 er d\u00fdrrifi\u00f0, \u00fe\u00e1 skal hann koma me\u00f0 \u00fea\u00f0 til sannindamerkis. \u00dea\u00f0 sem d\u00fdrrifi\u00f0 er skal hann ekki b\u00e6ta.<a name=\"14\"><span class=\"versanumer\">14<\/span><\/a>Ef ma\u00f0ur hefir fengi\u00f0 einhvern grip l\u00e9\u00f0an hj\u00e1 \u00f6\u00f0rum manni og hann lestist e\u00f0a deyr, s\u00e9 eigandi ekki vi\u00f0staddur, \u00fe\u00e1 b\u00e6ti hinn fullum b\u00f3tum,<a name=\"15\"><span class=\"versanumer\">15<\/span><\/a>en s\u00e9 eigandi vi\u00f0, b\u00e6ti hann engu. Ef \u00fea\u00f0 var leigugripur, \u00fe\u00e1 eru b\u00e6turnar f\u00f3lgnar \u00ed leigunni.<a name=\"16\"><span class=\"versanumer\">16<\/span><\/a>Ef ma\u00f0ur glepur mey, sem ekki er f\u00f6stnu\u00f0 manni, og leggst me\u00f0 henni, \u00fe\u00e1 skal hann hana mundi kaupa s\u00e9r a\u00f0 eiginkonu.<a name=\"17\"><span class=\"versanumer\">17<\/span><\/a>En ef fa\u00f0ir hennar vill eigi gifta honum hana, \u00fe\u00e1 skal hann grei\u00f0a svo miki\u00f0 silfur sem meyjarmundi svarar.<a name=\"18\"><span class=\"versanumer\">18<\/span><\/a>Eigi skalt \u00fe\u00fa l\u00e1ta galdrakonu l\u00edfi halda.<a name=\"19\"><span class=\"versanumer\">19<\/span><\/a>Hver sem hefir samlag vi\u00f0 f\u00e9na\u00f0 skal l\u00edfl\u00e1tinn ver\u00f0a.<a name=\"20\"><span class=\"versanumer\">20<\/span><\/a>Hver sem f\u00e6rir f\u00f3rnir nokkrum gu\u00f0i, \u00f6\u00f0rum en Drottni einum, skal bannf\u00e6r\u00f0ur ver\u00f0a.<a name=\"21\"><span class=\"versanumer\">21<\/span><\/a>\u00datlendum manni skalt \u00fe\u00fa eigi s\u00fdna \u00f3j\u00f6fnu\u00f0 n\u00e9 veita honum \u00e1gang, \u00fev\u00ed a\u00f0 \u00fe\u00e9r voru\u00f0 sj\u00e1lfir \u00fatlendingar \u00ed Egyptalandi.<a name=\"22\"><span class=\"versanumer\">22<\/span><\/a>\u00de\u00e9r skulu\u00f0 ekki leggjast \u00e1 ekkjur e\u00f0a muna\u00f0arleysingja.<a name=\"23\"><span class=\"versanumer\">23<\/span><\/a>Ef \u00fe\u00fa leggst \u00e1 \u00feau, og \u00feau hr\u00f3pa til m\u00edn, mun \u00e9g vissulega heyra ney\u00f0arkvein \u00feeirra.<a name=\"24\"><span class=\"versanumer\">24<\/span><\/a>\u00de\u00e1 skal rei\u00f0i m\u00edn upptendrast, og \u00e9g skal drepa y\u00f0ur me\u00f0 sver\u00f0i, svo a\u00f0 konur y\u00f0ar ver\u00f0i ekkjur og b\u00f6rn y\u00f0ar f\u00f6\u00f0urlaus.<a name=\"25\"><span class=\"versanumer\">25<\/span><\/a>Ef \u00fe\u00fa l\u00e1nar peninga f\u00f3lki m\u00ednu, hinum f\u00e1t\u00e6ka, sem hj\u00e1 \u00fe\u00e9r er, \u00fe\u00e1 skalt \u00fe\u00fa ekki vera vi\u00f0 hann eins og okrari. \u00de\u00e9r skulu\u00f0 ekki taka leigu af honum.<a name=\"26\"><span class=\"versanumer\">26<\/span><\/a>Ef \u00fe\u00fa tekur yfirh\u00f6fn n\u00e1unga \u00fe\u00edns a\u00f0 ve\u00f0i, \u00fe\u00e1 skila \u00fe\u00fa honum henni aftur \u00e1\u00f0ur s\u00f3l sest,<a name=\"27\"><span class=\"versanumer\">27<\/span><\/a>\u00fev\u00ed a\u00f0 h\u00fan er hi\u00f0 eina, sem hann hefir til a\u00f0 hylja sig me\u00f0, h\u00fan sk\u00fdlir l\u00edkama hans. Hva\u00f0 \u00e1 hann annars a\u00f0 hafa yfir s\u00e9r, er hann leggst til hv\u00edldar? \u00deegar hann hr\u00f3par til m\u00edn, skal \u00e9g heyra, \u00fev\u00ed a\u00f0 \u00e9g er miskunnsamur.<a name=\"28\"><span class=\"versanumer\">28<\/span><\/a>\u00de\u00fa skalt ekki lastm\u00e6la Gu\u00f0i og ekki b\u00f6lva h\u00f6f\u00f0ingja \u00fe\u00edns f\u00f3lks.<a name=\"29\"><span class=\"versanumer\">29<\/span><\/a>L\u00e1t eigi undan dragast a\u00f0 f\u00e6ra f\u00f3rn af korngn\u00f3tt \u00feinni og aldinsafa. Frumgetning sona \u00feinna skalt \u00fe\u00fa m\u00e9r gefa.<a name=\"30\"><span class=\"versanumer\">30<\/span><\/a>Hi\u00f0 sama skalt \u00fe\u00fa gj\u00f6ra af nautum \u00fe\u00ednum og sau\u00f0um. Sj\u00f6 daga skal frumbur\u00f0urinn vera hj\u00e1 m\u00f3\u00f0ur sinni, en hinn \u00e1ttunda dag skalt \u00fe\u00fa f\u00e6ra m\u00e9r hann.<a name=\"31\"><span class=\"versanumer\">31<\/span><\/a>Helgir menn skulu\u00f0 \u00fe\u00e9r vera fyrir m\u00e9r. \u00dea\u00f0 kj\u00f6t, sem rifi\u00f0 er af d\u00fdrum \u00fati \u00e1 v\u00ed\u00f0avangi, skulu\u00f0 \u00fe\u00e9r eigi eta, heldur kasta \u00fev\u00ed fyrir hunda.<\/p>\n<div class=\"footnote1981\"><b>22.1<\/b> Innbrot Jer 2.34; Esk 12.7<br \/>\n<b>22.5<\/b> Eldur D\u00f3m 9.15<br \/>\n<b>22.6<\/b> Gripir til var\u00f0veislu 3M\u00f3s 5.21-25<br \/>\n<b>22.12<\/b> D\u00fdrrifi\u00f0 1M\u00f3s 31.39; Am 3.12<br \/>\n<b>22.15<\/b> Nau\u00f0gun 5M\u00f3s 22.28-29; H\u00f3s 2.16<br \/>\n<b>22.17<\/b> Galdranorn 3M\u00f3s 19.31+<br \/>\n<b>22.19<\/b> M\u00f6k vi\u00f0 f\u00e9na\u00f0 3M\u00f3s 18.23+<br \/>\n<b>22.19<\/b> D\u00fdrka a\u00f0ra gu\u00f0i 5M\u00f3s 17.2-3; 1Kon 16.31-33; 2Kon 21.3-5<br \/>\n<b>22.20<\/b> A\u00f0komumanni &#8230; 3M\u00f3s 19.33-34; 5M\u00f3s 24.17-18; Jer 22.3; Esk 22.7; Slm 146.9<br \/>\n<b>22.24<\/b> L\u00e1na peninga 3M\u00f3s 25.35-37; 5M\u00f3s 23.20-21; Slm 15.5; Neh 5.1-13<br \/>\n<b>22.25<\/b> Ve\u00f0 5M\u00f3s 24.10-13,17-18; Am 2.8<br \/>\n<b>22.27<\/b> B\u00f6lva Gu\u00f0i 2M\u00f3s 20.7+ &#8211; form\u00e6la h\u00f6f\u00f0ingja Pr\u00e9d 10.20; Post 23.5<br \/>\n<b>22.28<\/b> Frumbur\u00f0ur 2M\u00f3s 13.1+<br \/>\n<b>22.30<\/b> Heilagir menn 3M\u00f3s 11.44+ &#8211; kj\u00f6t af d\u00fdrrifinni skepnu 3M\u00f3s 17.15+<\/div>\n","protected":false},"excerpt":{"rendered":"<p>1Ef ma\u00f0ur stelur nauti e\u00f0a sau\u00f0, og sl\u00e1trar e\u00f0a selur, \u00fe\u00e1 gjaldi hann aftur fimm uxa fyrir einn uxa og fj\u00f3ra sau\u00f0i fyrir einn sau\u00f0.2Ef \u00fej\u00f3fur er sta\u00f0inn a\u00f0 innbroti og lostinn til bana, \u00fe\u00e1 er vegandinn eigi bl\u00f3\u00f0sekur.3En ef s\u00f3l er \u00e1 loft komin, \u00fe\u00e1 er hann bl\u00f3\u00f0sekur. \u00dej\u00f3furinn skal grei\u00f0a fullar b\u00e6tur, en eigi hann ekkert til, skal selja hann \u00ed b\u00e6tur fyrir stuldinn.4Ef hi\u00f0 stolna finnst lifandi hj\u00e1 honum, hvort heldur \u00fea\u00f0 er uxi, asni e\u00f0a sau\u00f0ur, \u00fe\u00e1 skal hann gjalda tv\u00f6falt aftur.5Ef ma\u00f0ur beitir akur e\u00f0a v\u00edngar\u00f0 og l\u00e6tur f\u00e9na\u00f0 sinn ganga lausan og hann gengur <a href=\"https:\/\/biblian.is\/1981\/onnur-mosebok-22-kafli\/\"> [&#8230;]<\/a><\/p>\n","protected":false},"author":1,"featured_media":0,"parent":0,"menu_order":0,"comment_status":"open","ping_status":"open","template":"bibliukaflar.php","meta":{"footnotes":""},"class_list":["post-1418","page","type-page","status-publish","hentry"],"_links":{"self":[{"href":"https:\/\/biblian.is\/1981\/wp-json\/wp\/v2\/pages\/1418","targetHints":{"allow":["GET"]}}],"collection":[{"href":"https:\/\/biblian.is\/1981\/wp-json\/wp\/v2\/pages"}],"about":[{"href":"https:\/\/biblian.is\/1981\/wp-json\/wp\/v2\/types\/page"}],"author":[{"embeddable":true,"href":"https:\/\/biblian.is\/1981\/wp-json\/wp\/v2\/users\/1"}],"replies":[{"embeddable":true,"href":"https:\/\/biblian.is\/1981\/wp-json\/wp\/v2\/comments?post=1418"}],"version-history":[{"count":0,"href":"https:\/\/biblian.is\/1981\/wp-json\/wp\/v2\/pages\/1418\/revisions"}],"wp:attachment":[{"href":"https:\/\/biblian.is\/1981\/wp-json\/wp\/v2\/media?parent=1418"}],"curies":[{"name":"wp","href":"https:\/\/api.w.org\/{rel}","templated":true}]}}