{"id":1412,"date":"2017-11-18T20:17:15","date_gmt":"2017-11-18T20:17:15","guid":{"rendered":"http:\/\/biblian.is\/1981\/onnur-mosebok-16-kafli\/"},"modified":"2021-06-06T11:04:12","modified_gmt":"2021-06-06T11:04:12","slug":"onnur-mosebok-16-kafli","status":"publish","type":"page","link":"https:\/\/biblian.is\/1981\/onnur-mosebok-16-kafli\/","title":{"rendered":"\u00d6nnur M\u00f3seb\u00f3k 16. kafli"},"content":{"rendered":"<p><a name=\"1\"><span class=\"versanumer\">1<\/span><\/a>\u00dev\u00ed n\u00e6st h\u00e9ldu \u00feeir af sta\u00f0 fr\u00e1 El\u00edm, og allur s\u00f6fnu\u00f0ur \u00cdsraelsmanna kom til S\u00edn-ey\u00f0imerkur, sem liggur milli El\u00edm og S\u00edna\u00ed, \u00e1 fimmt\u00e1nda degi hins annars m\u00e1na\u00f0ar eftir burtf\u00f6r \u00feeirra \u00far Egyptalandi.<a name=\"2\"><span class=\"versanumer\">2<\/span><\/a>\u00de\u00e1 m\u00f6gla\u00f0i allur s\u00f6fnu\u00f0ur \u00cdsraelsmanna gegn M\u00f3se og Aroni \u00ed ey\u00f0im\u00f6rkinni.<a name=\"3\"><span class=\"versanumer\">3<\/span><\/a>Og \u00cdsraelsmenn s\u00f6g\u00f0u vi\u00f0 \u00fe\u00e1: Betur a\u00f0 v\u00e9r hef\u00f0um d\u00e1i\u00f0 fyrir hendi Drottins \u00ed Egyptalandi, er v\u00e9r s\u00e1tum vi\u00f0 kj\u00f6tkatlana og \u00e1tum oss sadda af brau\u00f0i, \u00fev\u00ed a\u00f0 \u00fei\u00f0 hafi\u00f0 fari\u00f0 me\u00f0 oss \u00fat \u00e1 \u00feessa ey\u00f0im\u00f6rk til \u00feess a\u00f0 l\u00e1ta allan \u00feennan mannfj\u00f6lda deyja af hungri.<a name=\"4\"><span class=\"versanumer\">4<\/span><\/a>\u00de\u00e1 sag\u00f0i Drottinn vi\u00f0 M\u00f3se: Sj\u00e1, \u00e9g vil l\u00e1ta rigna brau\u00f0i af himni handa y\u00f0ur, og skal f\u00f3lki\u00f0 fara \u00fat og safna hvern dag svo miklu sem \u00fearf \u00feann daginn, svo a\u00f0 \u00e9g reyni \u00fea\u00f0, hvort \u00fea\u00f0 vill breyta eftir m\u00ednu l\u00f6gm\u00e1li e\u00f0a ekki.<a name=\"5\"><span class=\"versanumer\">5<\/span><\/a>Og er \u00feeir \u00fe\u00e1 \u00e1 hinum sj\u00f6tta degi tilrei\u00f0a \u00fea\u00f0, sem \u00feeir koma heim me\u00f0, skal \u00fea\u00f0 vera tv\u00f6falt vi\u00f0 \u00fea\u00f0, sem \u00feeir annars safna daglega.<a name=\"6\"><span class=\"versanumer\">6<\/span><\/a>\u00de\u00e1 s\u00f6g\u00f0u M\u00f3se og Aron vi\u00f0 alla \u00cdsraelsmenn: \u00cd kveld skulu\u00f0 \u00fe\u00e9r vi\u00f0urkenna, a\u00f0 Drottinn hefir leitt y\u00f0ur \u00fat af Egyptalandi.<a name=\"7\"><span class=\"versanumer\">7<\/span><\/a>Og \u00e1 morgun skulu\u00f0 \u00fe\u00e9r sj\u00e1 d\u00fdr\u00f0 Drottins, me\u00f0 \u00fev\u00ed a\u00f0 hann hefir heyrt m\u00f6glanir y\u00f0ar gegn Drottni. \u00dev\u00ed a\u00f0 hva\u00f0 erum vi\u00f0, a\u00f0 \u00fe\u00e9r m\u00f6gli\u00f0 gegn okkur?<a name=\"8\"><span class=\"versanumer\">8<\/span><\/a>Og M\u00f3se sag\u00f0i: \u00deetta ver\u00f0ur, \u00feegar Drottinn gefur y\u00f0ur a\u00f0 kveldi kj\u00f6t a\u00f0 eta og brau\u00f0 til sa\u00f0nings a\u00f0 morgni, \u00fev\u00ed a\u00f0 Drottinn hefir heyrt m\u00f6glanir y\u00f0ar, sem \u00fe\u00e9r beini\u00f0 gegn honum. \u00dev\u00ed a\u00f0 hva\u00f0 erum vi\u00f0? \u00de\u00e9r m\u00f6gli\u00f0 ekki gegn okkur, heldur gegn Drottni.<a name=\"9\"><span class=\"versanumer\">9<\/span><\/a>Og M\u00f3se sag\u00f0i vi\u00f0 Aron: Seg vi\u00f0 allan s\u00f6fnu\u00f0 \u00cdsraelsmanna: Gangi\u00f0 n\u00e6r \u00ed augs\u00fdn Drottins, \u00fev\u00ed a\u00f0 hann hefir heyrt m\u00f6glanir y\u00f0ar.<a name=\"10\"><span class=\"versanumer\">10<\/span><\/a>Og er Aron tala\u00f0i \u00feetta til alls safna\u00f0ar \u00cdsraelsmanna, sneru \u00feeir s\u00e9r \u00ed m\u00f3ti ey\u00f0im\u00f6rkinni, og sj\u00e1, d\u00fdr\u00f0 Drottins birtist \u00ed sk\u00fdinu.<a name=\"11\"><span class=\"versanumer\">11<\/span><\/a>Drottinn tala\u00f0i vi\u00f0 M\u00f3se og sag\u00f0i:<a name=\"12\"><span class=\"versanumer\">12<\/span><\/a>\u00c9g hefi heyrt m\u00f6glanir \u00cdsraelsmanna. Tala til \u00feeirra og seg: Um s\u00f3lsetur skulu\u00f0 \u00fe\u00e9r kj\u00f6t eta, og a\u00f0 morgni skulu\u00f0 \u00fe\u00e9r f\u00e1 sa\u00f0ning y\u00f0ar af brau\u00f0i, og \u00fe\u00e9r skulu\u00f0 vi\u00f0urkenna, a\u00f0 \u00e9g er Drottinn, Gu\u00f0 y\u00f0ar.<a name=\"13\"><span class=\"versanumer\">13<\/span><\/a>Um kveldi\u00f0 bar svo vi\u00f0, a\u00f0 lyngh\u00e6ns komu og huldu b\u00fa\u00f0irnar, en um morguninn var d\u00f6ggm\u00f3\u00f0a umhverfis b\u00fa\u00f0irnar.<a name=\"14\"><span class=\"versanumer\">14<\/span><\/a>En er upp l\u00e9tti d\u00f6ggm\u00f3\u00f0unni, l\u00e1 eitthva\u00f0 \u00feunnt, sm\u00e1korn\u00f3tt yfir ey\u00f0im\u00f6rkinni, \u00feunnt eins og h\u00e9la \u00e1 j\u00f6r\u00f0u.<a name=\"15\"><span class=\"versanumer\">15<\/span><\/a>\u00deegar \u00cdsraelsmenn s\u00e1u \u00feetta, s\u00f6g\u00f0u \u00feeir hver vi\u00f0 annan: Hva\u00f0 er \u00feetta? \u00dev\u00ed a\u00f0 \u00feeir vissu ekki, hva\u00f0 \u00fea\u00f0 var. \u00de\u00e1 sag\u00f0i M\u00f3se vi\u00f0 \u00fe\u00e1: \u00deetta er brau\u00f0i\u00f0, sem Drottinn gefur y\u00f0ur til f\u00e6\u00f0u.<a name=\"16\"><span class=\"versanumer\">16<\/span><\/a>En \u00feessi er skipun Drottins: Safni\u00f0 \u00fev\u00ed, eftir \u00fev\u00ed sem hver \u00fearf a\u00f0 eta. \u00de\u00e9r skulu\u00f0 taka einn g\u00f3mer \u00e1 mann eftir f\u00f3lksfj\u00f6lda y\u00f0ar, hver handa \u00feeim, sem hann hefir \u00ed tjaldi s\u00ednu.<a name=\"17\"><span class=\"versanumer\">17<\/span><\/a>Og \u00cdsraelsmenn gj\u00f6r\u00f0u svo, og s\u00f6fnu\u00f0u sumir meira, sumir minna.<a name=\"18\"><span class=\"versanumer\">18<\/span><\/a>En er \u00feeir m\u00e6ldu \u00fea\u00f0 \u00ed g\u00f3mer-m\u00e1li, haf\u00f0i s\u00e1 ekkert afgangs, sem miklu haf\u00f0i safna\u00f0, og \u00feann skorti ekki, sem litlu haf\u00f0i safna\u00f0, heldur haf\u00f0i hver safna\u00f0 eftir \u00fev\u00ed sem hann \u00feurfti s\u00e9r til f\u00e6\u00f0u.<a name=\"19\"><span class=\"versanumer\">19<\/span><\/a>M\u00f3se sag\u00f0i vi\u00f0 \u00fe\u00e1: Enginn m\u00e1 leifa neinu af \u00fev\u00ed til morguns.<a name=\"20\"><span class=\"versanumer\">20<\/span><\/a>En \u00feeir hl\u00fdddu ekki M\u00f3se, heldur leif\u00f0u sumir nokkru af \u00fev\u00ed til morguns. En \u00fe\u00e1 kviknu\u00f0u ma\u00f0kar \u00ed \u00fev\u00ed, svo a\u00f0 \u00fea\u00f0 f\u00falna\u00f0i, og var\u00f0 M\u00f3se \u00fe\u00e1 rei\u00f0ur \u00feeim.<a name=\"21\"><span class=\"versanumer\">21<\/span><\/a>\u00deeir s\u00f6fnu\u00f0u \u00fev\u00ed \u00fe\u00e1 hvern morgun, hver eftir \u00fev\u00ed sem hann \u00feurfti s\u00e9r til f\u00e6\u00f0u. En \u00feegar s\u00f3lin skein heitt, br\u00e1\u00f0na\u00f0i \u00fea\u00f0.<a name=\"22\"><span class=\"versanumer\">22<\/span><\/a>En \u00e1 sj\u00f6tta deginum s\u00f6fnu\u00f0u \u00feeir tv\u00f6falt meira af brau\u00f0i, tvo g\u00f3mera \u00e1 mann. Komu \u00fe\u00e1 allir foringjar l\u00fd\u00f0sins og s\u00f6g\u00f0u M\u00f3se fr\u00e1.<a name=\"23\"><span class=\"versanumer\">23<\/span><\/a>En hann sag\u00f0i vi\u00f0 \u00fe\u00e1: \u00deetta er \u00fea\u00f0, sem Drottinn sag\u00f0i: \u00c1 morgun er hv\u00edldardagur, heilagur hv\u00edldardagur Drottins. Baki\u00f0 \u00fea\u00f0, sem \u00fe\u00e9r vilji\u00f0 baka, og sj\u00f3\u00f0i\u00f0 \u00fea\u00f0, sem \u00fe\u00e9r vilji\u00f0 sj\u00f3\u00f0a, en allt \u00fea\u00f0, sem af gengur, skulu\u00f0 \u00fe\u00e9r leggja fyrir og geyma til morguns.<a name=\"24\"><span class=\"versanumer\">24<\/span><\/a>\u00deeir l\u00f6g\u00f0u \u00fea\u00f0 \u00fe\u00e1 fyrir til n\u00e6sta morguns, eins og M\u00f3se bau\u00f0, og f\u00falna\u00f0i \u00fea\u00f0 ekki n\u00e9 ma\u00f0ka\u00f0i.<a name=\"25\"><span class=\"versanumer\">25<\/span><\/a>\u00de\u00e1 sag\u00f0i M\u00f3se: \u00cd dag skulu\u00f0 \u00fe\u00e9r eta \u00fea\u00f0, \u00fev\u00ed a\u00f0 \u00ed dag er hv\u00edldardagur Drottins. \u00cd dag finni\u00f0 \u00fe\u00e9r \u00fea\u00f0 ekki \u00e1 m\u00f6rkinni.<a name=\"26\"><span class=\"versanumer\">26<\/span><\/a>Sex daga skulu\u00f0 \u00fe\u00e9r safna \u00fev\u00ed, en sj\u00f6undi dagurinn er hv\u00edldardagur, \u00fe\u00e1 mun ekkert finnast.<a name=\"27\"><span class=\"versanumer\">27<\/span><\/a>Og sj\u00f6unda daginn gengu nokkrir af f\u00f3lkinu \u00fat til a\u00f0 safna, en fundu ekkert.<a name=\"28\"><span class=\"versanumer\">28<\/span><\/a>Drottinn sag\u00f0i vi\u00f0 M\u00f3se: Hversu lengi treg\u00f0ist \u00fe\u00e9r vi\u00f0 a\u00f0 var\u00f0veita bo\u00f0or\u00f0 m\u00edn og l\u00f6g?<a name=\"29\"><span class=\"versanumer\">29<\/span><\/a>L\u00edti\u00f0 \u00e1! Vegna \u00feess a\u00f0 Drottinn hefir gefi\u00f0 y\u00f0ur hv\u00edldardaginn, \u00feess vegna gefur hann y\u00f0ur sj\u00f6tta daginn brau\u00f0 til tveggja daga. Haldi hver ma\u00f0ur kyrru fyrir \u00e1 s\u00ednum sta\u00f0, enginn fari a\u00f0 heiman \u00e1 sj\u00f6unda deginum.<a name=\"30\"><span class=\"versanumer\">30<\/span><\/a>Og f\u00f3lki\u00f0 hv\u00edldist \u00e1 hinum sj\u00f6unda degi.<a name=\"31\"><span class=\"versanumer\">31<\/span><\/a>\u00cdsraelsmenn k\u00f6llu\u00f0u \u00feetta brau\u00f0 manna. \u00dea\u00f0 l\u00edktist k\u00f3r\u00edanderfr\u00e6i, var hv\u00edtt og \u00e1 brag\u00f0i\u00f0 sem hunangskaka.<a name=\"32\"><span class=\"versanumer\">32<\/span><\/a>M\u00f3se sag\u00f0i: \u00deetta er \u00fea\u00f0, sem Drottinn hefir bo\u00f0i\u00f0: Fylli\u00f0 einn g\u00f3mer af \u00fev\u00ed til \u00feess a\u00f0 geyma \u00fea\u00f0 handa eftirkomendum y\u00f0ar, svo a\u00f0 \u00feeir sj\u00e1i \u00fea\u00f0 brau\u00f0, sem \u00e9g gaf y\u00f0ur a\u00f0 eta \u00ed ey\u00f0im\u00f6rkinni, er \u00e9g leiddi y\u00f0ur \u00fat af Egyptalandi.<a name=\"33\"><span class=\"versanumer\">33<\/span><\/a>\u00de\u00e1 sag\u00f0i M\u00f3se vi\u00f0 Aron: Tak eitt ker og l\u00e1t \u00ed \u00fea\u00f0 fullan g\u00f3mer af manna, og legg \u00fea\u00f0 til geymslu frammi fyrir Drottni, svo a\u00f0 \u00fea\u00f0 var\u00f0veitist handa eftirkomendum y\u00f0ar.<a name=\"34\"><span class=\"versanumer\">34<\/span><\/a>Aron lag\u00f0i \u00fea\u00f0 fyrir framan s\u00e1ttm\u00e1li\u00f0, til \u00feess a\u00f0 \u00fea\u00f0 v\u00e6ri \u00fear geymt, eins og Drottinn haf\u00f0i bo\u00f0i\u00f0 M\u00f3se.<a name=\"35\"><span class=\"versanumer\">35<\/span><\/a>\u00cdsraelsmenn \u00e1tu manna \u00ed fj\u00f6rut\u00edu \u00e1r, uns \u00feeir komu \u00ed byggt land. \u00deeir \u00e1tu manna, uns \u00feeir komu a\u00f0 landam\u00e6rum Kanaanlands.<a name=\"36\"><span class=\"versanumer\">36<\/span><\/a>En g\u00f3mer er t\u00edundi partur af efu.<\/p>\n<div class=\"footnote1981\"><b>16.1<\/b> Fr\u00e1 El\u00edm \u00ed S\u00edney\u00f0im\u00f6rkina 4M\u00f3s 33.10-11<br \/>\n<b>16.3<\/b> M\u00f6glun f\u00f3lksins 2M\u00f3s 14.11+<br \/>\n<b>16.4<\/b> Brau\u00f0 af himni J\u00f3h 6.31<br \/>\n<b>16.7<\/b> D\u00fdr\u00f0 Drottins 2M\u00f3s 24.16-17; 40.34-35; 3M\u00f3s 9.23; 4M\u00f3s 16.19; 17.7; 20.6<br \/>\n<b>16.8<\/b> Kj\u00f6t og brau\u00f0 1Kon 17.6<br \/>\n<b>16.13<\/b> Lyngh\u00e6nur 4M\u00f3s 11.31-34; Slm 78.26-31; 105.40; SSal 16.2-4; 19.11-12<br \/>\n<b>16.15<\/b> Brau\u00f0 Drottins 1Kor 10.3<br \/>\n<b>16.18<\/b> Ekkert afgangs 2Kor 8.15<br \/>\n<b>16.23<\/b> Hv\u00edldardagur 2M\u00f3s 20.8-11+<br \/>\n<b>16.31<\/b> Manna 4M\u00f3s 11.1-9; 5M\u00f3s 8.3,16; Slm 78.18-25; 105.40; 136.25; SSal 16.20-29; J\u00f3h 6.26-58<br \/>\n<b>16.33<\/b> Krukka Heb 9.4<br \/>\n<b>16.35<\/b> Komi\u00f0 til Kanaanlands J\u00f3s 5.12<\/div>\n","protected":false},"excerpt":{"rendered":"<p>1\u00dev\u00ed n\u00e6st h\u00e9ldu \u00feeir af sta\u00f0 fr\u00e1 El\u00edm, og allur s\u00f6fnu\u00f0ur \u00cdsraelsmanna kom til S\u00edn-ey\u00f0imerkur, sem liggur milli El\u00edm og S\u00edna\u00ed, \u00e1 fimmt\u00e1nda degi hins annars m\u00e1na\u00f0ar eftir burtf\u00f6r \u00feeirra \u00far Egyptalandi.2\u00de\u00e1 m\u00f6gla\u00f0i allur s\u00f6fnu\u00f0ur \u00cdsraelsmanna gegn M\u00f3se og Aroni \u00ed ey\u00f0im\u00f6rkinni.3Og \u00cdsraelsmenn s\u00f6g\u00f0u vi\u00f0 \u00fe\u00e1: Betur a\u00f0 v\u00e9r hef\u00f0um d\u00e1i\u00f0 fyrir hendi Drottins \u00ed Egyptalandi, er v\u00e9r s\u00e1tum vi\u00f0 kj\u00f6tkatlana og \u00e1tum oss sadda af brau\u00f0i, \u00fev\u00ed a\u00f0 \u00fei\u00f0 hafi\u00f0 fari\u00f0 me\u00f0 oss \u00fat \u00e1 \u00feessa ey\u00f0im\u00f6rk til \u00feess a\u00f0 l\u00e1ta allan \u00feennan mannfj\u00f6lda deyja af hungri.4\u00de\u00e1 sag\u00f0i Drottinn vi\u00f0 M\u00f3se: Sj\u00e1, \u00e9g vil l\u00e1ta rigna brau\u00f0i af himni <a href=\"https:\/\/biblian.is\/1981\/onnur-mosebok-16-kafli\/\"> [&#8230;]<\/a><\/p>\n","protected":false},"author":1,"featured_media":0,"parent":0,"menu_order":0,"comment_status":"open","ping_status":"open","template":"bibliukaflar.php","meta":{"footnotes":""},"class_list":["post-1412","page","type-page","status-publish","hentry"],"_links":{"self":[{"href":"https:\/\/biblian.is\/1981\/wp-json\/wp\/v2\/pages\/1412","targetHints":{"allow":["GET"]}}],"collection":[{"href":"https:\/\/biblian.is\/1981\/wp-json\/wp\/v2\/pages"}],"about":[{"href":"https:\/\/biblian.is\/1981\/wp-json\/wp\/v2\/types\/page"}],"author":[{"embeddable":true,"href":"https:\/\/biblian.is\/1981\/wp-json\/wp\/v2\/users\/1"}],"replies":[{"embeddable":true,"href":"https:\/\/biblian.is\/1981\/wp-json\/wp\/v2\/comments?post=1412"}],"version-history":[{"count":0,"href":"https:\/\/biblian.is\/1981\/wp-json\/wp\/v2\/pages\/1412\/revisions"}],"wp:attachment":[{"href":"https:\/\/biblian.is\/1981\/wp-json\/wp\/v2\/media?parent=1412"}],"curies":[{"name":"wp","href":"https:\/\/api.w.org\/{rel}","templated":true}]}}