{"id":1410,"date":"2017-11-18T20:17:15","date_gmt":"2017-11-18T20:17:15","guid":{"rendered":"http:\/\/biblian.is\/1981\/onnur-mosebok-14-kafli\/"},"modified":"2021-06-06T11:04:12","modified_gmt":"2021-06-06T11:04:12","slug":"onnur-mosebok-14-kafli","status":"publish","type":"page","link":"https:\/\/biblian.is\/1981\/onnur-mosebok-14-kafli\/","title":{"rendered":"\u00d6nnur M\u00f3seb\u00f3k 14. kafli"},"content":{"rendered":"<p><a name=\"1\"><span class=\"versanumer\">1<\/span><\/a>Drottinn tala\u00f0i vi\u00f0 M\u00f3se og sag\u00f0i:<a name=\"2\"><span class=\"versanumer\">2<\/span><\/a>Seg \u00cdsraelsm\u00f6nnum, a\u00f0 \u00feeir sn\u00fai aftur og setji b\u00fa\u00f0ir s\u00ednar fyrir framan P\u00ed-Hak\u00edr\u00f3t, milli Migd\u00f3ls og hafsins, gegnt Baal Sef\u00f3n. \u00dear andsp\u00e6nis skulu\u00f0 \u00fe\u00e9r setja b\u00fa\u00f0ir y\u00f0ar vi\u00f0 hafi\u00f0.<a name=\"3\"><span class=\"versanumer\">3<\/span><\/a>Og Fara\u00f3 mun segja um \u00cdsraelsmenn: \u00deeir fara villir vega \u00ed landinu, ey\u00f0im\u00f6rkin hefir innibyrgt \u00fe\u00e1.<a name=\"4\"><span class=\"versanumer\">4<\/span><\/a>Og \u00e9g vil her\u00f0a hjarta Fara\u00f3s, og hann skal veita \u00feeim eftirf\u00f6r. \u00c9g vil s\u00fdna d\u00fdr\u00f0 m\u00edna \u00e1 Fara\u00f3 og \u00f6llum li\u00f0safla hans, svo a\u00f0 Egyptar skulu vita, a\u00f0 \u00e9g er Drottinn. Og \u00feeir gj\u00f6r\u00f0u svo.<a name=\"5\"><span class=\"versanumer\">5<\/span><\/a>\u00deegar Egyptalandskonungi var sagt, a\u00f0 f\u00f3lki\u00f0 v\u00e6ri fl\u00fai\u00f0, var\u00f0 hugur Fara\u00f3s og \u00fej\u00f3na hans m\u00f3tsn\u00fainn f\u00f3lkinu og \u00feeir s\u00f6g\u00f0u: Hv\u00ed h\u00f6fum v\u00e9r gj\u00f6rt \u00feetta, a\u00f0 sleppa \u00cdsrael \u00far \u00fej\u00f3nustu vorri?<a name=\"6\"><span class=\"versanumer\">6<\/span><\/a>L\u00e9t hann \u00fe\u00e1 beita fyrir vagna s\u00edna og t\u00f3k menn s\u00edna me\u00f0 s\u00e9r.<a name=\"7\"><span class=\"versanumer\">7<\/span><\/a>Og hann t\u00f3k sex hundru\u00f0 valda vagna og alla vagna Egyptalands og setti kappa \u00e1 hvern \u00feeirra.<a name=\"8\"><span class=\"versanumer\">8<\/span><\/a>En Drottinn herti hjarta Fara\u00f3s, Egyptalandskonungs, svo a\u00f0 hann veitti \u00cdsraelsm\u00f6nnum eftirf\u00f6r, \u00fev\u00ed a\u00f0 \u00cdsraelsmenn h\u00f6f\u00f0u fari\u00f0 burt me\u00f0 upplyftri hendi.<a name=\"9\"><span class=\"versanumer\">9<\/span><\/a>Egyptar s\u00f3ttu n\u00fa eftir \u00feeim, allir hestar og vagnar Fara\u00f3s, riddarar hans og her hans, og n\u00e1\u00f0u \u00feeim \u00fear sem \u00feeir h\u00f6f\u00f0u sett b\u00fa\u00f0ir s\u00ednar vi\u00f0 hafi\u00f0, hj\u00e1 P\u00ed-Hak\u00edr\u00f3t, gegnt Baal Sef\u00f3n.<a name=\"10\"><span class=\"versanumer\">10<\/span><\/a>\u00deegar Fara\u00f3 n\u00e1lga\u00f0ist, h\u00f3fu \u00cdsraelsmenn upp augu s\u00edn, og sj\u00e1, Egyptar s\u00f3ttu eftir \u00feeim. Ur\u00f0u \u00cdsraelsmenn \u00fe\u00e1 mj\u00f6g \u00f3ttaslegnir og hr\u00f3pu\u00f0u til Drottins.<a name=\"11\"><span class=\"versanumer\">11<\/span><\/a>Og \u00feeir s\u00f6g\u00f0u vi\u00f0 M\u00f3se: T\u00f3kst \u00fe\u00fa oss burt til \u00feess a\u00f0 deyja h\u00e9r \u00e1 ey\u00f0im\u00f6rk, af \u00fev\u00ed a\u00f0 engar v\u00e6ru grafir til \u00ed Egyptalandi? Hv\u00ed hefir \u00fe\u00fa gj\u00f6rt oss \u00feetta, a\u00f0 fara me\u00f0 oss burt af Egyptalandi?<a name=\"12\"><span class=\"versanumer\">12<\/span><\/a>Kemur n\u00fa ekki fram \u00fea\u00f0, sem v\u00e9r s\u00f6g\u00f0um vi\u00f0 \u00feig \u00e1 Egyptalandi: L\u00e1t oss vera kyrra, og viljum v\u00e9r \u00fej\u00f3na Egyptum, \u00fev\u00ed a\u00f0 betra er fyrir oss a\u00f0 \u00fej\u00f3na Egyptum en a\u00f0 deyja \u00ed ey\u00f0im\u00f6rkinni?<a name=\"13\"><span class=\"versanumer\">13<\/span><\/a>\u00de\u00e1 sag\u00f0i M\u00f3se vi\u00f0 l\u00fd\u00f0inn: \u00d3ttist ekki. Standi\u00f0 st\u00f6\u00f0ugir, og munu\u00f0 \u00fe\u00e9r sj\u00e1 hj\u00e1lpr\u00e6\u00f0i Drottins, er hann \u00ed dag mun l\u00e1ta fram vi\u00f0 y\u00f0ur koma, \u00fev\u00ed a\u00f0 eins og \u00fe\u00e9r sj\u00e1i\u00f0 Egyptana \u00ed dag, munu\u00f0 \u00fe\u00e9r aldrei nokkurn t\u00edma framar sj\u00e1 \u00fe\u00e1.<a name=\"14\"><span class=\"versanumer\">14<\/span><\/a>Drottinn mun berjast fyrir y\u00f0ur, en \u00fe\u00e9r skulu\u00f0 vera kyrrir.<a name=\"15\"><span class=\"versanumer\">15<\/span><\/a>\u00de\u00e1 sag\u00f0i Drottinn vi\u00f0 M\u00f3se: Hv\u00ed hr\u00f3par \u00fe\u00fa til m\u00edn? Seg \u00cdsraelsm\u00f6nnum, a\u00f0 \u00feeir haldi \u00e1fram,<a name=\"16\"><span class=\"versanumer\">16<\/span><\/a>en lyft \u00fe\u00fa upp staf \u00fe\u00ednum og r\u00e9tt \u00fat h\u00f6nd \u00fe\u00edna yfir hafi\u00f0 og klj\u00faf \u00fea\u00f0, og \u00cdsraelsmenn skulu ganga \u00e1 \u00feurru mitt \u00ed gegnum hafi\u00f0.<a name=\"17\"><span class=\"versanumer\">17<\/span><\/a>Sj\u00e1, \u00e9g mun her\u00f0a hj\u00f6rtu Egypta, svo a\u00f0 \u00feeir skulu s\u00e6kja \u00e1 eftir \u00feeim, og \u00e9g vil s\u00fdna d\u00fdr\u00f0 m\u00edna \u00e1 Fara\u00f3 og \u00f6llum li\u00f0safla hans, \u00e1 v\u00f6gnum hans og riddurum.<a name=\"18\"><span class=\"versanumer\">18<\/span><\/a>Og Egyptar skulu vita, a\u00f0 \u00e9g er Drottinn, \u00fe\u00e1 er \u00e9g s\u00fdni d\u00fdr\u00f0 m\u00edna \u00e1 Fara\u00f3, \u00e1 v\u00f6gnum hans og riddurum.<a name=\"19\"><span class=\"versanumer\">19<\/span><\/a>Engill Gu\u00f0s, sem gekk \u00e1 undan li\u00f0i \u00cdsraels, f\u00e6r\u00f0i sig og gekk aftur fyrir \u00fe\u00e1, og sk\u00fdst\u00f3lpinn, sem var fyrir framan \u00fe\u00e1, f\u00e6r\u00f0ist og st\u00f3\u00f0 a\u00f0 baki \u00feeim.<a name=\"20\"><span class=\"versanumer\">20<\/span><\/a>Og hann bar \u00e1 milli herb\u00fa\u00f0a Egypta og herb\u00fa\u00f0a \u00cdsraels, og var sk\u00fdi\u00f0 myrkt annars vegar, en annars vegar l\u00fdsti \u00fea\u00f0 upp n\u00f3ttina, og f\u00e6r\u00f0ust hvorugir n\u00e6r \u00f6\u00f0rum alla \u00fe\u00e1 n\u00f3tt.<a name=\"21\"><span class=\"versanumer\">21<\/span><\/a>En M\u00f3se r\u00e9tti \u00fat h\u00f6nd s\u00edna yfir hafi\u00f0, og Drottinn l\u00e9t hvassan austanvind bl\u00e1sa alla n\u00f3ttina og b\u00e6gja sj\u00f3num burt og gj\u00f6r\u00f0i hafi\u00f0 a\u00f0 \u00feurrlendi. Og v\u00f6tnin klofnu\u00f0u,<a name=\"22\"><span class=\"versanumer\">22<\/span><\/a>og \u00cdsraelsmenn gengu \u00e1 \u00feurru mitt \u00ed gegnum hafi\u00f0, og v\u00f6tnin st\u00f3\u00f0u eins og veggur til h\u00e6gri og vinstri handar \u00feeim.<a name=\"23\"><span class=\"versanumer\">23<\/span><\/a>Og Egyptar veittu \u00feeim eftirf\u00f6r og s\u00f3ttu eftir \u00feeim mitt \u00fat \u00ed hafi\u00f0, allir hestar Fara\u00f3s, vagnar hans og riddarar.<a name=\"24\"><span class=\"versanumer\">24<\/span><\/a>En \u00e1 morgunv\u00f6kunni leit Drottinn yfir li\u00f0 Egypta \u00ed eld- og sk\u00fdst\u00f3lpanum, og sl\u00f3 felmti \u00ed li\u00f0 Egypta,<a name=\"25\"><span class=\"versanumer\">25<\/span><\/a>og hann l\u00e9t vagna \u00feeirra ganga af hj\u00f3lunum, svo a\u00f0 \u00feeim s\u00f3ttist lei\u00f0in erfi\u00f0lega. \u00de\u00e1 s\u00f6g\u00f0u Egyptar: Fl\u00fdjum fyrir \u00cdsrael, \u00fev\u00ed a\u00f0 Drottinn berst me\u00f0 \u00feeim m\u00f3ti Egyptum.<a name=\"26\"><span class=\"versanumer\">26<\/span><\/a>\u00de\u00e1 sag\u00f0i Drottinn vi\u00f0 M\u00f3se: R\u00e9tt \u00fat h\u00f6nd \u00fe\u00edna yfir hafi\u00f0, og skulu \u00fe\u00e1 v\u00f6tnin aftur falla yfir Egypta, yfir vagna \u00feeirra og riddara.<a name=\"27\"><span class=\"versanumer\">27<\/span><\/a>M\u00f3se r\u00e9tti h\u00f6nd s\u00edna \u00fat yfir hafi\u00f0, og sj\u00f3rinn f\u00e9ll aftur undir morguninn \u00ed farveg sinn, en Egyptar fl\u00fd\u00f0u beint \u00ed m\u00f3ti a\u00f0fallinu, og keyr\u00f0i Drottinn \u00fe\u00e1 mitt \u00ed hafi\u00f0.<a name=\"28\"><span class=\"versanumer\">28<\/span><\/a>Og v\u00f6tnin f\u00e9llu a\u00f0 og huldu vagnana og riddarana, allan li\u00f0safla Fara\u00f3s, sem eftir \u00feeim haf\u00f0i fari\u00f0 \u00fat \u00ed hafi\u00f0. Ekki nokkur einn \u00feeirra komst l\u00edfs af.<a name=\"29\"><span class=\"versanumer\">29<\/span><\/a>En \u00cdsraelsmenn gengu \u00e1 \u00feurru mitt \u00ed gegnum hafi\u00f0, og v\u00f6tnin st\u00f3\u00f0u eins og veggur til h\u00e6gri og vinstri handar \u00feeim.<a name=\"30\"><span class=\"versanumer\">30<\/span><\/a>\u00deannig frelsa\u00f0i Drottinn \u00cdsrael \u00e1 \u00feeim degi undan valdi Egypta, og \u00cdsrael s\u00e1 Egypta liggja dau\u00f0a \u00e1 sj\u00e1varstr\u00f6ndinni.<a name=\"31\"><span class=\"versanumer\">31<\/span><\/a>Og er \u00cdsrael s\u00e1 hi\u00f0 mikla undur, sem Drottinn haf\u00f0i gj\u00f6rt \u00e1 Egyptum, \u00fe\u00e1 \u00f3tta\u00f0ist f\u00f3lki\u00f0 Drottin, og \u00feeir tr\u00fa\u00f0u \u00e1 Drottin og \u00fej\u00f3n hans M\u00f3se.<\/p>\n<div class=\"footnote1981\"><b>14.2<\/b> P\u00ed-Hak\u00edr\u00f3t 4M\u00f3s 33.7-8<br \/>\n<b>14.4<\/b> Har\u00f0\u00fa\u00f0 2M\u00f3s 7.3+<br \/>\n<b>14.11<\/b> M\u00f6glun f\u00f3lksins 2M\u00f3s 15.24; 16.3; 17.3; 4M\u00f3s 11.4-6; 14.1-4; 20.2-5; 21.5; Slm 78.40; 106.7<br \/>\n<b>14.21<\/b> Hafinu b\u00e6gt burt Jes 43.16; 44.27; 50.2; Slm 66.6; 77.14-21; 78.13; 106.9-10; 114; SSal 10.18-19; 1Kor 10.1-2; Heb 11.29; Opb 21.1<br \/>\n<b>14.28<\/b> Egyptar eyddir 5M\u00f3s 11.4; Slm 106.11<br \/>\n<b>14.31<\/b> \u00cdsrael tr\u00fa\u00f0i Slm 106.12; sbr 2M\u00f3s 4.1+<\/div>\n","protected":false},"excerpt":{"rendered":"<p>1Drottinn tala\u00f0i vi\u00f0 M\u00f3se og sag\u00f0i:2Seg \u00cdsraelsm\u00f6nnum, a\u00f0 \u00feeir sn\u00fai aftur og setji b\u00fa\u00f0ir s\u00ednar fyrir framan P\u00ed-Hak\u00edr\u00f3t, milli Migd\u00f3ls og hafsins, gegnt Baal Sef\u00f3n. \u00dear andsp\u00e6nis skulu\u00f0 \u00fe\u00e9r setja b\u00fa\u00f0ir y\u00f0ar vi\u00f0 hafi\u00f0.3Og Fara\u00f3 mun segja um \u00cdsraelsmenn: \u00deeir fara villir vega \u00ed landinu, ey\u00f0im\u00f6rkin hefir innibyrgt \u00fe\u00e1.4Og \u00e9g vil her\u00f0a hjarta Fara\u00f3s, og hann skal veita \u00feeim eftirf\u00f6r. \u00c9g vil s\u00fdna d\u00fdr\u00f0 m\u00edna \u00e1 Fara\u00f3 og \u00f6llum li\u00f0safla hans, svo a\u00f0 Egyptar skulu vita, a\u00f0 \u00e9g er Drottinn. Og \u00feeir gj\u00f6r\u00f0u svo.5\u00deegar Egyptalandskonungi var sagt, a\u00f0 f\u00f3lki\u00f0 v\u00e6ri fl\u00fai\u00f0, var\u00f0 hugur Fara\u00f3s og \u00fej\u00f3na hans m\u00f3tsn\u00fainn f\u00f3lkinu og <a href=\"https:\/\/biblian.is\/1981\/onnur-mosebok-14-kafli\/\"> [&#8230;]<\/a><\/p>\n","protected":false},"author":1,"featured_media":0,"parent":0,"menu_order":0,"comment_status":"open","ping_status":"open","template":"bibliukaflar.php","meta":{"footnotes":""},"class_list":["post-1410","page","type-page","status-publish","hentry"],"_links":{"self":[{"href":"https:\/\/biblian.is\/1981\/wp-json\/wp\/v2\/pages\/1410","targetHints":{"allow":["GET"]}}],"collection":[{"href":"https:\/\/biblian.is\/1981\/wp-json\/wp\/v2\/pages"}],"about":[{"href":"https:\/\/biblian.is\/1981\/wp-json\/wp\/v2\/types\/page"}],"author":[{"embeddable":true,"href":"https:\/\/biblian.is\/1981\/wp-json\/wp\/v2\/users\/1"}],"replies":[{"embeddable":true,"href":"https:\/\/biblian.is\/1981\/wp-json\/wp\/v2\/comments?post=1410"}],"version-history":[{"count":0,"href":"https:\/\/biblian.is\/1981\/wp-json\/wp\/v2\/pages\/1410\/revisions"}],"wp:attachment":[{"href":"https:\/\/biblian.is\/1981\/wp-json\/wp\/v2\/media?parent=1410"}],"curies":[{"name":"wp","href":"https:\/\/api.w.org\/{rel}","templated":true}]}}