{"id":1409,"date":"2017-11-18T20:17:15","date_gmt":"2017-11-18T20:17:15","guid":{"rendered":"http:\/\/biblian.is\/1981\/onnur-mosebok-13-kafli\/"},"modified":"2021-06-06T11:04:11","modified_gmt":"2021-06-06T11:04:11","slug":"onnur-mosebok-13-kafli","status":"publish","type":"page","link":"https:\/\/biblian.is\/1981\/onnur-mosebok-13-kafli\/","title":{"rendered":"\u00d6nnur M\u00f3seb\u00f3k 13. kafli"},"content":{"rendered":"<p><a name=\"1\"><span class=\"versanumer\">1<\/span><\/a>\u00de\u00e1 tala\u00f0i Drottinn vi\u00f0 M\u00f3se og sag\u00f0i:<a name=\"2\"><span class=\"versanumer\">2<\/span><\/a>\u00de\u00fa skalt helga m\u00e9r alla frumbur\u00f0i. Hva\u00f0 eina sem opnar m\u00f3\u00f0url\u00edf me\u00f0al \u00cdsraelsmanna, hvort heldur er menn e\u00f0a f\u00e9na\u00f0ur, \u00fea\u00f0 er mitt.<a name=\"3\"><span class=\"versanumer\">3<\/span><\/a>M\u00f3se sag\u00f0i vi\u00f0 f\u00f3lki\u00f0: Veri\u00f0 minnugir \u00feessa dags, er \u00fe\u00e9r f\u00f3ru\u00f0 burt \u00far Egyptalandi, \u00fat \u00far \u00fer\u00e6lah\u00fasinu, \u00fev\u00ed me\u00f0 voldugri hendi leiddi Drottinn y\u00f0ur \u00fat \u00fea\u00f0an: S\u00fdr\u00f0 brau\u00f0 m\u00e1 eigi eta.<a name=\"4\"><span class=\"versanumer\">4<\/span><\/a>\u00cd dag fari\u00f0 \u00fe\u00e9r af sta\u00f0, \u00ed ab\u00edb-m\u00e1nu\u00f0i.<a name=\"5\"><span class=\"versanumer\">5<\/span><\/a>\u00deegar Drottinn lei\u00f0ir \u00feig inn \u00ed land Kanaan\u00edta, Het\u00edta, Amor\u00edta, Hev\u00edta og Jeb\u00fas\u00edta, sem hann s\u00f3r fe\u00f0rum \u00fe\u00ednum a\u00f0 gefa \u00fe\u00e9r, \u00ed \u00fea\u00f0 land, sem fl\u00fdtur \u00ed mj\u00f3lk og hunangi, \u00fe\u00e1 skaltu halda \u00feennan si\u00f0 \u00ed \u00feessum sama m\u00e1nu\u00f0i.<a name=\"6\"><span class=\"versanumer\">6<\/span><\/a>Sj\u00f6 daga skaltu eta \u00f3s\u00fdrt brau\u00f0, og \u00e1 hinum sj\u00f6unda degi skal vera h\u00e1t\u00ed\u00f0 Drottins.<a name=\"7\"><span class=\"versanumer\">7<\/span><\/a>\u00d3s\u00fdrt brau\u00f0 skal eta \u00ed \u00fe\u00e1 sj\u00f6 daga, ekkert s\u00fdrt brau\u00f0 m\u00e1 sj\u00e1st hj\u00e1 \u00fe\u00e9r, og ekki m\u00e1 heldur s\u00fardeig sj\u00e1st nokkurs sta\u00f0ar hj\u00e1 \u00fe\u00e9r innan \u00feinna landamerkja.<a name=\"8\"><span class=\"versanumer\">8<\/span><\/a>\u00c1 \u00feeim degi skaltu gj\u00f6ra syni \u00fe\u00ednum grein fyrir \u00feessu og segja: \u00dea\u00f0 er s\u00f6kum \u00feess sem Drottinn gj\u00f6r\u00f0i fyrir mig, \u00fe\u00e1 er \u00e9g f\u00f3r \u00fat af Egyptalandi.<a name=\"9\"><span class=\"versanumer\">9<\/span><\/a>Og \u00feetta skal vera \u00fe\u00e9r til merkis \u00e1 hendi \u00feinni og til minningar \u00e1 milli augna \u00feinna, svo a\u00f0 l\u00f6gm\u00e1l Drottins s\u00e9 \u00fe\u00e9r \u00e6 \u00e1 v\u00f6rum, \u00fev\u00ed me\u00f0 voldugri hendi leiddi Drottinn \u00feig \u00fat af Egyptalandi.<a name=\"10\"><span class=\"versanumer\">10<\/span><\/a>\u00deessa skipun skaltu \u00fev\u00ed halda \u00e1 \u00e1kve\u00f0num t\u00edma \u00e1r fr\u00e1 \u00e1ri.<a name=\"11\"><span class=\"versanumer\">11<\/span><\/a>\u00deegar Drottinn lei\u00f0ir \u00feig inn \u00ed land Kanaan\u00edta, eins og hann s\u00f3r \u00fe\u00e9r og fe\u00f0rum \u00fe\u00ednum, og gefur \u00fe\u00e9r \u00fea\u00f0,<a name=\"12\"><span class=\"versanumer\">12<\/span><\/a>\u00fe\u00e1 skaltu eigna Drottni allt \u00fea\u00f0, sem opnar m\u00f3\u00f0url\u00edf. Og allir frumbur\u00f0ir, sem koma undan \u00feeim f\u00e9na\u00f0i, er \u00fe\u00fa \u00e1tt, skulu heyra Drottni til, s\u00e9u \u00feeir karlkyns.<a name=\"13\"><span class=\"versanumer\">13<\/span><\/a>Alla frumbur\u00f0i undan \u00f6snum skaltu leysa me\u00f0 lambi. Leysir \u00fe\u00fa ekki, skaltu brj\u00f3ta \u00fe\u00e1 \u00far h\u00e1lsli\u00f0um. En alla frumbur\u00f0i manna me\u00f0al barna \u00feinna skaltu leysa.<a name=\"14\"><span class=\"versanumer\">14<\/span><\/a>Og \u00feegar sonur \u00feinn spyr \u00feig \u00e1 s\u00ed\u00f0an og segir: Hva\u00f0 \u00e1 \u00feetta a\u00f0 \u00fe\u00fd\u00f0a? \u00fe\u00e1 svara honum: Me\u00f0 voldugri hendi leiddi Drottinn oss \u00fat af Egyptalandi, \u00far \u00fer\u00e6lah\u00fasinu,<a name=\"15\"><span class=\"versanumer\">15<\/span><\/a>\u00fev\u00ed \u00feegar Fara\u00f3 synja\u00f0i oss \u00feverlega fararleyfis, \u00fe\u00e1 deyddi Drottinn alla frumbur\u00f0i \u00ed Egyptalandi, b\u00e6\u00f0i frumbur\u00f0i manna og frumbur\u00f0i f\u00e9na\u00f0ar. \u00deess vegna f\u00f3rnf\u00e6ri \u00e9g Drottni \u00f6llu, sem opnar m\u00f3\u00f0url\u00edf, en alla frumbur\u00f0i barna minna leysi \u00e9g.<a name=\"16\"><span class=\"versanumer\">16<\/span><\/a>Og \u00fea\u00f0 skal vera merki \u00e1 hendi \u00fe\u00e9r og minningarband \u00e1 milli augna \u00feinna um \u00fea\u00f0, a\u00f0 Drottinn leiddi oss \u00fat af Egyptalandi me\u00f0 voldugri hendi.<a name=\"17\"><span class=\"versanumer\">17<\/span><\/a>\u00deegar Fara\u00f3 haf\u00f0i gefi\u00f0 f\u00f3lkinu fararleyfi, leiddi Gu\u00f0 \u00fe\u00e1 ekki \u00e1 lei\u00f0 til Filistalands, \u00fe\u00f3tt s\u00fa lei\u00f0 v\u00e6ri skemmst, \u00fev\u00ed a\u00f0 Gu\u00f0 sag\u00f0i: Vera m\u00e1 a\u00f0 f\u00f3lki\u00f0 i\u00f0rist, \u00feegar \u00fea\u00f0 s\u00e9r, a\u00f0 \u00f3fri\u00f0ar er von, og sn\u00fai svo aftur til Egyptalands,<a name=\"18\"><span class=\"versanumer\">18<\/span><\/a>heldur l\u00e9t Gu\u00f0 f\u00f3lki\u00f0 fara \u00ed bug ey\u00f0imerkurveginn til Sefhafsins, og f\u00f3ru \u00cdsraelsmenn v\u00edgb\u00fanir af Egyptalandi.<a name=\"19\"><span class=\"versanumer\">19<\/span><\/a>M\u00f3se t\u00f3k me\u00f0 s\u00e9r bein J\u00f3sefs, \u00fev\u00ed a\u00f0 hann haf\u00f0i teki\u00f0 ei\u00f0 af \u00cdsraelsm\u00f6nnum og sagt: Sannlega mun Gu\u00f0 vitja y\u00f0ar. Flytji\u00f0 \u00fe\u00e1 bein m\u00edn h\u00e9\u00f0an burt me\u00f0 y\u00f0ur.<a name=\"20\"><span class=\"versanumer\">20<\/span><\/a>\u00deeir t\u00f3ku sig upp fr\u00e1 S\u00fakk\u00f3t og settu b\u00fa\u00f0ir s\u00ednar \u00ed Etam, \u00fear sem ey\u00f0im\u00f6rkina \u00fer\u00fdtur.<a name=\"21\"><span class=\"versanumer\">21<\/span><\/a>Drottinn gekk fyrir \u00feeim \u00e1 daginn \u00ed sk\u00fdst\u00f3lpa til a\u00f0 v\u00edsa \u00feeim veg, en \u00e1 n\u00f3ttunni \u00ed eldst\u00f3lpa til a\u00f0 l\u00fdsa \u00feeim, svo a\u00f0 \u00feeir g\u00e6tu fer\u00f0ast n\u00f3tt sem dag.<a name=\"22\"><span class=\"versanumer\">22<\/span><\/a>Sk\u00fdst\u00f3lpinn v\u00e9k ekki fr\u00e1 f\u00f3lkinu \u00e1 daginn, n\u00e9 heldur eldst\u00f3lpinn \u00e1 n\u00f3ttunni.<\/p>\n<div class=\"footnote1981\"><b>13.1<\/b> Helga m\u00e9r 2M\u00f3s 13.12; 22.28-29; 34.19-20; 4M\u00f3s 3.12-13; 8.16-18; 5M\u00f3s 15.19-20; L\u00fak 2.23; sbr 1M\u00f3s 22<br \/>\n<b>13.3-7<\/b> \u00d3s\u00fdrt brau\u00f0 2M\u00f3s 12.15+<br \/>\n<b>13.3<\/b> \u00der\u00e6lah\u00fasi\u00f0 2M\u00f3s 20.2+<br \/>\n<b>13.8<\/b> Segja 2M\u00f3s 10.2+<br \/>\n<b>13.13<\/b> Frumbur\u00f0ir 4M\u00f3s 18.15<br \/>\n<b>13.19<\/b> Bein J\u00f3sefs 1M\u00f3s 50.25; J\u00f3s 24.32<br \/>\n<b>13.20<\/b> Fr\u00e1 S\u00fakk\u00f3t til Etam 4M\u00f3s 33.6<br \/>\n<b>13.21<\/b> \u00cd sk\u00fdst\u00f3lpa 2M\u00f3s 33.9; 40.36; 4M\u00f3s 9.15; 5M\u00f3s 1.33; 1Kon 8.10; Jes 4.5; 52.12; Slm 78.14; 105.39; Neh 9.12,19; SSal 10.17; 18.3; J\u00f3h 8.12; 10.4;<\/div>\n","protected":false},"excerpt":{"rendered":"<p>1\u00de\u00e1 tala\u00f0i Drottinn vi\u00f0 M\u00f3se og sag\u00f0i:2\u00de\u00fa skalt helga m\u00e9r alla frumbur\u00f0i. Hva\u00f0 eina sem opnar m\u00f3\u00f0url\u00edf me\u00f0al \u00cdsraelsmanna, hvort heldur er menn e\u00f0a f\u00e9na\u00f0ur, \u00fea\u00f0 er mitt.3M\u00f3se sag\u00f0i vi\u00f0 f\u00f3lki\u00f0: Veri\u00f0 minnugir \u00feessa dags, er \u00fe\u00e9r f\u00f3ru\u00f0 burt \u00far Egyptalandi, \u00fat \u00far \u00fer\u00e6lah\u00fasinu, \u00fev\u00ed me\u00f0 voldugri hendi leiddi Drottinn y\u00f0ur \u00fat \u00fea\u00f0an: S\u00fdr\u00f0 brau\u00f0 m\u00e1 eigi eta.4\u00cd dag fari\u00f0 \u00fe\u00e9r af sta\u00f0, \u00ed ab\u00edb-m\u00e1nu\u00f0i.5\u00deegar Drottinn lei\u00f0ir \u00feig inn \u00ed land Kanaan\u00edta, Het\u00edta, Amor\u00edta, Hev\u00edta og Jeb\u00fas\u00edta, sem hann s\u00f3r fe\u00f0rum \u00fe\u00ednum a\u00f0 gefa \u00fe\u00e9r, \u00ed \u00fea\u00f0 land, sem fl\u00fdtur \u00ed mj\u00f3lk og hunangi, \u00fe\u00e1 skaltu halda \u00feennan si\u00f0 \u00ed <a href=\"https:\/\/biblian.is\/1981\/onnur-mosebok-13-kafli\/\"> [&#8230;]<\/a><\/p>\n","protected":false},"author":1,"featured_media":0,"parent":0,"menu_order":0,"comment_status":"open","ping_status":"open","template":"bibliukaflar.php","meta":{"footnotes":""},"class_list":["post-1409","page","type-page","status-publish","hentry"],"_links":{"self":[{"href":"https:\/\/biblian.is\/1981\/wp-json\/wp\/v2\/pages\/1409","targetHints":{"allow":["GET"]}}],"collection":[{"href":"https:\/\/biblian.is\/1981\/wp-json\/wp\/v2\/pages"}],"about":[{"href":"https:\/\/biblian.is\/1981\/wp-json\/wp\/v2\/types\/page"}],"author":[{"embeddable":true,"href":"https:\/\/biblian.is\/1981\/wp-json\/wp\/v2\/users\/1"}],"replies":[{"embeddable":true,"href":"https:\/\/biblian.is\/1981\/wp-json\/wp\/v2\/comments?post=1409"}],"version-history":[{"count":0,"href":"https:\/\/biblian.is\/1981\/wp-json\/wp\/v2\/pages\/1409\/revisions"}],"wp:attachment":[{"href":"https:\/\/biblian.is\/1981\/wp-json\/wp\/v2\/media?parent=1409"}],"curies":[{"name":"wp","href":"https:\/\/api.w.org\/{rel}","templated":true}]}}