{"id":1407,"date":"2017-11-18T20:17:15","date_gmt":"2017-11-18T20:17:15","guid":{"rendered":"http:\/\/biblian.is\/1981\/onnur-mosebok-11-kafli\/"},"modified":"2021-06-06T11:04:11","modified_gmt":"2021-06-06T11:04:11","slug":"onnur-mosebok-11-kafli","status":"publish","type":"page","link":"https:\/\/biblian.is\/1981\/onnur-mosebok-11-kafli\/","title":{"rendered":"\u00d6nnur M\u00f3seb\u00f3k 11. kafli"},"content":{"rendered":"<p><a name=\"1\"><span class=\"versanumer\">1<\/span><\/a>\u00de\u00e1 sag\u00f0i Drottinn vi\u00f0 M\u00f3se: \u00c9g vil enn l\u00e1ta eina pl\u00e1gu koma yfir Fara\u00f3 og Egyptaland. Eftir \u00fea\u00f0 mun hann leyfa y\u00f0ur a\u00f0 fara h\u00e9\u00f0an. \u00deegar hann gefur y\u00f0ur fullt fararleyfi, \u00fe\u00e1 mun hann jafnvel reka y\u00f0ur burt h\u00e9\u00f0an.<a name=\"2\"><span class=\"versanumer\">2<\/span><\/a>Seg n\u00fa \u00ed \u00e1heyrn f\u00f3lksins, a\u00f0 hver ma\u00f0ur skuli bi\u00f0ja granna sinn og hver kona grannkonu s\u00edna um silfurgripi og gullgripi.<a name=\"3\"><span class=\"versanumer\">3<\/span><\/a>Drottinn l\u00e9t f\u00f3lki\u00f0 \u00f6\u00f0last hylli Egypta, enda var M\u00f3se mj\u00f6g mikils virtur ma\u00f0ur \u00ed Egyptalandi, b\u00e6\u00f0i af \u00fej\u00f3num Fara\u00f3s og l\u00fd\u00f0num.<a name=\"4\"><span class=\"versanumer\">4<\/span><\/a>\u00de\u00e1 sag\u00f0i M\u00f3se: Svo segir Drottinn: Um mi\u00f0n\u00e6tti vil \u00e9g ganga mitt \u00ed gegnum Egyptaland,<a name=\"5\"><span class=\"versanumer\">5<\/span><\/a>og \u00fe\u00e1 skulu allir frumbur\u00f0ir \u00ed Egyptalandi deyja, fr\u00e1 frumgetnum syni Fara\u00f3s, sem situr \u00ed h\u00e1s\u00e6ti s\u00ednu, til frumgetnings amb\u00e1ttarinnar, sem stendur vi\u00f0 kv\u00f6rnina, og allir frumbur\u00f0ir f\u00e9na\u00f0arins.<a name=\"6\"><span class=\"versanumer\">6<\/span><\/a>\u00de\u00e1 skal ver\u00f0a svo miki\u00f0 harmakvein um allt Egyptaland, a\u00f0 jafnmiki\u00f0 hefir ekki veri\u00f0 og mun aldrei ver\u00f0a.<a name=\"7\"><span class=\"versanumer\">7<\/span><\/a>En eigi skal svo miki\u00f0 sem rakki gelta a\u00f0 nokkrum \u00cdsraelsmanna, hvorki a\u00f0 m\u00f6nnum n\u00e9 skepnum, svo a\u00f0 \u00fe\u00e9r viti\u00f0, a\u00f0 Drottinn gj\u00f6rir greinarmun \u00e1 \u00cdsraelsm\u00f6nnum og Egyptum.<a name=\"8\"><span class=\"versanumer\">8<\/span><\/a>\u00de\u00e1 skulu allir \u00feessir \u00fej\u00f3nar \u00fe\u00ednir koma til m\u00edn, falla til jar\u00f0ar fyrir m\u00e9r og segja: Far \u00fe\u00fa \u00e1 burt og allt \u00fea\u00f0 f\u00f3lk, sem \u00fe\u00e9r fylgir, og eftir \u00fea\u00f0 mun \u00e9g \u00e1 burt fara. S\u00ed\u00f0an gekk hann \u00fat fr\u00e1 Fara\u00f3 og var hinn rei\u00f0asti.<a name=\"9\"><span class=\"versanumer\">9<\/span><\/a>En Drottinn sag\u00f0i vi\u00f0 M\u00f3se: Fara\u00f3 mun ekki l\u00e1ta a\u00f0 or\u00f0um y\u00f0ar, svo a\u00f0 st\u00f3rmerki m\u00edn ver\u00f0i m\u00f6rg \u00ed Egyptalandi.<a name=\"10\"><span class=\"versanumer\">10<\/span><\/a>En \u00feeir M\u00f3se og Aron gj\u00f6r\u00f0u \u00f6ll \u00feessi st\u00f3rmerki fyrir Fara\u00f3. En Drottinn herti hjarta Fara\u00f3s, og ekki leyf\u00f0i hann \u00cdsraelsm\u00f6nnum a\u00f0 fara burt \u00far landi s\u00ednu.<\/p>\n<div class=\"footnote1981\"><b>11.1<\/b> Reka burt 2M\u00f3s 6.1<br \/>\n<b>11.2<\/b> Silfur- og gullpeningar 2M\u00f3s 3.22+<br \/>\n<b>11.5<\/b> Allir frumbur\u00f0ir &#8230; 2M\u00f3s 12.29+<br \/>\n<b>11.7<\/b> Greinarmunur 2M\u00f3s 8.22+<br \/>\n<b>11.8<\/b> Far bur 2M\u00f3s 8.21+<br \/>\n<b>11.9<\/b> Har\u00f0\u00fa\u00f0 2M\u00f3s 7.3+<\/div>\n","protected":false},"excerpt":{"rendered":"<p>1\u00de\u00e1 sag\u00f0i Drottinn vi\u00f0 M\u00f3se: \u00c9g vil enn l\u00e1ta eina pl\u00e1gu koma yfir Fara\u00f3 og Egyptaland. Eftir \u00fea\u00f0 mun hann leyfa y\u00f0ur a\u00f0 fara h\u00e9\u00f0an. \u00deegar hann gefur y\u00f0ur fullt fararleyfi, \u00fe\u00e1 mun hann jafnvel reka y\u00f0ur burt h\u00e9\u00f0an.2Seg n\u00fa \u00ed \u00e1heyrn f\u00f3lksins, a\u00f0 hver ma\u00f0ur skuli bi\u00f0ja granna sinn og hver kona grannkonu s\u00edna um silfurgripi og gullgripi.3Drottinn l\u00e9t f\u00f3lki\u00f0 \u00f6\u00f0last hylli Egypta, enda var M\u00f3se mj\u00f6g mikils virtur ma\u00f0ur \u00ed Egyptalandi, b\u00e6\u00f0i af \u00fej\u00f3num Fara\u00f3s og l\u00fd\u00f0num.4\u00de\u00e1 sag\u00f0i M\u00f3se: Svo segir Drottinn: Um mi\u00f0n\u00e6tti vil \u00e9g ganga mitt \u00ed gegnum Egyptaland,5og \u00fe\u00e1 skulu allir frumbur\u00f0ir \u00ed Egyptalandi deyja, <a href=\"https:\/\/biblian.is\/1981\/onnur-mosebok-11-kafli\/\"> [&#8230;]<\/a><\/p>\n","protected":false},"author":1,"featured_media":0,"parent":0,"menu_order":0,"comment_status":"open","ping_status":"open","template":"bibliukaflar.php","meta":{"footnotes":""},"class_list":["post-1407","page","type-page","status-publish","hentry"],"_links":{"self":[{"href":"https:\/\/biblian.is\/1981\/wp-json\/wp\/v2\/pages\/1407","targetHints":{"allow":["GET"]}}],"collection":[{"href":"https:\/\/biblian.is\/1981\/wp-json\/wp\/v2\/pages"}],"about":[{"href":"https:\/\/biblian.is\/1981\/wp-json\/wp\/v2\/types\/page"}],"author":[{"embeddable":true,"href":"https:\/\/biblian.is\/1981\/wp-json\/wp\/v2\/users\/1"}],"replies":[{"embeddable":true,"href":"https:\/\/biblian.is\/1981\/wp-json\/wp\/v2\/comments?post=1407"}],"version-history":[{"count":0,"href":"https:\/\/biblian.is\/1981\/wp-json\/wp\/v2\/pages\/1407\/revisions"}],"wp:attachment":[{"href":"https:\/\/biblian.is\/1981\/wp-json\/wp\/v2\/media?parent=1407"}],"curies":[{"name":"wp","href":"https:\/\/api.w.org\/{rel}","templated":true}]}}