{"id":1403,"date":"2017-11-18T20:17:12","date_gmt":"2017-11-18T20:17:12","guid":{"rendered":"http:\/\/biblian.is\/1981\/onnur-mosebok-7-kafli\/"},"modified":"2021-06-06T11:04:22","modified_gmt":"2021-06-06T11:04:22","slug":"onnur-mosebok-7-kafli","status":"publish","type":"page","link":"https:\/\/biblian.is\/1981\/onnur-mosebok-7-kafli\/","title":{"rendered":"\u00d6nnur M\u00f3seb\u00f3k 7. kafli"},"content":{"rendered":"<p><a name=\"1\"><span class=\"versanumer\">1<\/span><\/a>Drottinn sag\u00f0i vi\u00f0 M\u00f3se: Sj\u00e1, \u00e9g gj\u00f6ri \u00feig sem Gu\u00f0 fyrir Fara\u00f3, en Aron br\u00f3\u00f0ir \u00feinn skal vera sp\u00e1ma\u00f0ur \u00feinn.<a name=\"2\"><span class=\"versanumer\">2<\/span><\/a>\u00de\u00fa skalt tala allt sem \u00e9g b\u00fd\u00f0 \u00fe\u00e9r, en Aron br\u00f3\u00f0ir \u00feinn skal flytja vi\u00f0 Fara\u00f3, a\u00f0 hann gefi \u00cdsraelsm\u00f6nnum fararleyfi \u00far landi s\u00ednu.<a name=\"3\"><span class=\"versanumer\">3<\/span><\/a>En \u00e9g vil her\u00f0a hjarta Fara\u00f3s og fremja m\u00f6rg jarteikn og st\u00f3rmerki \u00ed Egyptalandi.<a name=\"4\"><span class=\"versanumer\">4<\/span><\/a>Fara\u00f3 mun ekki skipast vi\u00f0 or\u00f0 ykkar, og skal \u00e9g \u00fe\u00e1 leggja h\u00f6nd m\u00edna \u00e1 Egyptaland og lei\u00f0a hersveitir m\u00ednar, \u00fej\u00f3\u00f0 m\u00edna, \u00cdsraelsmenn me\u00f0 miklum refsid\u00f3mum \u00fat \u00far Egyptalandi.<a name=\"5\"><span class=\"versanumer\">5<\/span><\/a>Skulu Egyptar f\u00e1 a\u00f0 vita, a\u00f0 \u00e9g er Drottinn, \u00feegar \u00e9g r\u00e9tti \u00fat h\u00f6nd m\u00edna yfir Egyptaland og lei\u00f0i \u00cdsraelsmenn burt fr\u00e1 \u00feeim.<a name=\"6\"><span class=\"versanumer\">6<\/span><\/a>M\u00f3se og Aron gj\u00f6r\u00f0u \u00feetta. \u00deeir f\u00f3ru a\u00f0 \u00f6llu svo sem Drottinn haf\u00f0i fyrir \u00fe\u00e1 lagt.<a name=\"7\"><span class=\"versanumer\">7<\/span><\/a>Var M\u00f3se \u00e1ttr\u00e6\u00f0ur, en Aron haf\u00f0i \u00ferj\u00e1 um \u00e1ttr\u00e6tt, er \u00feeir t\u00f6lu\u00f0u vi\u00f0 Fara\u00f3.<a name=\"8\"><span class=\"versanumer\">8<\/span><\/a>Drottinn tala\u00f0i vi\u00f0 \u00fe\u00e1 M\u00f3se og Aron og sag\u00f0i:<a name=\"9\"><span class=\"versanumer\">9<\/span><\/a>\u00deegar Fara\u00f3 segir vi\u00f0 ykkur: L\u00e1ti\u00f0 sj\u00e1 st\u00f3rmerki nokkur, \u00fe\u00e1 seg \u00fe\u00fa vi\u00f0 Aron: Tak staf \u00feinn og kasta honum frammi fyrir Fara\u00f3. Skal hann \u00fe\u00e1 ver\u00f0a a\u00f0 h\u00f6ggormi.<a name=\"10\"><span class=\"versanumer\">10<\/span><\/a>\u00de\u00e1 gengu \u00feeir M\u00f3se og Aron inn fyrir Fara\u00f3 og gj\u00f6r\u00f0u svo sem Drottinn haf\u00f0i bo\u00f0i\u00f0 \u00feeim, og kasta\u00f0i Aron staf s\u00ednum frammi fyrir Fara\u00f3 og \u00fej\u00f3num hans, og var\u00f0 stafurinn a\u00f0 h\u00f6ggormi.<a name=\"11\"><span class=\"versanumer\">11<\/span><\/a>\u00de\u00e1 l\u00e9t Fara\u00f3 og kalla vitringana og t\u00f6framennina, og \u00feeir, sp\u00e1sagnamenn Egypta, gj\u00f6r\u00f0u sl\u00edkt hi\u00f0 sama me\u00f0 fj\u00f6lkynngi sinni:<a name=\"12\"><span class=\"versanumer\">12<\/span><\/a>Kasta\u00f0i hver \u00feeirra staf s\u00ednum, og ur\u00f0u stafirnir a\u00f0 h\u00f6ggormum. En stafur Arons gleypti \u00feeirra stafi.<a name=\"13\"><span class=\"versanumer\">13<\/span><\/a>En hjarta Fara\u00f3s har\u00f0na\u00f0i, og hann hl\u00fdddi \u00feeim ekki, eins og Drottinn haf\u00f0i sagt.<a name=\"14\"><span class=\"versanumer\">14<\/span><\/a>\u00de\u00e1 sag\u00f0i Drottinn vi\u00f0 M\u00f3se: Hjarta Fara\u00f3s er \u00f3sveigjanlegt. Hann vill eigi leyfa f\u00f3lkinu a\u00f0 fara.<a name=\"15\"><span class=\"versanumer\">15<\/span><\/a>Far \u00fe\u00fa \u00e1 morgun \u00e1 fund Fara\u00f3s. Sj\u00e1, hann mun ganga til vatns. Skalt \u00fe\u00fa \u00fe\u00e1 ganga \u00ed veg fyrir hann \u00e1 \u00e1rbakkanum, og haf \u00ed hendi \u00fe\u00e9r staf \u00feann, er var\u00f0 a\u00f0 h\u00f6ggormi.<a name=\"16\"><span class=\"versanumer\">16<\/span><\/a>Og \u00fe\u00fa skalt segja vi\u00f0 hann: Drottinn, Gu\u00f0 Hebrea, hefir sent mig til \u00fe\u00edn me\u00f0 \u00feessa or\u00f0sending: Leyf f\u00f3lki m\u00ednu a\u00f0 fara, a\u00f0 \u00fea\u00f0 megi \u00fej\u00f3na m\u00e9r \u00e1 ey\u00f0im\u00f6rkinni. En hinga\u00f0 til hefir \u00fe\u00fa ekki l\u00e1ti\u00f0 skipast.<a name=\"17\"><span class=\"versanumer\">17<\/span><\/a>Svo segir Drottinn: Af \u00feessu skaltu vita mega, a\u00f0 \u00e9g er Drottinn: Me\u00f0 staf \u00feeim, sem \u00e9g hefi \u00ed hendi m\u00e9r, l\u00fdst \u00e9g \u00e1 vatni\u00f0, sem er \u00ed \u00e1nni, og skal \u00fea\u00f0 \u00fe\u00e1 ver\u00f0a a\u00f0 bl\u00f3\u00f0i.<a name=\"18\"><span class=\"versanumer\">18<\/span><\/a>Fiskarnir \u00ed \u00e1nni skulu deyja og \u00e1in f\u00falna, svo a\u00f0 Egypta skal velgja vi\u00f0 a\u00f0 drekka vatn \u00far \u00e1nni.<a name=\"19\"><span class=\"versanumer\">19<\/span><\/a>\u00de\u00e1 m\u00e6lti Drottinn vi\u00f0 M\u00f3se: Seg vi\u00f0 Aron: Tak staf \u00feinn og r\u00e9tt h\u00f6nd \u00fe\u00edna \u00fat yfir v\u00f6tn Egyptalands, yfir flj\u00f3t \u00feess og \u00e1r, tjarnir og allar vatnsst\u00e6\u00f0ur, og skulu \u00feau \u00fe\u00e1 ver\u00f0a a\u00f0 bl\u00f3\u00f0i, og um allt Egyptaland skal bl\u00f3\u00f0 vera b\u00e6\u00f0i \u00ed tr\u00e9\u00edl\u00e1tum og steinkerum.<a name=\"20\"><span class=\"versanumer\">20<\/span><\/a>M\u00f3se og Aron gj\u00f6r\u00f0u sem Drottinn haf\u00f0i bo\u00f0i\u00f0 \u00feeim. Hann reiddi upp stafinn og laust vatni\u00f0 \u00ed \u00e1nni a\u00f0 \u00e1sj\u00e1andi Fara\u00f3 og \u00fej\u00f3num hans, og allt vatni\u00f0 \u00ed \u00e1nni var\u00f0 a\u00f0 bl\u00f3\u00f0i.<a name=\"21\"><span class=\"versanumer\">21<\/span><\/a>Fiskarnir \u00ed \u00e1nni d\u00f3u, og \u00e1in f\u00falna\u00f0i, svo a\u00f0 Egyptar g\u00e1tu ekki drukki\u00f0 vatn \u00far \u00e1nni, og bl\u00f3\u00f0 var um allt Egyptaland.<a name=\"22\"><span class=\"versanumer\">22<\/span><\/a>En sp\u00e1sagnamenn Egypta gj\u00f6r\u00f0u sl\u00edkt hi\u00f0 sama me\u00f0 fj\u00f6lkynngi sinni. Har\u00f0na\u00f0i \u00fe\u00e1 hjarta Fara\u00f3s, og hann hl\u00fdddi \u00feeim ekki, eins og Drottinn haf\u00f0i sagt.<a name=\"23\"><span class=\"versanumer\">23<\/span><\/a>Sneri Fara\u00f3 \u00fe\u00e1 burt og f\u00f3r heim til s\u00edn og l\u00e9t \u00feetta ekki heldur \u00e1 sig f\u00e1.<a name=\"24\"><span class=\"versanumer\">24<\/span><\/a>En allir Egyptar gr\u00f3fu me\u00f0 fram \u00e1nni eftir neysluvatni, \u00fev\u00ed a\u00f0 \u00feeir g\u00e1tu eigi drukki\u00f0 vatni\u00f0 \u00far \u00e1nni.<a name=\"25\"><span class=\"versanumer\">25<\/span><\/a>Li\u00f0u svo sj\u00f6 dagar eftir \u00fea\u00f0, a\u00f0 Drottinn haf\u00f0i losti\u00f0 \u00e1na.<\/p>\n<div class=\"footnote1981\"><b>7.1<\/b> Aron, sp\u00e1ma\u00f0ur \u00feinn 2M\u00f3s 4.14-16<br \/>\n<b>7.3<\/b> Har\u00fa\u00f0 Fara\u00f3s 2M\u00f3s 4.21; 7.13,14,22; 8.11,15; 9.7,12,34-35; 10.1,20,27; 11.9; 14.4,17 \u2013 t\u00e1kn og st\u00f3rmerki Slm 135.9; Post 7.36<br \/>\n<b>7.9<\/b> Stafur, eiturslanga 2M\u00f3s 4.2<br \/>\n<b>7.11<\/b> Sp\u00e1prestar 2T\u00edm 3.8<br \/>\n<b>7.14<\/b> Vatn ver\u00f0ur a\u00f0 bl\u00f3\u00f0i 2M\u00f3s 4.9; Slm 78.44; 105.29; SSal 11.6-8; Opb 8.8; 16.3-7<\/div>\n","protected":false},"excerpt":{"rendered":"<p>1Drottinn sag\u00f0i vi\u00f0 M\u00f3se: Sj\u00e1, \u00e9g gj\u00f6ri \u00feig sem Gu\u00f0 fyrir Fara\u00f3, en Aron br\u00f3\u00f0ir \u00feinn skal vera sp\u00e1ma\u00f0ur \u00feinn.2\u00de\u00fa skalt tala allt sem \u00e9g b\u00fd\u00f0 \u00fe\u00e9r, en Aron br\u00f3\u00f0ir \u00feinn skal flytja vi\u00f0 Fara\u00f3, a\u00f0 hann gefi \u00cdsraelsm\u00f6nnum fararleyfi \u00far landi s\u00ednu.3En \u00e9g vil her\u00f0a hjarta Fara\u00f3s og fremja m\u00f6rg jarteikn og st\u00f3rmerki \u00ed Egyptalandi.4Fara\u00f3 mun ekki skipast vi\u00f0 or\u00f0 ykkar, og skal \u00e9g \u00fe\u00e1 leggja h\u00f6nd m\u00edna \u00e1 Egyptaland og lei\u00f0a hersveitir m\u00ednar, \u00fej\u00f3\u00f0 m\u00edna, \u00cdsraelsmenn me\u00f0 miklum refsid\u00f3mum \u00fat \u00far Egyptalandi.5Skulu Egyptar f\u00e1 a\u00f0 vita, a\u00f0 \u00e9g er Drottinn, \u00feegar \u00e9g r\u00e9tti \u00fat h\u00f6nd m\u00edna yfir Egyptaland <a href=\"https:\/\/biblian.is\/1981\/onnur-mosebok-7-kafli\/\"> [&#8230;]<\/a><\/p>\n","protected":false},"author":1,"featured_media":0,"parent":0,"menu_order":0,"comment_status":"open","ping_status":"open","template":"bibliukaflar.php","meta":{"footnotes":""},"class_list":["post-1403","page","type-page","status-publish","hentry"],"_links":{"self":[{"href":"https:\/\/biblian.is\/1981\/wp-json\/wp\/v2\/pages\/1403","targetHints":{"allow":["GET"]}}],"collection":[{"href":"https:\/\/biblian.is\/1981\/wp-json\/wp\/v2\/pages"}],"about":[{"href":"https:\/\/biblian.is\/1981\/wp-json\/wp\/v2\/types\/page"}],"author":[{"embeddable":true,"href":"https:\/\/biblian.is\/1981\/wp-json\/wp\/v2\/users\/1"}],"replies":[{"embeddable":true,"href":"https:\/\/biblian.is\/1981\/wp-json\/wp\/v2\/comments?post=1403"}],"version-history":[{"count":0,"href":"https:\/\/biblian.is\/1981\/wp-json\/wp\/v2\/pages\/1403\/revisions"}],"wp:attachment":[{"href":"https:\/\/biblian.is\/1981\/wp-json\/wp\/v2\/media?parent=1403"}],"curies":[{"name":"wp","href":"https:\/\/api.w.org\/{rel}","templated":true}]}}