{"id":1400,"date":"2017-11-18T20:17:12","date_gmt":"2017-11-18T20:17:12","guid":{"rendered":"http:\/\/biblian.is\/1981\/onnur-mosebok-4-kafli\/"},"modified":"2021-06-06T11:04:21","modified_gmt":"2021-06-06T11:04:21","slug":"onnur-mosebok-4-kafli","status":"publish","type":"page","link":"https:\/\/biblian.is\/1981\/onnur-mosebok-4-kafli\/","title":{"rendered":"\u00d6nnur M\u00f3seb\u00f3k 4. kafli"},"content":{"rendered":"<p><a name=\"1\"><span class=\"versanumer\">1<\/span><\/a>M\u00f3se svara\u00f0i og sag\u00f0i: Sj\u00e1, \u00feeir munu eigi tr\u00faa m\u00e9r og eigi skipast vi\u00f0 or\u00f0 m\u00edn, heldur segja: Gu\u00f0 hefir ekki birst \u00fe\u00e9r!<a name=\"2\"><span class=\"versanumer\">2<\/span><\/a>\u00de\u00e1 sag\u00f0i Drottinn vi\u00f0 hann: Hva\u00f0 er \u00fea\u00f0, sem \u00fe\u00fa hefir \u00ed hendi \u00fe\u00e9r? Hann svara\u00f0i: Stafur er \u00fea\u00f0.<a name=\"3\"><span class=\"versanumer\">3<\/span><\/a>Hann sag\u00f0i: Kasta \u00fe\u00fa honum til jar\u00f0ar! Og hann kasta\u00f0i honum til jar\u00f0ar, og stafurinn var\u00f0 a\u00f0 h\u00f6ggormi, og hr\u00f6kk M\u00f3se undan honum.<a name=\"4\"><span class=\"versanumer\">4<\/span><\/a>\u00de\u00e1 sag\u00f0i Drottinn vi\u00f0 M\u00f3se: R\u00e9tt \u00fe\u00fa \u00fat h\u00f6nd \u00fe\u00edna og gr\u00edp um ormshalann! \u00de\u00e1 r\u00e9tti hann \u00fat h\u00f6nd s\u00edna og t\u00f3k um hann, og var\u00f0 hann \u00fe\u00e1 aftur a\u00f0 staf \u00ed hendi hans,<a name=\"5\"><span class=\"versanumer\">5<\/span><\/a>a\u00f0 \u00feeir megi tr\u00faa \u00fev\u00ed, a\u00f0 Drottinn, Gu\u00f0 fe\u00f0ra \u00feeirra, Gu\u00f0 Abrahams, Gu\u00f0 \u00cdsaks og Gu\u00f0 Jakobs, hafi birst \u00fe\u00e9r.<a name=\"6\"><span class=\"versanumer\">6<\/span><\/a>Drottinn sag\u00f0i enn fremur vi\u00f0 hann: Sting hendi \u00feinni \u00ed barm \u00fe\u00e9r! Og hann stakk hendi sinni \u00ed barm s\u00e9r. En er hann t\u00f3k hana \u00fat aftur, var h\u00f6ndin or\u00f0in l\u00edk\u00fer\u00e1 og hv\u00edt sem snj\u00f3r.<a name=\"7\"><span class=\"versanumer\">7<\/span><\/a>Og hann sag\u00f0i: Sting aftur hendi \u00feinni \u00ed barm \u00fe\u00e9r! Og hann stakk hendinni aftur \u00ed barm s\u00e9r. En er hann t\u00f3k hana aftur \u00fat \u00far barminum, var h\u00fan aftur or\u00f0in sem anna\u00f0 hold hans.<a name=\"8\"><span class=\"versanumer\">8<\/span><\/a>Vilji \u00feeir n\u00fa ekki tr\u00faa \u00fe\u00e9r e\u00f0a skipast vi\u00f0 hi\u00f0 fyrra jarteikni\u00f0, \u00fe\u00e1 munu \u00feeir skipast vi\u00f0 hi\u00f0 s\u00ed\u00f0ara.<a name=\"9\"><span class=\"versanumer\">9<\/span><\/a>En ef \u00feeir vilja hvorugu \u00feessu jarteikni tr\u00faa e\u00f0a skipast l\u00e1ta vi\u00f0 or\u00f0 \u00fe\u00edn, \u00fe\u00e1 skalt \u00fe\u00fa taka vatn \u00far \u00e1nni og ausa \u00fev\u00ed upp \u00e1 \u00feurrt land, og mun \u00fe\u00e1 \u00fea\u00f0 vatn er \u00fe\u00fa tekur \u00far \u00e1nni ver\u00f0a a\u00f0 bl\u00f3\u00f0i \u00e1 \u00feurrlendinu.<a name=\"10\"><span class=\"versanumer\">10<\/span><\/a>\u00de\u00e1 sag\u00f0i M\u00f3se vi\u00f0 Drottin: \u00c6, Drottinn, aldrei hefi \u00e9g m\u00e1lsnjall ma\u00f0ur veri\u00f0, hvorki \u00e1\u00f0ur fyrr n\u00e9 heldur s\u00ed\u00f0an \u00fe\u00fa tala\u00f0ir vi\u00f0 \u00fej\u00f3n \u00feinn, \u00fev\u00ed a\u00f0 m\u00e9r er tregt um m\u00e1lf\u00e6ri og tungutak.<a name=\"11\"><span class=\"versanumer\">11<\/span><\/a>En Drottinn sag\u00f0i vi\u00f0 hann: Hver gefur manninum m\u00e1li\u00f0, e\u00f0a hver gj\u00f6rir hann m\u00e1llausan e\u00f0a daufan e\u00f0a skyggnan e\u00f0a blindan? Er \u00fea\u00f0 ekki \u00e9g, Drottinn, sem gj\u00f6ri \u00fea\u00f0?<a name=\"12\"><span class=\"versanumer\">12<\/span><\/a>Far n\u00fa, \u00e9g skal vera me\u00f0 munni \u00fe\u00ednum og kenna \u00fe\u00e9r, hva\u00f0 \u00fe\u00fa skalt m\u00e6la.<a name=\"13\"><span class=\"versanumer\">13<\/span><\/a>En hann svara\u00f0i: \u00c6, Drottinn, send \u00fe\u00fa einhvern annan.<a name=\"14\"><span class=\"versanumer\">14<\/span><\/a>\u00de\u00e1 reiddist Drottinn M\u00f3se og sag\u00f0i: \u00de\u00e1 er Aron br\u00f3\u00f0ir \u00feinn, lev\u00edtinn! \u00c9g veit a\u00f0 hann er vel m\u00e1li farinn. Og meira a\u00f0 segja, sj\u00e1, hann fer til m\u00f3ts vi\u00f0 \u00feig, og \u00fe\u00e1 er hann s\u00e9r \u00feig, mun hann fagna \u00ed hjarta s\u00ednu.<a name=\"15\"><span class=\"versanumer\">15<\/span><\/a>\u00de\u00fa skalt tala til hans og leggja honum or\u00f0in \u00ed munn, en \u00e9g mun vera me\u00f0 munni \u00fe\u00ednum og munni hans og kenna ykkur, hva\u00f0 \u00fei\u00f0 skulu\u00f0 gj\u00f6ra.<a name=\"16\"><span class=\"versanumer\">16<\/span><\/a>Hann skal tala fyrir \u00feig til l\u00fd\u00f0sins, og hann skal vera \u00fe\u00e9r sem munnur, en \u00fe\u00fa skalt vera honum sem Gu\u00f0.<a name=\"17\"><span class=\"versanumer\">17<\/span><\/a>Staf \u00feennan skalt \u00fe\u00fa hafa \u00ed hendi \u00fe\u00e9r. Me\u00f0 honum skalt \u00fe\u00fa jarteiknin gj\u00f6ra.<a name=\"18\"><span class=\"versanumer\">18<\/span><\/a>S\u00ed\u00f0an f\u00f3r M\u00f3se heim aftur til Jetr\u00f3 tengdaf\u00f6\u00f0ur s\u00edns og m\u00e6lti til hans: Leyf m\u00e9r a\u00f0 fara og hverfa aftur til \u00e6ttbr\u00e6\u00f0ra minna, sem \u00e1 Egyptalandi eru, svo a\u00f0 \u00e9g viti, hvort \u00feeir eru enn \u00e1 l\u00edfi. Og Jetr\u00f3 sag\u00f0i vi\u00f0 M\u00f3se: Far \u00fe\u00fa \u00ed fri\u00f0i!<a name=\"19\"><span class=\"versanumer\">19<\/span><\/a>Drottinn sag\u00f0i vi\u00f0 M\u00f3se \u00ed Mid\u00edanslandi: Far \u00fe\u00fa og hverf aftur til Egyptalands, \u00fev\u00ed a\u00f0 \u00feeir eru allir dau\u00f0ir, sem leitu\u00f0u eftir l\u00edfi \u00fe\u00ednu.<a name=\"20\"><span class=\"versanumer\">20<\/span><\/a>\u00de\u00e1 t\u00f3k M\u00f3se konu s\u00edna og sonu, setti \u00feau upp \u00e1 asna og f\u00f3r aftur til Egyptalands. Og M\u00f3se t\u00f3k Gu\u00f0s staf \u00ed h\u00f6nd s\u00e9r.<a name=\"21\"><span class=\"versanumer\">21<\/span><\/a>Drottinn sag\u00f0i vi\u00f0 M\u00f3se: Sj\u00e1 svo til, \u00fe\u00e1 er \u00fe\u00fa kemur aftur \u00ed Egyptaland, a\u00f0 \u00fe\u00fa fremjir \u00f6ll \u00feau undur fyrir Fara\u00f3, sem \u00e9g hefi gefi\u00f0 \u00fe\u00e9r vald til. En \u00e9g mun her\u00f0a hjarta hans, svo a\u00f0 hann mun eigi leyfa f\u00f3lkinu a\u00f0 fara.<a name=\"22\"><span class=\"versanumer\">22<\/span><\/a>En \u00fe\u00fa skalt segja vi\u00f0 Fara\u00f3: Svo segir Drottinn: \u00cdsraelsl\u00fd\u00f0ur er minn frumgetinn sonur.<a name=\"23\"><span class=\"versanumer\">23<\/span><\/a>\u00c9g segi \u00fe\u00e9r: L\u00e1t son minn fara, a\u00f0 hann megi \u00fej\u00f3na m\u00e9r. En viljir \u00fe\u00fa hann eigi lausan l\u00e1ta, sj\u00e1, \u00fe\u00e1 skal \u00e9g dey\u00f0a frumgetinn son \u00feinn.<a name=\"24\"><span class=\"versanumer\">24<\/span><\/a>\u00c1 lei\u00f0inni bar svo vi\u00f0 \u00ed gistingarsta\u00f0 einum, a\u00f0 Drottinn r\u00e9\u00f0st \u00ed m\u00f3ti honum og vildi dey\u00f0a hann.<a name=\"25\"><span class=\"versanumer\">25<\/span><\/a>\u00de\u00e1 t\u00f3k Sipp\u00f3ra hvassan stein og afsnei\u00f0 yfirh\u00fa\u00f0 sonar s\u00edns og snerti f\u00e6tur hans og sag\u00f0i: \u00de\u00fa ert sannlega minn bl\u00f3\u00f0br\u00fa\u00f0gumi!<a name=\"26\"><span class=\"versanumer\">26<\/span><\/a>\u00de\u00e1 sleppti hann honum. En bl\u00f3\u00f0br\u00fa\u00f0gumi sag\u00f0i h\u00fan vegna umskurnarinnar.<a name=\"27\"><span class=\"versanumer\">27<\/span><\/a>Drottinn sag\u00f0i vi\u00f0 Aron: Far \u00fe\u00fa \u00fat \u00ed ey\u00f0im\u00f6rkina til m\u00f3ts vi\u00f0 M\u00f3se. Og hann f\u00f3r og m\u00e6tti honum \u00e1 Gu\u00f0s fjalli og minntist vi\u00f0 hann.<a name=\"28\"><span class=\"versanumer\">28<\/span><\/a>Sag\u00f0i M\u00f3se \u00fe\u00e1 Aroni \u00f6ll or\u00f0 Drottins, er hann haf\u00f0i fyrir hann lagt, og \u00f6ll \u00feau jarteikn, sem hann haf\u00f0i bo\u00f0i\u00f0 honum a\u00f0 gj\u00f6ra.<a name=\"29\"><span class=\"versanumer\">29<\/span><\/a>\u00deeir M\u00f3se og Aron f\u00f3ru n\u00fa og stefndu saman \u00f6llum \u00f6ldungum \u00cdsraelsmanna,<a name=\"30\"><span class=\"versanumer\">30<\/span><\/a>og flutti Aron \u00f6ll \u00feau or\u00f0, er Drottinn haf\u00f0i m\u00e6lt vi\u00f0 M\u00f3se, og hann gj\u00f6r\u00f0i t\u00e1knin \u00ed augs\u00fdn f\u00f3lksins.<a name=\"31\"><span class=\"versanumer\">31<\/span><\/a>Og f\u00f3lki\u00f0 tr\u00fa\u00f0i. Og er \u00feeir heyr\u00f0u, a\u00f0 Drottinn haf\u00f0i vitja\u00f0 \u00cdsraelsmanna og liti\u00f0 \u00e1 eymd \u00feeirra, f\u00e9llu \u00feeir fram og tilb\u00e1\u00f0u.<\/p>\n<div class=\"footnote1981\"><b>4.1<\/b> \u00deeir tr\u00faa ekki 2M\u00f3s 4.31; 14.31; 19.9; Matt 13.58<br \/>\n<b>4.2<\/b> Stafur, eiturslanga 2M\u00f3s 7.8-13<br \/>\n<b>4.6<\/b> Holdsveiki 3M\u00f3s 13.2+<br \/>\n<b>4.9<\/b> Vatn ver\u00f0ur a\u00f0 bl\u00f3\u00f0i 2M\u00f3s 7.14-25+ ; sbr 2Kon 3.22; Jes 15.9; J\u00f3h 2.1-12<br \/>\n<b>4.10<\/b> Ekki m\u00e1lsnjall 2M\u00f3s 6.12,30; Jer 1.6-10<br \/>\n<b>4.12<\/b> Me\u00f0 munni \u00fe\u00ednum 5M\u00f3s 18.18; Matt 10.19-20 og hlst. ; J\u00f3h 3.31-34; 8.26<br \/>\n<b>4.19<\/b> D\u00e1nir Matt 2.20<br \/>\n<b>4.22<\/b> \u00cdsrael, sonur Gu\u00f0s 5M\u00f3s 1.31; 14.1; 32.6; H\u00f3s 11.1<br \/>\n<b>4.23<\/b> Drepa frumbur\u00f0 2M\u00f3s 12.29+<br \/>\n<b>4.24<\/b> Drottinn r\u00e9\u00f0st \u00e1 hann 1M\u00f3s 32.22-32<br \/>\n<b>4.25<\/b> Umskurn J\u00f3s 5.2-3<br \/>\n<b>4.27<\/b> Fjall Gu\u00f0s 2M\u00f3s 3.1+<br \/>\n<b>4.29<\/b> M\u00f3t \u00f6ldunga 2M\u00f3s 3.16<br \/>\n<b>4.31<\/b> F\u00f3lki\u00f0 tr\u00fa\u00f0i sbr 2M\u00f3s 4.1+<\/div>\n","protected":false},"excerpt":{"rendered":"<p>1M\u00f3se svara\u00f0i og sag\u00f0i: Sj\u00e1, \u00feeir munu eigi tr\u00faa m\u00e9r og eigi skipast vi\u00f0 or\u00f0 m\u00edn, heldur segja: Gu\u00f0 hefir ekki birst \u00fe\u00e9r!2\u00de\u00e1 sag\u00f0i Drottinn vi\u00f0 hann: Hva\u00f0 er \u00fea\u00f0, sem \u00fe\u00fa hefir \u00ed hendi \u00fe\u00e9r? Hann svara\u00f0i: Stafur er \u00fea\u00f0.3Hann sag\u00f0i: Kasta \u00fe\u00fa honum til jar\u00f0ar! Og hann kasta\u00f0i honum til jar\u00f0ar, og stafurinn var\u00f0 a\u00f0 h\u00f6ggormi, og hr\u00f6kk M\u00f3se undan honum.4\u00de\u00e1 sag\u00f0i Drottinn vi\u00f0 M\u00f3se: R\u00e9tt \u00fe\u00fa \u00fat h\u00f6nd \u00fe\u00edna og gr\u00edp um ormshalann! \u00de\u00e1 r\u00e9tti hann \u00fat h\u00f6nd s\u00edna og t\u00f3k um hann, og var\u00f0 hann \u00fe\u00e1 aftur a\u00f0 staf \u00ed hendi hans,5a\u00f0 \u00feeir megi tr\u00faa \u00fev\u00ed, <a href=\"https:\/\/biblian.is\/1981\/onnur-mosebok-4-kafli\/\"> [&#8230;]<\/a><\/p>\n","protected":false},"author":1,"featured_media":0,"parent":0,"menu_order":0,"comment_status":"open","ping_status":"open","template":"bibliukaflar.php","meta":{"footnotes":""},"class_list":["post-1400","page","type-page","status-publish","hentry"],"_links":{"self":[{"href":"https:\/\/biblian.is\/1981\/wp-json\/wp\/v2\/pages\/1400","targetHints":{"allow":["GET"]}}],"collection":[{"href":"https:\/\/biblian.is\/1981\/wp-json\/wp\/v2\/pages"}],"about":[{"href":"https:\/\/biblian.is\/1981\/wp-json\/wp\/v2\/types\/page"}],"author":[{"embeddable":true,"href":"https:\/\/biblian.is\/1981\/wp-json\/wp\/v2\/users\/1"}],"replies":[{"embeddable":true,"href":"https:\/\/biblian.is\/1981\/wp-json\/wp\/v2\/comments?post=1400"}],"version-history":[{"count":0,"href":"https:\/\/biblian.is\/1981\/wp-json\/wp\/v2\/pages\/1400\/revisions"}],"wp:attachment":[{"href":"https:\/\/biblian.is\/1981\/wp-json\/wp\/v2\/media?parent=1400"}],"curies":[{"name":"wp","href":"https:\/\/api.w.org\/{rel}","templated":true}]}}